{"id":37917,"date":"2020-09-27T11:10:07","date_gmt":"2020-09-27T14:10:07","guid":{"rendered":"https:\/\/alacip.org\/?post_type=todasponencias&#038;p=37917"},"modified":"2020-10-05T09:00:57","modified_gmt":"2020-10-05T12:00:57","slug":"a-agenda-do-brasil-para-a-ilha-das-guianas-integracao-fisica","status":"publish","type":"todasponencias","link":"https:\/\/alacip.org\/?todasponencias=a-agenda-do-brasil-para-a-ilha-das-guianas-integracao-fisica","title":{"rendered":"A agenda do Brasil para a Ilha das Guianas: integra\u00e7\u00e3o f\u00edsica, coopera\u00e7\u00e3o e novos aspectos do regionalismo no norte da Am\u00e9rica do Sul"},"content":{"rendered":"\n<p>A Ilha das Guianas \u00e9 a maior ilha mar\u00edtimo-fluvial do mundo e corresponde aos territ\u00f3rios da Guiana, Suriname, Guiana Francesa, dos estados de Roraima, Amap\u00e1 e a calha norte de Par\u00e1 e Amazonas, no Brasil, e os estados de Amazonas, Bol\u00edvar e Delta Amacuro, na Venezuela.<\/p>\n\n\n\n<!--more-->\n\n\n\n<div style=\"text-align:center\" class=\"wp-block-atomic-blocks-ab-button ab-block-button\"><a href=\"https:\/\/alacip.org\/cong15\/int-barros8c.pdf\" class=\"ab-button ab-button-shape-circular ab-button-size-medium\" style=\"color:#ffffff;background-color:#3373dc\">Descargar Archivo<\/a><\/div>\n\n\n\n<p><\/p>\n","protected":false},"featured_media":0,"template":"","meta":{"_genesis_hide_title":false,"_genesis_hide_breadcrumbs":false,"_genesis_hide_singular_image":false,"_genesis_hide_footer_widgets":false,"_genesis_custom_body_class":"","_genesis_custom_post_class":"","_genesis_layout":""},"filtro":[102],"anocongresso":[778],"conginstituicion":[254,339],"areatema":[160],"class_list":{"0":"post-37917","1":"todasponencias","2":"type-todasponencias","3":"status-publish","5":"filtro-brasil","6":"anocongresso-778","7":"conginstituicion-puc-sp","8":"conginstituicion-uniufrj","9":"areatema-relaciones-internacionales","10":"entry"},"_links":{"self":[{"href":"https:\/\/alacip.org\/index.php?rest_route=\/wp\/v2\/todasponencias\/37917","targetHints":{"allow":["GET"]}}],"collection":[{"href":"https:\/\/alacip.org\/index.php?rest_route=\/wp\/v2\/todasponencias"}],"about":[{"href":"https:\/\/alacip.org\/index.php?rest_route=\/wp\/v2\/types\/todasponencias"}],"wp:attachment":[{"href":"https:\/\/alacip.org\/index.php?rest_route=%2Fwp%2Fv2%2Fmedia&parent=37917"}],"wp:term":[{"taxonomy":"filtro","embeddable":true,"href":"https:\/\/alacip.org\/index.php?rest_route=%2Fwp%2Fv2%2Ffiltro&post=37917"},{"taxonomy":"anocongresso","embeddable":true,"href":"https:\/\/alacip.org\/index.php?rest_route=%2Fwp%2Fv2%2Fanocongresso&post=37917"},{"taxonomy":"conginstituicion","embeddable":true,"href":"https:\/\/alacip.org\/index.php?rest_route=%2Fwp%2Fv2%2Fconginstituicion&post=37917"},{"taxonomy":"areatema","embeddable":true,"href":"https:\/\/alacip.org\/index.php?rest_route=%2Fwp%2Fv2%2Fareatema&post=37917"}],"curies":[{"name":"wp","href":"https:\/\/api.w.org\/{rel}","templated":true}]}}

A agenda do Brasil para a Ilha das Guianas: integração física, cooperação e novos aspectos do regionalismo no norte da América do Sul

<p>A Ilha das Guianas é a maior ilha marítimo-fluvial do mundo e corresponde aos territórios da Guiana, Suriname, Guiana Francesa, dos estados de Roraima, Amapá e a calha norte de Pará e Amazonas, no Brasil, e os estados de Amazonas, Bolívar e Delta Amacuro, na Venezuela.</p>



<!--more-->



<div style="text-align:center" class="wp-block-atomic-blocks-ab-button ab-block-button"><a href="https://alacip.org/cong15/int-barros8c.pdf" class="ab-button ab-button-shape-circular ab-button-size-medium" style="color:#ffffff;background-color:#3373dc">Descargar Archivo</a></div>



<p></p>
