{"id":37923,"date":"2020-09-27T12:40:18","date_gmt":"2020-09-27T15:40:18","guid":{"rendered":"https:\/\/alacip.org\/?post_type=todasponencias&#038;p=37923"},"modified":"2020-10-05T09:00:35","modified_gmt":"2020-10-05T12:00:35","slug":"reconocimiento-constitucional-para-poblaciones-afrodescendientes","status":"publish","type":"todasponencias","link":"https:\/\/alacip.org\/?todasponencias=reconocimiento-constitucional-para-poblaciones-afrodescendientes","title":{"rendered":"Reconocimiento Constitucional para poblaciones afrodescendientes en la regi\u00f3n andina: cambio constitucional y movilizaci\u00f3n social"},"content":{"rendered":"\n<p>Desde los a\u00f1os noventa lospa\u00edses de la regi\u00f3n andina han escrito constituciones que garantizan derechos para grupos \u00e9tnicos hist\u00f3ricamente excluidos. Sin embargo, s\u00f3lo algunos pa\u00edses reconocieron derechos para poblaciones afrodescendientes.<\/p>\n\n\n\n<div style=\"text-align:center\" class=\"wp-block-atomic-blocks-ab-button ab-block-button\"><a href=\"https:\/\/alacip.org\/cong15\/pra-pineda8c.pdf\" class=\"ab-button ab-button-shape-circular ab-button-size-medium\" style=\"color:#ffffff;background-color:#3373dc\">Descargar Archivo<\/a><\/div>\n\n\n\n<p><\/p>\n","protected":false},"featured_media":0,"template":"","meta":{"_genesis_hide_title":false,"_genesis_hide_breadcrumbs":false,"_genesis_hide_singular_image":false,"_genesis_hide_footer_widgets":false,"_genesis_custom_body_class":"","_genesis_custom_post_class":"","_genesis_layout":""},"filtro":[109],"anocongresso":[778],"conginstituicion":[271],"areatema":[161],"class_list":{"0":"post-37923","1":"todasponencias","2":"type-todasponencias","3":"status-publish","5":"filtro-colombia","6":"anocongresso-778","7":"conginstituicion-universidad-de-los-andes","8":"areatema-participacion-representacion","9":"entry"},"_links":{"self":[{"href":"https:\/\/alacip.org\/index.php?rest_route=\/wp\/v2\/todasponencias\/37923","targetHints":{"allow":["GET"]}}],"collection":[{"href":"https:\/\/alacip.org\/index.php?rest_route=\/wp\/v2\/todasponencias"}],"about":[{"href":"https:\/\/alacip.org\/index.php?rest_route=\/wp\/v2\/types\/todasponencias"}],"wp:attachment":[{"href":"https:\/\/alacip.org\/index.php?rest_route=%2Fwp%2Fv2%2Fmedia&parent=37923"}],"wp:term":[{"taxonomy":"filtro","embeddable":true,"href":"https:\/\/alacip.org\/index.php?rest_route=%2Fwp%2Fv2%2Ffiltro&post=37923"},{"taxonomy":"anocongresso","embeddable":true,"href":"https:\/\/alacip.org\/index.php?rest_route=%2Fwp%2Fv2%2Fanocongresso&post=37923"},{"taxonomy":"conginstituicion","embeddable":true,"href":"https:\/\/alacip.org\/index.php?rest_route=%2Fwp%2Fv2%2Fconginstituicion&post=37923"},{"taxonomy":"areatema","embeddable":true,"href":"https:\/\/alacip.org\/index.php?rest_route=%2Fwp%2Fv2%2Fareatema&post=37923"}],"curies":[{"name":"wp","href":"https:\/\/api.w.org\/{rel}","templated":true}]}}

Reconocimiento Constitucional para poblaciones afrodescendientes en la región andina: cambio constitucional y movilización social

<p>Desde los años noventa lospaíses de la región andina han escrito constituciones que garantizan derechos para grupos étnicos históricamente excluidos. Sin embargo, sólo algunos países reconocieron derechos para poblaciones afrodescendientes.</p>



<div style="text-align:center" class="wp-block-atomic-blocks-ab-button ab-block-button"><a href="https://alacip.org/cong15/pra-pineda8c.pdf" class="ab-button ab-button-shape-circular ab-button-size-medium" style="color:#ffffff;background-color:#3373dc">Descargar Archivo</a></div>



<p></p>
