{"id":37936,"date":"2020-09-27T13:48:18","date_gmt":"2020-09-27T16:48:18","guid":{"rendered":"https:\/\/alacip.org\/?post_type=todasponencias&#038;p=37936"},"modified":"2020-10-05T08:59:04","modified_gmt":"2020-10-05T11:59:04","slug":"a-america-latina-e-a-responsabilidade-de-proteger-uma-analise","status":"publish","type":"todasponencias","link":"https:\/\/alacip.org\/?todasponencias=a-america-latina-e-a-responsabilidade-de-proteger-uma-analise","title":{"rendered":"A Am\u00e9rica Latina e a responsabilidade de proteger: uma an\u00e1lise da atua\u00e7\u00e3o dos pa\u00edses latino-americanos nas Na\u00e7\u00f5es Unidas de 2001 a 2014"},"content":{"rendered":"\n<p>No in\u00edcio do s\u00e9culo XXI, caracterizado pela multipolaridade, \u00e9 imperativo conhecer o papel dos Estados latino-americanos no desenvolvimento das normas internacionais. Neste sentido, este trabalho tem como objetivo realizar uma breve an\u00e1lise do posicionamento dos pa\u00edses da Am\u00e9rica Latina com rela\u00e7\u00e3o ao conceito de responsabilidade de proteger (R2P)<br>de 2001 a 2014.<\/p>\n\n\n\n<!--more-->\n\n\n\n<div style=\"text-align:center\" class=\"wp-block-atomic-blocks-ab-button ab-block-button\"><a href=\"https:\/\/alacip.org\/cong15\/int-britto8c.pdf\" class=\"ab-button ab-button-shape-circular ab-button-size-medium\" style=\"color:#ffffff;background-color:#3373dc\">Descargar Archivo<\/a><\/div>\n\n\n\n<p><\/p>\n","protected":false},"featured_media":0,"template":"","meta":{"_genesis_hide_title":false,"_genesis_hide_breadcrumbs":false,"_genesis_hide_singular_image":false,"_genesis_hide_footer_widgets":false,"_genesis_custom_body_class":"","_genesis_custom_post_class":"","_genesis_layout":""},"filtro":[102],"anocongresso":[778],"conginstituicion":[796],"areatema":[160],"class_list":{"0":"post-37936","1":"todasponencias","2":"type-todasponencias","3":"status-publish","5":"filtro-brasil","6":"anocongresso-778","7":"conginstituicion-ministerio-da-justica-da-republica-federativa-do-brasil","8":"areatema-relaciones-internacionales","9":"entry"},"_links":{"self":[{"href":"https:\/\/alacip.org\/index.php?rest_route=\/wp\/v2\/todasponencias\/37936","targetHints":{"allow":["GET"]}}],"collection":[{"href":"https:\/\/alacip.org\/index.php?rest_route=\/wp\/v2\/todasponencias"}],"about":[{"href":"https:\/\/alacip.org\/index.php?rest_route=\/wp\/v2\/types\/todasponencias"}],"wp:attachment":[{"href":"https:\/\/alacip.org\/index.php?rest_route=%2Fwp%2Fv2%2Fmedia&parent=37936"}],"wp:term":[{"taxonomy":"filtro","embeddable":true,"href":"https:\/\/alacip.org\/index.php?rest_route=%2Fwp%2Fv2%2Ffiltro&post=37936"},{"taxonomy":"anocongresso","embeddable":true,"href":"https:\/\/alacip.org\/index.php?rest_route=%2Fwp%2Fv2%2Fanocongresso&post=37936"},{"taxonomy":"conginstituicion","embeddable":true,"href":"https:\/\/alacip.org\/index.php?rest_route=%2Fwp%2Fv2%2Fconginstituicion&post=37936"},{"taxonomy":"areatema","embeddable":true,"href":"https:\/\/alacip.org\/index.php?rest_route=%2Fwp%2Fv2%2Fareatema&post=37936"}],"curies":[{"name":"wp","href":"https:\/\/api.w.org\/{rel}","templated":true}]}}

A América Latina e a responsabilidade de proteger: uma análise da atuação dos países latino-americanos nas Nações Unidas de 2001 a 2014

<p>No início do século XXI, caracterizado pela multipolaridade, é imperativo conhecer o papel dos Estados latino-americanos no desenvolvimento das normas internacionais. Neste sentido, este trabalho tem como objetivo realizar uma breve análise do posicionamento dos países da América Latina com relação ao conceito de responsabilidade de proteger (R2P)<br>de 2001 a 2014.</p>



<!--more-->



<div style="text-align:center" class="wp-block-atomic-blocks-ab-button ab-block-button"><a href="https://alacip.org/cong15/int-britto8c.pdf" class="ab-button ab-button-shape-circular ab-button-size-medium" style="color:#ffffff;background-color:#3373dc">Descargar Archivo</a></div>



<p></p>
