{"id":37941,"date":"2020-09-27T13:57:14","date_gmt":"2020-09-27T16:57:14","guid":{"rendered":"https:\/\/alacip.org\/?post_type=todasponencias&#038;p=37941"},"modified":"2020-09-27T13:57:15","modified_gmt":"2020-09-27T16:57:15","slug":"por-tras-do-golpe-representacoes-do-povo-no-brasil-ditatorial","status":"publish","type":"todasponencias","link":"https:\/\/alacip.org\/?todasponencias=por-tras-do-golpe-representacoes-do-povo-no-brasil-ditatorial","title":{"rendered":"Por tr\u00e1s do Golpe. Representa\u00e7\u00f5es do povo no Brasil ditatorial"},"content":{"rendered":"\n<p>Durante el mes de abril de 1964 se concreta el Golpe de Estado contra Jo\u00e3o Goulart, quien ejerc\u00eda el cargo de presidente desde la renuncia de Janio Quadros, en 1962. La dictadura civil-militar profundizar\u00eda su car\u00e1cter antidemocr\u00e1tico con el fin de los resguardos a la libertad, suspendiendo del derecho de habeas corpus,en diciembre de 1968.<\/p>\n\n\n\n<div style=\"text-align:center\" class=\"wp-block-atomic-blocks-ab-button ab-block-button\"><a href=\"https:\/\/alacip.org\/cong15\/tpo-gonzalez8c.pdf\" class=\"ab-button ab-button-shape-circular ab-button-size-medium\" style=\"color:#ffffff;background-color:#3373dc\">Descargar Archivo<\/a><\/div>\n\n\n\n<p><\/p>\n","protected":false},"featured_media":0,"template":"","meta":{"_genesis_hide_title":false,"_genesis_hide_breadcrumbs":false,"_genesis_hide_singular_image":false,"_genesis_hide_footer_widgets":false,"_genesis_custom_body_class":"","_genesis_custom_post_class":"","_genesis_layout":""},"filtro":[102],"anocongresso":[778],"conginstituicion":[231],"areatema":[157],"class_list":{"0":"post-37941","1":"todasponencias","2":"type-todasponencias","3":"status-publish","5":"filtro-brasil","6":"anocongresso-778","7":"conginstituicion-unuff","8":"areatema-teorpolfil","9":"entry"},"_links":{"self":[{"href":"https:\/\/alacip.org\/index.php?rest_route=\/wp\/v2\/todasponencias\/37941","targetHints":{"allow":["GET"]}}],"collection":[{"href":"https:\/\/alacip.org\/index.php?rest_route=\/wp\/v2\/todasponencias"}],"about":[{"href":"https:\/\/alacip.org\/index.php?rest_route=\/wp\/v2\/types\/todasponencias"}],"wp:attachment":[{"href":"https:\/\/alacip.org\/index.php?rest_route=%2Fwp%2Fv2%2Fmedia&parent=37941"}],"wp:term":[{"taxonomy":"filtro","embeddable":true,"href":"https:\/\/alacip.org\/index.php?rest_route=%2Fwp%2Fv2%2Ffiltro&post=37941"},{"taxonomy":"anocongresso","embeddable":true,"href":"https:\/\/alacip.org\/index.php?rest_route=%2Fwp%2Fv2%2Fanocongresso&post=37941"},{"taxonomy":"conginstituicion","embeddable":true,"href":"https:\/\/alacip.org\/index.php?rest_route=%2Fwp%2Fv2%2Fconginstituicion&post=37941"},{"taxonomy":"areatema","embeddable":true,"href":"https:\/\/alacip.org\/index.php?rest_route=%2Fwp%2Fv2%2Fareatema&post=37941"}],"curies":[{"name":"wp","href":"https:\/\/api.w.org\/{rel}","templated":true}]}}

Por trás do Golpe. Representações do povo no Brasil ditatorial

<p>Durante el mes de abril de 1964 se concreta el Golpe de Estado contra João Goulart, quien ejercía el cargo de presidente desde la renuncia de Janio Quadros, en 1962. La dictadura civil-militar profundizaría su carácter antidemocrático con el fin de los resguardos a la libertad, suspendiendo del derecho de habeas corpus,en diciembre de 1968.</p>



<div style="text-align:center" class="wp-block-atomic-blocks-ab-button ab-block-button"><a href="https://alacip.org/cong15/tpo-gonzalez8c.pdf" class="ab-button ab-button-shape-circular ab-button-size-medium" style="color:#ffffff;background-color:#3373dc">Descargar Archivo</a></div>



<p></p>
