{"id":37942,"date":"2020-09-27T14:07:32","date_gmt":"2020-09-27T17:07:32","guid":{"rendered":"https:\/\/alacip.org\/?post_type=todasponencias&#038;p=37942"},"modified":"2020-10-05T08:58:21","modified_gmt":"2020-10-05T11:58:21","slug":"o-efeito-das-relacoes-comerciais-sul-sul-no-desenvolvimento","status":"publish","type":"todasponencias","link":"https:\/\/alacip.org\/?todasponencias=o-efeito-das-relacoes-comerciais-sul-sul-no-desenvolvimento","title":{"rendered":"O efeito das rela\u00e7\u00f5es comerciais Sul-Sul no desenvolvimento social: caso do Mercosul."},"content":{"rendered":"\n<p>As rela\u00e7\u00f5es Sul-Sul levam ao desenvolvimento? Nossa hip\u00f3tese considera que o aumento das rela\u00e7\u00f5es comerciais entre os pa\u00edses leva a um desenvolvimento social.<\/p>\n\n\n\n<!--more-->\n\n\n\n<div style=\"text-align:center\" class=\"wp-block-atomic-blocks-ab-button ab-block-button\"><a href=\"https:\/\/alacip.org\/cong15\/int-cabral8c.pdf\" class=\"ab-button ab-button-shape-circular ab-button-size-medium\" style=\"color:#ffffff;background-color:#3373dc\">Descargar Archivo<\/a><\/div>\n\n\n\n<p><\/p>\n","protected":false},"featured_media":0,"template":"","meta":{"_genesis_hide_title":false,"_genesis_hide_breadcrumbs":false,"_genesis_hide_singular_image":false,"_genesis_hide_footer_widgets":false,"_genesis_custom_body_class":"","_genesis_custom_post_class":"","_genesis_layout":""},"filtro":[142],"anocongresso":[778],"conginstituicion":[153],"areatema":[160],"class_list":{"0":"post-37942","1":"todasponencias","2":"type-todasponencias","3":"status-publish","5":"filtro-sem-pais","6":"anocongresso-778","7":"conginstituicion-s","8":"areatema-relaciones-internacionales","9":"entry"},"_links":{"self":[{"href":"https:\/\/alacip.org\/index.php?rest_route=\/wp\/v2\/todasponencias\/37942","targetHints":{"allow":["GET"]}}],"collection":[{"href":"https:\/\/alacip.org\/index.php?rest_route=\/wp\/v2\/todasponencias"}],"about":[{"href":"https:\/\/alacip.org\/index.php?rest_route=\/wp\/v2\/types\/todasponencias"}],"wp:attachment":[{"href":"https:\/\/alacip.org\/index.php?rest_route=%2Fwp%2Fv2%2Fmedia&parent=37942"}],"wp:term":[{"taxonomy":"filtro","embeddable":true,"href":"https:\/\/alacip.org\/index.php?rest_route=%2Fwp%2Fv2%2Ffiltro&post=37942"},{"taxonomy":"anocongresso","embeddable":true,"href":"https:\/\/alacip.org\/index.php?rest_route=%2Fwp%2Fv2%2Fanocongresso&post=37942"},{"taxonomy":"conginstituicion","embeddable":true,"href":"https:\/\/alacip.org\/index.php?rest_route=%2Fwp%2Fv2%2Fconginstituicion&post=37942"},{"taxonomy":"areatema","embeddable":true,"href":"https:\/\/alacip.org\/index.php?rest_route=%2Fwp%2Fv2%2Fareatema&post=37942"}],"curies":[{"name":"wp","href":"https:\/\/api.w.org\/{rel}","templated":true}]}}

O efeito das relações comerciais Sul-Sul no desenvolvimento social: caso do Mercosul.

<p>As relações Sul-Sul levam ao desenvolvimento? Nossa hipótese considera que o aumento das relações comerciais entre os países leva a um desenvolvimento social.</p>



<!--more-->



<div style="text-align:center" class="wp-block-atomic-blocks-ab-button ab-block-button"><a href="https://alacip.org/cong15/int-cabral8c.pdf" class="ab-button ab-button-shape-circular ab-button-size-medium" style="color:#ffffff;background-color:#3373dc">Descargar Archivo</a></div>



<p></p>
