{"id":37947,"date":"2020-09-27T14:49:53","date_gmt":"2020-09-27T17:49:53","guid":{"rendered":"https:\/\/alacip.org\/?post_type=todasponencias&#038;p=37947"},"modified":"2020-10-05T08:57:45","modified_gmt":"2020-10-05T11:57:45","slug":"participacion-politica-de-los-migrantes-mexicanos-en-estados","status":"publish","type":"todasponencias","link":"https:\/\/alacip.org\/?todasponencias=participacion-politica-de-los-migrantes-mexicanos-en-estados","title":{"rendered":"Participaci\u00f3n pol\u00edtica de los migrantes mexicanos en Estados Unidos y redes sociales en el contexto de las pol\u00edticas migratorias estadounidenses"},"content":{"rendered":"\n<p>Se presenta un an\u00e1lisis sobre las formas de organizaci\u00f3n y participaci\u00f3n pol\u00edtica de los mexicanos en Estados Unidos, en el marco de los distintas pol\u00edticas y patrones migratorios, y en el contexto de las distintas fases hist\u00f3ricas de la migraci\u00f3n mexicana a ese pa\u00eds.<\/p>\n\n\n\n<!--more-->\n\n\n\n<div style=\"text-align:center\" class=\"wp-block-atomic-blocks-ab-button ab-block-button\"><a href=\"https:\/\/alacip.org\/cong15\/int-curiel8c.pdf\" class=\"ab-button ab-button-shape-circular ab-button-size-medium\" style=\"color:#ffffff;background-color:#3373dc\">Descargar Archivo<\/a><\/div>\n\n\n\n<p><\/p>\n","protected":false},"featured_media":0,"template":"","meta":{"_genesis_hide_title":false,"_genesis_hide_breadcrumbs":false,"_genesis_hide_singular_image":false,"_genesis_hide_footer_widgets":false,"_genesis_custom_body_class":"","_genesis_custom_post_class":"","_genesis_layout":""},"filtro":[115],"anocongresso":[778],"conginstituicion":[234],"areatema":[160],"class_list":{"0":"post-37947","1":"todasponencias","2":"type-todasponencias","3":"status-publish","5":"filtro-mexico","6":"anocongresso-778","7":"conginstituicion-u-guadalajara","8":"areatema-relaciones-internacionales","9":"entry"},"_links":{"self":[{"href":"https:\/\/alacip.org\/index.php?rest_route=\/wp\/v2\/todasponencias\/37947","targetHints":{"allow":["GET"]}}],"collection":[{"href":"https:\/\/alacip.org\/index.php?rest_route=\/wp\/v2\/todasponencias"}],"about":[{"href":"https:\/\/alacip.org\/index.php?rest_route=\/wp\/v2\/types\/todasponencias"}],"wp:attachment":[{"href":"https:\/\/alacip.org\/index.php?rest_route=%2Fwp%2Fv2%2Fmedia&parent=37947"}],"wp:term":[{"taxonomy":"filtro","embeddable":true,"href":"https:\/\/alacip.org\/index.php?rest_route=%2Fwp%2Fv2%2Ffiltro&post=37947"},{"taxonomy":"anocongresso","embeddable":true,"href":"https:\/\/alacip.org\/index.php?rest_route=%2Fwp%2Fv2%2Fanocongresso&post=37947"},{"taxonomy":"conginstituicion","embeddable":true,"href":"https:\/\/alacip.org\/index.php?rest_route=%2Fwp%2Fv2%2Fconginstituicion&post=37947"},{"taxonomy":"areatema","embeddable":true,"href":"https:\/\/alacip.org\/index.php?rest_route=%2Fwp%2Fv2%2Fareatema&post=37947"}],"curies":[{"name":"wp","href":"https:\/\/api.w.org\/{rel}","templated":true}]}}

Participación política de los migrantes mexicanos en Estados Unidos y redes sociales en el contexto de las políticas migratorias estadounidenses

<p>Se presenta un análisis sobre las formas de organización y participación política de los mexicanos en Estados Unidos, en el marco de los distintas políticas y patrones migratorios, y en el contexto de las distintas fases históricas de la migración mexicana a ese país.</p>



<!--more-->



<div style="text-align:center" class="wp-block-atomic-blocks-ab-button ab-block-button"><a href="https://alacip.org/cong15/int-curiel8c.pdf" class="ab-button ab-button-shape-circular ab-button-size-medium" style="color:#ffffff;background-color:#3373dc">Descargar Archivo</a></div>



<p></p>
