{"id":37948,"date":"2020-09-27T18:07:17","date_gmt":"2020-09-27T21:07:17","guid":{"rendered":"https:\/\/alacip.org\/?post_type=todasponencias&#038;p=37948"},"modified":"2020-09-27T18:07:18","modified_gmt":"2020-09-27T21:07:18","slug":"fronteras-agenda-de-seguridad-y-posconflicto-en-colombia","status":"publish","type":"todasponencias","link":"https:\/\/alacip.org\/?todasponencias=fronteras-agenda-de-seguridad-y-posconflicto-en-colombia","title":{"rendered":"Fronteras, agenda de seguridad y posconflicto en Colombia"},"content":{"rendered":"\n<p>Los territorios fronterizos de Colombia desempe\u00f1an un escenario clave en los procesos de superaci\u00f3n de la violencia y construcci\u00f3n de paz. Estos territorios son fronteras en un doble sentido, de un lado, como frontera interna son zonas donde el Estado se caracteriza por su escasa presencia y<\/p>\n\n\n\n<div style=\"text-align:center\" class=\"wp-block-atomic-blocks-ab-button ab-block-button\"><a href=\"https:\/\/alacip.org\/cong15\/pra-pinzon8c.pdf\" class=\"ab-button ab-button-shape-circular ab-button-size-medium\" style=\"color:#ffffff;background-color:#3373dc\">Descargar Archivo<\/a><\/div>\n\n\n\n<p><\/p>\n","protected":false},"featured_media":0,"template":"","meta":{"_genesis_hide_title":false,"_genesis_hide_breadcrumbs":false,"_genesis_hide_singular_image":false,"_genesis_hide_footer_widgets":false,"_genesis_custom_body_class":"","_genesis_custom_post_class":"","_genesis_layout":""},"filtro":[109],"anocongresso":[778],"conginstituicion":[539,229],"areatema":[161],"class_list":{"0":"post-37948","1":"todasponencias","2":"type-todasponencias","3":"status-publish","5":"filtro-colombia","6":"anocongresso-778","7":"conginstituicion-universidad-de-la-salle","8":"conginstituicion-uncolombia","9":"areatema-participacion-representacion","10":"entry"},"_links":{"self":[{"href":"https:\/\/alacip.org\/index.php?rest_route=\/wp\/v2\/todasponencias\/37948","targetHints":{"allow":["GET"]}}],"collection":[{"href":"https:\/\/alacip.org\/index.php?rest_route=\/wp\/v2\/todasponencias"}],"about":[{"href":"https:\/\/alacip.org\/index.php?rest_route=\/wp\/v2\/types\/todasponencias"}],"wp:attachment":[{"href":"https:\/\/alacip.org\/index.php?rest_route=%2Fwp%2Fv2%2Fmedia&parent=37948"}],"wp:term":[{"taxonomy":"filtro","embeddable":true,"href":"https:\/\/alacip.org\/index.php?rest_route=%2Fwp%2Fv2%2Ffiltro&post=37948"},{"taxonomy":"anocongresso","embeddable":true,"href":"https:\/\/alacip.org\/index.php?rest_route=%2Fwp%2Fv2%2Fanocongresso&post=37948"},{"taxonomy":"conginstituicion","embeddable":true,"href":"https:\/\/alacip.org\/index.php?rest_route=%2Fwp%2Fv2%2Fconginstituicion&post=37948"},{"taxonomy":"areatema","embeddable":true,"href":"https:\/\/alacip.org\/index.php?rest_route=%2Fwp%2Fv2%2Fareatema&post=37948"}],"curies":[{"name":"wp","href":"https:\/\/api.w.org\/{rel}","templated":true}]}}

<p>Los territorios fronterizos de Colombia desempeñan un escenario clave en los procesos de superación de la violencia y construcción de paz. Estos territorios son fronteras en un doble sentido, de un lado, como frontera interna son zonas donde el Estado se caracteriza por su escasa presencia y</p>



<div style="text-align:center" class="wp-block-atomic-blocks-ab-button ab-block-button"><a href="https://alacip.org/cong15/pra-pinzon8c.pdf" class="ab-button ab-button-shape-circular ab-button-size-medium" style="color:#ffffff;background-color:#3373dc">Descargar Archivo</a></div>



<p></p>
