{"id":37952,"date":"2020-09-27T19:16:49","date_gmt":"2020-09-27T22:16:49","guid":{"rendered":"https:\/\/alacip.org\/?post_type=todasponencias&#038;p=37952"},"modified":"2020-09-27T19:17:52","modified_gmt":"2020-09-27T22:17:52","slug":"la-madurez-del-conflicto-una-aproximacion-al-caso-del-eln-en-colombia","status":"publish","type":"todasponencias","link":"https:\/\/alacip.org\/?todasponencias=la-madurez-del-conflicto-una-aproximacion-al-caso-del-eln-en-colombia","title":{"rendered":"La madurez del conflicto: una aproximaci\u00f3n al caso del ELN en Colombia"},"content":{"rendered":"\n<p>Actualmente, el Gobierno colombiano adelanta di\u00e1logos con las Fuerzas Armadas Revolucionarias de Colombia \u2013 Ej\u00e9rcito del Pueblo (FARC-EP) y el Ej\u00e9rcito de Liberaci\u00f3n Nacional (ELN) para terminarel conflicto que sostienen estas guerrillas yel Estado colombiano desde la segunda mitad del siglo XX.<\/p>\n\n\n\n<div style=\"text-align:center\" class=\"wp-block-atomic-blocks-ab-button ab-block-button\"><a href=\"https:\/\/alacip.org\/cong15\/pra-olivares8c.pdf\" class=\"ab-button ab-button-shape-circular ab-button-size-medium\" style=\"color:#ffffff;background-color:#3373dc\">Descargar Archivo<\/a><\/div>\n\n\n\n<p><\/p>\n","protected":false},"featured_media":0,"template":"","meta":{"_genesis_hide_title":false,"_genesis_hide_breadcrumbs":false,"_genesis_hide_singular_image":false,"_genesis_hide_footer_widgets":false,"_genesis_custom_body_class":"","_genesis_custom_post_class":"","_genesis_layout":""},"filtro":[109],"anocongresso":[778],"conginstituicion":[153],"areatema":[161],"class_list":{"0":"post-37952","1":"todasponencias","2":"type-todasponencias","3":"status-publish","5":"filtro-colombia","6":"anocongresso-778","7":"conginstituicion-s","8":"areatema-participacion-representacion","9":"entry"},"_links":{"self":[{"href":"https:\/\/alacip.org\/index.php?rest_route=\/wp\/v2\/todasponencias\/37952","targetHints":{"allow":["GET"]}}],"collection":[{"href":"https:\/\/alacip.org\/index.php?rest_route=\/wp\/v2\/todasponencias"}],"about":[{"href":"https:\/\/alacip.org\/index.php?rest_route=\/wp\/v2\/types\/todasponencias"}],"wp:attachment":[{"href":"https:\/\/alacip.org\/index.php?rest_route=%2Fwp%2Fv2%2Fmedia&parent=37952"}],"wp:term":[{"taxonomy":"filtro","embeddable":true,"href":"https:\/\/alacip.org\/index.php?rest_route=%2Fwp%2Fv2%2Ffiltro&post=37952"},{"taxonomy":"anocongresso","embeddable":true,"href":"https:\/\/alacip.org\/index.php?rest_route=%2Fwp%2Fv2%2Fanocongresso&post=37952"},{"taxonomy":"conginstituicion","embeddable":true,"href":"https:\/\/alacip.org\/index.php?rest_route=%2Fwp%2Fv2%2Fconginstituicion&post=37952"},{"taxonomy":"areatema","embeddable":true,"href":"https:\/\/alacip.org\/index.php?rest_route=%2Fwp%2Fv2%2Fareatema&post=37952"}],"curies":[{"name":"wp","href":"https:\/\/api.w.org\/{rel}","templated":true}]}}

La madurez del conflicto: una aproximación al caso del ELN en Colombia

<p>Actualmente, el Gobierno colombiano adelanta diálogos con las Fuerzas Armadas Revolucionarias de Colombia – Ejército del Pueblo (FARC-EP) y el Ejército de Liberación Nacional (ELN) para terminarel conflicto que sostienen estas guerrillas yel Estado colombiano desde la segunda mitad del siglo XX.</p>



<div style="text-align:center" class="wp-block-atomic-blocks-ab-button ab-block-button"><a href="https://alacip.org/cong15/pra-olivares8c.pdf" class="ab-button ab-button-shape-circular ab-button-size-medium" style="color:#ffffff;background-color:#3373dc">Descargar Archivo</a></div>



<p></p>
