{"id":37958,"date":"2020-09-27T19:58:06","date_gmt":"2020-09-27T22:58:06","guid":{"rendered":"https:\/\/alacip.org\/?post_type=todasponencias&#038;p=37958"},"modified":"2020-10-05T08:49:25","modified_gmt":"2020-10-05T11:49:25","slug":"relacoes-brasil-oriente-medio-2003-2014-motivacoes-estrategias","status":"publish","type":"todasponencias","link":"https:\/\/alacip.org\/?todasponencias=relacoes-brasil-oriente-medio-2003-2014-motivacoes-estrategias","title":{"rendered":"Rela\u00e7\u00f5es Brasil-Oriente M\u00e9dio (2003-2014): motiva\u00e7\u00f5es, estrat\u00e9gias de aproxima\u00e7\u00e3o e resultados"},"content":{"rendered":"\n<p>Este trabalho tem por objetivo mapear as rela\u00e7\u00f5es entre o Brasil e o Oriente M\u00e9dio desde 2003. Partindo da constata\u00e7\u00e3o (fundamentada na observa\u00e7\u00e3o emp\u00edrica e na bibliografia especializada) de que, a partir do in\u00edcio dos anos 2000, houve uma importante aproxima\u00e7\u00e3o entre o Brasil e a regi\u00e3o, busca-se delinear tr\u00eas \u201cmomentos\u201d da pol\u00edtica externa brasileira para o Oriente M\u00e9dio: suas motiva\u00e7\u00f5es, suas estrat\u00e9gias e os resultados alcan\u00e7ados.<\/p>\n\n\n\n<!--more-->\n\n\n\n<div style=\"text-align:center\" class=\"wp-block-atomic-blocks-ab-button ab-block-button\"><a href=\"https:\/\/alacip.org\/cong15\/int-dasilveira8c.pdf\" class=\"ab-button ab-button-shape-circular ab-button-size-medium\" style=\"color:#ffffff;background-color:#3373dc\">Descargar Archivo<\/a><\/div>\n\n\n\n<p><\/p>\n","protected":false},"featured_media":0,"template":"","meta":{"_genesis_hide_title":false,"_genesis_hide_breadcrumbs":false,"_genesis_hide_singular_image":false,"_genesis_hide_footer_widgets":false,"_genesis_custom_body_class":"","_genesis_custom_post_class":"","_genesis_layout":""},"filtro":[102],"anocongresso":[778],"conginstituicion":[205],"areatema":[160],"class_list":{"0":"post-37958","1":"todasponencias","2":"type-todasponencias","3":"status-publish","5":"filtro-brasil","6":"anocongresso-778","7":"conginstituicion-unufrgs","8":"areatema-relaciones-internacionales","9":"entry"},"_links":{"self":[{"href":"https:\/\/alacip.org\/index.php?rest_route=\/wp\/v2\/todasponencias\/37958","targetHints":{"allow":["GET"]}}],"collection":[{"href":"https:\/\/alacip.org\/index.php?rest_route=\/wp\/v2\/todasponencias"}],"about":[{"href":"https:\/\/alacip.org\/index.php?rest_route=\/wp\/v2\/types\/todasponencias"}],"wp:attachment":[{"href":"https:\/\/alacip.org\/index.php?rest_route=%2Fwp%2Fv2%2Fmedia&parent=37958"}],"wp:term":[{"taxonomy":"filtro","embeddable":true,"href":"https:\/\/alacip.org\/index.php?rest_route=%2Fwp%2Fv2%2Ffiltro&post=37958"},{"taxonomy":"anocongresso","embeddable":true,"href":"https:\/\/alacip.org\/index.php?rest_route=%2Fwp%2Fv2%2Fanocongresso&post=37958"},{"taxonomy":"conginstituicion","embeddable":true,"href":"https:\/\/alacip.org\/index.php?rest_route=%2Fwp%2Fv2%2Fconginstituicion&post=37958"},{"taxonomy":"areatema","embeddable":true,"href":"https:\/\/alacip.org\/index.php?rest_route=%2Fwp%2Fv2%2Fareatema&post=37958"}],"curies":[{"name":"wp","href":"https:\/\/api.w.org\/{rel}","templated":true}]}}

Relações Brasil-Oriente Médio (2003-2014): motivações, estratégias de aproximação e resultados

<p>Este trabalho tem por objetivo mapear as relações entre o Brasil e o Oriente Médio desde 2003. Partindo da constatação (fundamentada na observação empírica e na bibliografia especializada) de que, a partir do início dos anos 2000, houve uma importante aproximação entre o Brasil e a região, busca-se delinear três “momentos” da política externa brasileira para o Oriente Médio: suas motivações, suas estratégias e os resultados alcançados.</p>



<!--more-->



<div style="text-align:center" class="wp-block-atomic-blocks-ab-button ab-block-button"><a href="https://alacip.org/cong15/int-dasilveira8c.pdf" class="ab-button ab-button-shape-circular ab-button-size-medium" style="color:#ffffff;background-color:#3373dc">Descargar Archivo</a></div>



<p></p>
