{"id":37972,"date":"2020-09-28T08:57:39","date_gmt":"2020-09-28T11:57:39","guid":{"rendered":"https:\/\/alacip.org\/?post_type=todasponencias&#038;p=37972"},"modified":"2020-10-05T08:48:15","modified_gmt":"2020-10-05T11:48:15","slug":"participacao-democratica-e-justica-distributiva-para","status":"publish","type":"todasponencias","link":"https:\/\/alacip.org\/?todasponencias=participacao-democratica-e-justica-distributiva-para","title":{"rendered":"Participa\u00e7\u00e3o Democr\u00e1tica e Justi\u00e7a Distributiva para o Desenvolvimento: a defini\u00e7\u00e3o ideol\u00f3gica  do  neodesenvolvimentismo  pela  DIEST\/IPEA  entre  2010  e  2012  e  sua tradu\u00e7\u00e3o em pol\u00edticas p\u00fablicas"},"content":{"rendered":"\n<p>O presente artigo trata do modo como o neodesenvolvimentismo foi definido pela Diretoria de Estudos e Pesquisas sobre o Estado, Institui\u00e7\u00f5es e Democracia (Diest) do Instituto de Pesquisas Econ\u00f4micas Aplicadas (Ipea) entre 2010 e 2012, durante a presid\u00eancia de Marcio Pochmann.<\/p>\n\n\n\n<div style=\"text-align:center\" class=\"wp-block-atomic-blocks-ab-button ab-block-button\"><a href=\"https:\/\/alacip.org\/cong15\/pra-machado8c.pdf\" class=\"ab-button ab-button-shape-circular ab-button-size-medium\" style=\"color:#ffffff;background-color:#3373dc\">Descargar Archivo<\/a><\/div>\n\n\n\n<p><\/p>\n","protected":false},"featured_media":0,"template":"","meta":{"_genesis_hide_title":false,"_genesis_hide_breadcrumbs":false,"_genesis_hide_singular_image":false,"_genesis_hide_footer_widgets":false,"_genesis_custom_body_class":"","_genesis_custom_post_class":"","_genesis_layout":""},"filtro":[102],"anocongresso":[778],"conginstituicion":[145],"areatema":[161],"class_list":{"0":"post-37972","1":"todasponencias","2":"type-todasponencias","3":"status-publish","5":"filtro-brasil","6":"anocongresso-778","7":"conginstituicion-iespuerj","8":"areatema-participacion-representacion","9":"entry"},"_links":{"self":[{"href":"https:\/\/alacip.org\/index.php?rest_route=\/wp\/v2\/todasponencias\/37972","targetHints":{"allow":["GET"]}}],"collection":[{"href":"https:\/\/alacip.org\/index.php?rest_route=\/wp\/v2\/todasponencias"}],"about":[{"href":"https:\/\/alacip.org\/index.php?rest_route=\/wp\/v2\/types\/todasponencias"}],"wp:attachment":[{"href":"https:\/\/alacip.org\/index.php?rest_route=%2Fwp%2Fv2%2Fmedia&parent=37972"}],"wp:term":[{"taxonomy":"filtro","embeddable":true,"href":"https:\/\/alacip.org\/index.php?rest_route=%2Fwp%2Fv2%2Ffiltro&post=37972"},{"taxonomy":"anocongresso","embeddable":true,"href":"https:\/\/alacip.org\/index.php?rest_route=%2Fwp%2Fv2%2Fanocongresso&post=37972"},{"taxonomy":"conginstituicion","embeddable":true,"href":"https:\/\/alacip.org\/index.php?rest_route=%2Fwp%2Fv2%2Fconginstituicion&post=37972"},{"taxonomy":"areatema","embeddable":true,"href":"https:\/\/alacip.org\/index.php?rest_route=%2Fwp%2Fv2%2Fareatema&post=37972"}],"curies":[{"name":"wp","href":"https:\/\/api.w.org\/{rel}","templated":true}]}}

Participação Democrática e Justiça Distributiva para o Desenvolvimento: a definição ideológica  do  neodesenvolvimentismo  pela  DIEST/IPEA  entre  2010  e  2012  e  sua tradução em políticas públicas

<p>O presente artigo trata do modo como o neodesenvolvimentismo foi definido pela Diretoria de Estudos e Pesquisas sobre o Estado, Instituições e Democracia (Diest) do Instituto de Pesquisas Econômicas Aplicadas (Ipea) entre 2010 e 2012, durante a presidência de Marcio Pochmann.</p>



<div style="text-align:center" class="wp-block-atomic-blocks-ab-button ab-block-button"><a href="https://alacip.org/cong15/pra-machado8c.pdf" class="ab-button ab-button-shape-circular ab-button-size-medium" style="color:#ffffff;background-color:#3373dc">Descargar Archivo</a></div>



<p></p>
