{"id":37977,"date":"2020-09-28T15:56:53","date_gmt":"2020-09-28T18:56:53","guid":{"rendered":"https:\/\/alacip.org\/?post_type=todasponencias&#038;p=37977"},"modified":"2020-09-28T15:56:55","modified_gmt":"2020-09-28T18:56:55","slug":"brics-soft-balancing-e-a-ordem-internacional-do-inicio-do-seculo-xxi","status":"publish","type":"todasponencias","link":"https:\/\/alacip.org\/?todasponencias=brics-soft-balancing-e-a-ordem-internacional-do-inicio-do-seculo-xxi","title":{"rendered":"BRICS, soft balancing e a ordem internacional do in\u00edcio do s\u00e9culo xxi."},"content":{"rendered":"\n<p>A produ\u00e7\u00e3o acad\u00eamica em torno do BRICS tende a dar maior \u00eanfase \u00e0 descri\u00e7\u00e3o das etapas de forma\u00e7\u00e3o do grupo, dos desafios que se lhe apresentam e \u00e0s pol\u00edticas externas isoladas de seus integrantes.<\/p>\n\n\n\n<!--more-->\n\n\n\n<div style=\"text-align:center\" class=\"wp-block-atomic-blocks-ab-button ab-block-button\"><a href=\"https:\/\/alacip.org\/cong15\/int-dossantos2.pdf\" class=\"ab-button ab-button-shape-circular ab-button-size-medium\" style=\"color:#ffffff;background-color:#3373dc\">Descargar Archivo<\/a><\/div>\n\n\n\n<p><\/p>\n","protected":false},"featured_media":0,"template":"","meta":{"_genesis_hide_title":false,"_genesis_hide_breadcrumbs":false,"_genesis_hide_singular_image":false,"_genesis_hide_footer_widgets":false,"_genesis_custom_body_class":"","_genesis_custom_post_class":"","_genesis_layout":""},"filtro":[102],"anocongresso":[778],"conginstituicion":[573],"areatema":[160],"class_list":{"0":"post-37977","1":"todasponencias","2":"type-todasponencias","3":"status-publish","5":"filtro-brasil","6":"anocongresso-778","7":"conginstituicion-universidade-federal-de-santa-catarina-ufsc","8":"areatema-relaciones-internacionales","9":"entry"},"_links":{"self":[{"href":"https:\/\/alacip.org\/index.php?rest_route=\/wp\/v2\/todasponencias\/37977","targetHints":{"allow":["GET"]}}],"collection":[{"href":"https:\/\/alacip.org\/index.php?rest_route=\/wp\/v2\/todasponencias"}],"about":[{"href":"https:\/\/alacip.org\/index.php?rest_route=\/wp\/v2\/types\/todasponencias"}],"wp:attachment":[{"href":"https:\/\/alacip.org\/index.php?rest_route=%2Fwp%2Fv2%2Fmedia&parent=37977"}],"wp:term":[{"taxonomy":"filtro","embeddable":true,"href":"https:\/\/alacip.org\/index.php?rest_route=%2Fwp%2Fv2%2Ffiltro&post=37977"},{"taxonomy":"anocongresso","embeddable":true,"href":"https:\/\/alacip.org\/index.php?rest_route=%2Fwp%2Fv2%2Fanocongresso&post=37977"},{"taxonomy":"conginstituicion","embeddable":true,"href":"https:\/\/alacip.org\/index.php?rest_route=%2Fwp%2Fv2%2Fconginstituicion&post=37977"},{"taxonomy":"areatema","embeddable":true,"href":"https:\/\/alacip.org\/index.php?rest_route=%2Fwp%2Fv2%2Fareatema&post=37977"}],"curies":[{"name":"wp","href":"https:\/\/api.w.org\/{rel}","templated":true}]}}

BRICS, soft balancing e a ordem internacional do início do século xxi.

<p>A produção acadêmica em torno do BRICS tende a dar maior ênfase à descrição das etapas de formação do grupo, dos desafios que se lhe apresentam e às políticas externas isoladas de seus integrantes.</p>



<!--more-->



<div style="text-align:center" class="wp-block-atomic-blocks-ab-button ab-block-button"><a href="https://alacip.org/cong15/int-dossantos2.pdf" class="ab-button ab-button-shape-circular ab-button-size-medium" style="color:#ffffff;background-color:#3373dc">Descargar Archivo</a></div>



<p></p>
