{"id":37981,"date":"2020-09-28T16:28:13","date_gmt":"2020-09-28T19:28:13","guid":{"rendered":"https:\/\/alacip.org\/?post_type=todasponencias&#038;p=37981"},"modified":"2020-10-05T08:47:31","modified_gmt":"2020-10-05T11:47:31","slug":"lo-racional-es-invisible-a-los-ojos-calculos-estrategicos","status":"publish","type":"todasponencias","link":"https:\/\/alacip.org\/?todasponencias=lo-racional-es-invisible-a-los-ojos-calculos-estrategicos","title":{"rendered":"Lo racional es invisible a los ojos: c\u00e1lculos estrat\u00e9gicos y resiliencia de la agenda integracionista latinoamericana."},"content":{"rendered":"\n<p>A finales de la d\u00e9cada pasada y constatando que los procesos de integraci\u00f3n en Am\u00e9rica Latina se ve\u00edan estancados, Olivier Dab\u00e8ne afirm\u00f3 que una dimensi\u00f3n llamativa de dichos procesos era su resiliencia a pesar de las crisis repetidas y de sus resultados limitados.<\/p>\n\n\n\n<!--more-->\n\n\n\n<div style=\"text-align:center\" class=\"wp-block-atomic-blocks-ab-button ab-block-button\"><a href=\"https:\/\/alacip.org\/cong15\/int-dube8c.pdf\" class=\"ab-button ab-button-shape-circular ab-button-size-medium\" style=\"color:#ffffff;background-color:#3373dc\">Descargar Archivo<\/a><\/div>\n\n\n\n<p><\/p>\n","protected":false},"featured_media":0,"template":"","meta":{"_genesis_hide_title":false,"_genesis_hide_breadcrumbs":false,"_genesis_hide_singular_image":false,"_genesis_hide_footer_widgets":false,"_genesis_custom_body_class":"","_genesis_custom_post_class":"","_genesis_layout":""},"filtro":[106],"anocongresso":[778],"conginstituicion":[633],"areatema":[160],"class_list":{"0":"post-37981","1":"todasponencias","2":"type-todasponencias","3":"status-publish","5":"filtro-chile","6":"anocongresso-778","7":"conginstituicion-universidad-de-santiago-de-chile","8":"areatema-relaciones-internacionales","9":"entry"},"_links":{"self":[{"href":"https:\/\/alacip.org\/index.php?rest_route=\/wp\/v2\/todasponencias\/37981","targetHints":{"allow":["GET"]}}],"collection":[{"href":"https:\/\/alacip.org\/index.php?rest_route=\/wp\/v2\/todasponencias"}],"about":[{"href":"https:\/\/alacip.org\/index.php?rest_route=\/wp\/v2\/types\/todasponencias"}],"wp:attachment":[{"href":"https:\/\/alacip.org\/index.php?rest_route=%2Fwp%2Fv2%2Fmedia&parent=37981"}],"wp:term":[{"taxonomy":"filtro","embeddable":true,"href":"https:\/\/alacip.org\/index.php?rest_route=%2Fwp%2Fv2%2Ffiltro&post=37981"},{"taxonomy":"anocongresso","embeddable":true,"href":"https:\/\/alacip.org\/index.php?rest_route=%2Fwp%2Fv2%2Fanocongresso&post=37981"},{"taxonomy":"conginstituicion","embeddable":true,"href":"https:\/\/alacip.org\/index.php?rest_route=%2Fwp%2Fv2%2Fconginstituicion&post=37981"},{"taxonomy":"areatema","embeddable":true,"href":"https:\/\/alacip.org\/index.php?rest_route=%2Fwp%2Fv2%2Fareatema&post=37981"}],"curies":[{"name":"wp","href":"https:\/\/api.w.org\/{rel}","templated":true}]}}

Lo racional es invisible a los ojos: cálculos estratégicos y resiliencia de la agenda integracionista latinoamericana.

<p>A finales de la década pasada y constatando que los procesos de integración en América Latina se veían estancados, Olivier Dabène afirmó que una dimensión llamativa de dichos procesos era su resiliencia a pesar de las crisis repetidas y de sus resultados limitados.</p>



<!--more-->



<div style="text-align:center" class="wp-block-atomic-blocks-ab-button ab-block-button"><a href="https://alacip.org/cong15/int-dube8c.pdf" class="ab-button ab-button-shape-circular ab-button-size-medium" style="color:#ffffff;background-color:#3373dc">Descargar Archivo</a></div>



<p></p>
