{"id":38000,"date":"2020-09-28T20:20:38","date_gmt":"2020-09-28T23:20:38","guid":{"rendered":"https:\/\/alacip.org\/?post_type=todasponencias&#038;p=38000"},"modified":"2020-10-05T08:38:17","modified_gmt":"2020-10-05T11:38:17","slug":"repertorios-de-accion-colectiva-de-mujeres-victimas-del","status":"publish","type":"todasponencias","link":"https:\/\/alacip.org\/?todasponencias=repertorios-de-accion-colectiva-de-mujeres-victimas-del","title":{"rendered":"Repertorios de acci\u00f3n colectiva de mujeres v\u00edctimas del desplazamiento forzado en Medell\u00edn"},"content":{"rendered":"\n<p>En esta ponencia se trabaja el tema de los repertorios de acci\u00f3n colectiva de mujeres que han sido v\u00edctimas del desplazamiento forzado interno en Colombia, y que se han asentado en el Municipio de Medell\u00edn, concretamente en la Comuna 3, Manrique.<\/p>\n\n\n\n<div style=\"text-align:center\" class=\"wp-block-atomic-blocks-ab-button ab-block-button\"><a href=\"https:\/\/alacip.org\/cong15\/pra-mona8c.pdf\" class=\"ab-button ab-button-shape-circular ab-button-size-medium\" style=\"color:#ffffff;background-color:#3373dc\">Descargar Archivo<\/a><\/div>\n\n\n\n<p><\/p>\n","protected":false},"featured_media":0,"template":"","meta":{"_genesis_hide_title":false,"_genesis_hide_breadcrumbs":false,"_genesis_hide_singular_image":false,"_genesis_hide_footer_widgets":false,"_genesis_custom_body_class":"","_genesis_custom_post_class":"","_genesis_layout":""},"filtro":[109],"anocongresso":[778],"conginstituicion":[235],"areatema":[161],"class_list":{"0":"post-38000","1":"todasponencias","2":"type-todasponencias","3":"status-publish","5":"filtro-colombia","6":"anocongresso-778","7":"conginstituicion-uantioquia","8":"areatema-participacion-representacion","9":"entry"},"_links":{"self":[{"href":"https:\/\/alacip.org\/index.php?rest_route=\/wp\/v2\/todasponencias\/38000","targetHints":{"allow":["GET"]}}],"collection":[{"href":"https:\/\/alacip.org\/index.php?rest_route=\/wp\/v2\/todasponencias"}],"about":[{"href":"https:\/\/alacip.org\/index.php?rest_route=\/wp\/v2\/types\/todasponencias"}],"wp:attachment":[{"href":"https:\/\/alacip.org\/index.php?rest_route=%2Fwp%2Fv2%2Fmedia&parent=38000"}],"wp:term":[{"taxonomy":"filtro","embeddable":true,"href":"https:\/\/alacip.org\/index.php?rest_route=%2Fwp%2Fv2%2Ffiltro&post=38000"},{"taxonomy":"anocongresso","embeddable":true,"href":"https:\/\/alacip.org\/index.php?rest_route=%2Fwp%2Fv2%2Fanocongresso&post=38000"},{"taxonomy":"conginstituicion","embeddable":true,"href":"https:\/\/alacip.org\/index.php?rest_route=%2Fwp%2Fv2%2Fconginstituicion&post=38000"},{"taxonomy":"areatema","embeddable":true,"href":"https:\/\/alacip.org\/index.php?rest_route=%2Fwp%2Fv2%2Fareatema&post=38000"}],"curies":[{"name":"wp","href":"https:\/\/api.w.org\/{rel}","templated":true}]}}

Repertorios de acción colectiva de mujeres víctimas del desplazamiento forzado en Medellín

<p>En esta ponencia se trabaja el tema de los repertorios de acción colectiva de mujeres que han sido víctimas del desplazamiento forzado interno en Colombia, y que se han asentado en el Municipio de Medellín, concretamente en la Comuna 3, Manrique.</p>



<div style="text-align:center" class="wp-block-atomic-blocks-ab-button ab-block-button"><a href="https://alacip.org/cong15/pra-mona8c.pdf" class="ab-button ab-button-shape-circular ab-button-size-medium" style="color:#ffffff;background-color:#3373dc">Descargar Archivo</a></div>



<p></p>
