{"id":38005,"date":"2020-09-28T20:30:13","date_gmt":"2020-09-28T23:30:13","guid":{"rendered":"https:\/\/alacip.org\/?post_type=todasponencias&#038;p=38005"},"modified":"2020-10-05T08:37:28","modified_gmt":"2020-10-05T11:37:28","slug":"la-figura-de-la-desaparicion-forzada-de-la-transnacionalizacion","status":"publish","type":"todasponencias","link":"https:\/\/alacip.org\/?todasponencias=la-figura-de-la-desaparicion-forzada-de-la-transnacionalizacion","title":{"rendered":"La figura de la desaparici\u00f3n forzada: de la transnacionalizaci\u00f3n a su manifestaci\u00f3n en M\u00e9xico"},"content":{"rendered":"\n<p>Desde el final de la Segunda Guerra Mundial se han sucedido una serie de hitos jur\u00eddicos internacionales alrededor de los derechos humanos. Este despliegue en el \u00e1mbito del derecho internacional, contribuye a la reproducci\u00f3n de lo que algunos autores entienden como una \u201ceconom\u00eda moral humanitaria\u201d, <\/p>\n\n\n\n<div style=\"text-align:center\" class=\"wp-block-atomic-blocks-ab-button ab-block-button\"><a href=\"https:\/\/alacip.org\/cong15\/pra-irazuzta8c.pdf\" class=\"ab-button ab-button-shape-circular ab-button-size-medium\" style=\"color:#ffffff;background-color:#3373dc\">Descargar Archivo<\/a><\/div>\n\n\n\n<p><\/p>\n","protected":false},"featured_media":0,"template":"","meta":{"_genesis_hide_title":false,"_genesis_hide_breadcrumbs":false,"_genesis_hide_singular_image":false,"_genesis_hide_footer_widgets":false,"_genesis_custom_body_class":"","_genesis_custom_post_class":"","_genesis_layout":""},"filtro":[115],"anocongresso":[778],"conginstituicion":[369],"areatema":[161],"class_list":{"0":"post-38005","1":"todasponencias","2":"type-todasponencias","3":"status-publish","5":"filtro-mexico","6":"anocongresso-778","7":"conginstituicion-tm-itesm","8":"areatema-participacion-representacion","9":"entry"},"_links":{"self":[{"href":"https:\/\/alacip.org\/index.php?rest_route=\/wp\/v2\/todasponencias\/38005","targetHints":{"allow":["GET"]}}],"collection":[{"href":"https:\/\/alacip.org\/index.php?rest_route=\/wp\/v2\/todasponencias"}],"about":[{"href":"https:\/\/alacip.org\/index.php?rest_route=\/wp\/v2\/types\/todasponencias"}],"wp:attachment":[{"href":"https:\/\/alacip.org\/index.php?rest_route=%2Fwp%2Fv2%2Fmedia&parent=38005"}],"wp:term":[{"taxonomy":"filtro","embeddable":true,"href":"https:\/\/alacip.org\/index.php?rest_route=%2Fwp%2Fv2%2Ffiltro&post=38005"},{"taxonomy":"anocongresso","embeddable":true,"href":"https:\/\/alacip.org\/index.php?rest_route=%2Fwp%2Fv2%2Fanocongresso&post=38005"},{"taxonomy":"conginstituicion","embeddable":true,"href":"https:\/\/alacip.org\/index.php?rest_route=%2Fwp%2Fv2%2Fconginstituicion&post=38005"},{"taxonomy":"areatema","embeddable":true,"href":"https:\/\/alacip.org\/index.php?rest_route=%2Fwp%2Fv2%2Fareatema&post=38005"}],"curies":[{"name":"wp","href":"https:\/\/api.w.org\/{rel}","templated":true}]}}

La figura de la desaparición forzada: de la transnacionalización a su manifestación en México

<p>Desde el final de la Segunda Guerra Mundial se han sucedido una serie de hitos jurídicos internacionales alrededor de los derechos humanos. Este despliegue en el ámbito del derecho internacional, contribuye a la reproducción de lo que algunos autores entienden como una “economía moral humanitaria”, </p>



<div style="text-align:center" class="wp-block-atomic-blocks-ab-button ab-block-button"><a href="https://alacip.org/cong15/pra-irazuzta8c.pdf" class="ab-button ab-button-shape-circular ab-button-size-medium" style="color:#ffffff;background-color:#3373dc">Descargar Archivo</a></div>



<p></p>
