{"id":38022,"date":"2020-09-29T08:10:03","date_gmt":"2020-09-29T11:10:03","guid":{"rendered":"https:\/\/alacip.org\/?post_type=todasponencias&#038;p=38022"},"modified":"2020-09-29T08:10:05","modified_gmt":"2020-09-29T11:10:05","slug":"por-uma-educacao-contra-hegemonica-uma-perspectiva-desde-o-campo","status":"publish","type":"todasponencias","link":"https:\/\/alacip.org\/?todasponencias=por-uma-educacao-contra-hegemonica-uma-perspectiva-desde-o-campo","title":{"rendered":"Por uma educa\u00e7\u00e3o contra hegem\u00f4nica: uma perspectiva desde o campo"},"content":{"rendered":"\n<p>Este trabalho apresenta o movimento pela educa\u00e7\u00e3o do campo em curso no Brasil, sendo resultado de um processo hist\u00f3rico de luta pelo acesso a terra, intrinsecamente relacionado ao direito \u00e0 educa\u00e7\u00e3o dos povos do campo.<\/p>\n\n\n\n<!--more-->\n\n\n\n<div style=\"text-align:center\" class=\"wp-block-atomic-blocks-ab-button ab-block-button\"><a href=\"https:\/\/alacip.org\/cong15\/pra-goncalves8c.pdf\" class=\"ab-button ab-button-shape-circular ab-button-size-medium\" style=\"color:#ffffff;background-color:#3373dc\">Descargar Archivo<\/a><\/div>\n\n\n\n<p><\/p>\n","protected":false},"featured_media":0,"template":"","meta":{"_genesis_hide_title":false,"_genesis_hide_breadcrumbs":false,"_genesis_hide_singular_image":false,"_genesis_hide_footer_widgets":false,"_genesis_custom_body_class":"","_genesis_custom_post_class":"","_genesis_layout":""},"filtro":[102],"anocongresso":[778],"conginstituicion":[565,330],"areatema":[161],"class_list":{"0":"post-38022","1":"todasponencias","2":"type-todasponencias","3":"status-publish","5":"filtro-brasil","6":"anocongresso-778","7":"conginstituicion-universidad-federal-de-santa-catarina","8":"conginstituicion-uni-brasilia","9":"areatema-participacion-representacion","10":"entry"},"_links":{"self":[{"href":"https:\/\/alacip.org\/index.php?rest_route=\/wp\/v2\/todasponencias\/38022","targetHints":{"allow":["GET"]}}],"collection":[{"href":"https:\/\/alacip.org\/index.php?rest_route=\/wp\/v2\/todasponencias"}],"about":[{"href":"https:\/\/alacip.org\/index.php?rest_route=\/wp\/v2\/types\/todasponencias"}],"wp:attachment":[{"href":"https:\/\/alacip.org\/index.php?rest_route=%2Fwp%2Fv2%2Fmedia&parent=38022"}],"wp:term":[{"taxonomy":"filtro","embeddable":true,"href":"https:\/\/alacip.org\/index.php?rest_route=%2Fwp%2Fv2%2Ffiltro&post=38022"},{"taxonomy":"anocongresso","embeddable":true,"href":"https:\/\/alacip.org\/index.php?rest_route=%2Fwp%2Fv2%2Fanocongresso&post=38022"},{"taxonomy":"conginstituicion","embeddable":true,"href":"https:\/\/alacip.org\/index.php?rest_route=%2Fwp%2Fv2%2Fconginstituicion&post=38022"},{"taxonomy":"areatema","embeddable":true,"href":"https:\/\/alacip.org\/index.php?rest_route=%2Fwp%2Fv2%2Fareatema&post=38022"}],"curies":[{"name":"wp","href":"https:\/\/api.w.org\/{rel}","templated":true}]}}

Por uma educação contra hegemônica: uma perspectiva desde o campo

<p>Este trabalho apresenta o movimento pela educação do campo em curso no Brasil, sendo resultado de um processo histórico de luta pelo acesso a terra, intrinsecamente relacionado ao direito à educação dos povos do campo.</p>



<!--more-->



<div style="text-align:center" class="wp-block-atomic-blocks-ab-button ab-block-button"><a href="https://alacip.org/cong15/pra-goncalves8c.pdf" class="ab-button ab-button-shape-circular ab-button-size-medium" style="color:#ffffff;background-color:#3373dc">Descargar Archivo</a></div>



<p></p>
