{"id":38031,"date":"2020-09-29T11:22:50","date_gmt":"2020-09-29T14:22:50","guid":{"rendered":"https:\/\/alacip.org\/?post_type=todasponencias&#038;p=38031"},"modified":"2020-10-05T08:32:40","modified_gmt":"2020-10-05T11:32:40","slug":"juventude-na-pauta-demandas-da-sociedade-civil-e-producao","status":"publish","type":"todasponencias","link":"https:\/\/alacip.org\/?todasponencias=juventude-na-pauta-demandas-da-sociedade-civil-e-producao","title":{"rendered":"Juventude na pauta: demandas da sociedade civil e produ\u00e7\u00e3o legislativa sobre juventude na c\u00e2mara dos deputados"},"content":{"rendered":"\n<p>A redemocratiza\u00e7\u00e3o brasileira favoreceu o surgimento de diversas associa\u00e7\u00f5es civis, bem como o florescimento de novas pautas reivindicat\u00f3rias pela garantia de direitos e amplia\u00e7\u00e3o da cidadania, o que possibilitou a cria\u00e7\u00e3o de novos arranjos institucionais participativos como os Conselhos e as Confer\u00eancias tem\u00e1ticas,<\/p>\n\n\n\n<!--more-->\n\n\n\n<div style=\"text-align:center\" class=\"wp-block-atomic-blocks-ab-button ab-block-button\"><a href=\"https:\/\/alacip.org\/cong15\/pra-dossantos8c.pdf\" class=\"ab-button ab-button-shape-circular ab-button-size-medium\" style=\"color:#ffffff;background-color:#3373dc\">Descargar Archivo<\/a><\/div>\n\n\n\n<p><\/p>\n","protected":false},"featured_media":0,"template":"","meta":{"_genesis_hide_title":false,"_genesis_hide_breadcrumbs":false,"_genesis_hide_singular_image":false,"_genesis_hide_footer_widgets":false,"_genesis_custom_body_class":"","_genesis_custom_post_class":"","_genesis_layout":""},"filtro":[102],"anocongresso":[778],"conginstituicion":[268],"areatema":[161],"class_list":{"0":"post-38031","1":"todasponencias","2":"type-todasponencias","3":"status-publish","5":"filtro-brasil","6":"anocongresso-778","7":"conginstituicion-uniufpa","8":"areatema-participacion-representacion","9":"entry"},"_links":{"self":[{"href":"https:\/\/alacip.org\/index.php?rest_route=\/wp\/v2\/todasponencias\/38031","targetHints":{"allow":["GET"]}}],"collection":[{"href":"https:\/\/alacip.org\/index.php?rest_route=\/wp\/v2\/todasponencias"}],"about":[{"href":"https:\/\/alacip.org\/index.php?rest_route=\/wp\/v2\/types\/todasponencias"}],"wp:attachment":[{"href":"https:\/\/alacip.org\/index.php?rest_route=%2Fwp%2Fv2%2Fmedia&parent=38031"}],"wp:term":[{"taxonomy":"filtro","embeddable":true,"href":"https:\/\/alacip.org\/index.php?rest_route=%2Fwp%2Fv2%2Ffiltro&post=38031"},{"taxonomy":"anocongresso","embeddable":true,"href":"https:\/\/alacip.org\/index.php?rest_route=%2Fwp%2Fv2%2Fanocongresso&post=38031"},{"taxonomy":"conginstituicion","embeddable":true,"href":"https:\/\/alacip.org\/index.php?rest_route=%2Fwp%2Fv2%2Fconginstituicion&post=38031"},{"taxonomy":"areatema","embeddable":true,"href":"https:\/\/alacip.org\/index.php?rest_route=%2Fwp%2Fv2%2Fareatema&post=38031"}],"curies":[{"name":"wp","href":"https:\/\/api.w.org\/{rel}","templated":true}]}}

Juventude na pauta: demandas da sociedade civil e produção legislativa sobre juventude na câmara dos deputados

<p>A redemocratização brasileira favoreceu o surgimento de diversas associações civis, bem como o florescimento de novas pautas reivindicatórias pela garantia de direitos e ampliação da cidadania, o que possibilitou a criação de novos arranjos institucionais participativos como os Conselhos e as Conferências temáticas,</p>



<!--more-->



<div style="text-align:center" class="wp-block-atomic-blocks-ab-button ab-block-button"><a href="https://alacip.org/cong15/pra-dossantos8c.pdf" class="ab-button ab-button-shape-circular ab-button-size-medium" style="color:#ffffff;background-color:#3373dc">Descargar Archivo</a></div>



<p></p>
