{"id":38037,"date":"2020-09-29T16:36:17","date_gmt":"2020-09-29T19:36:17","guid":{"rendered":"https:\/\/alacip.org\/?post_type=todasponencias&#038;p=38037"},"modified":"2020-10-05T08:32:14","modified_gmt":"2020-10-05T11:32:14","slug":"percepcoes-e-reacoes-brasileiras-frente-a-alianca-do-pacifico","status":"publish","type":"todasponencias","link":"https:\/\/alacip.org\/?todasponencias=percepcoes-e-reacoes-brasileiras-frente-a-alianca-do-pacifico","title":{"rendered":"Percep\u00e7\u00f5es e rea\u00e7\u00f5es brasileiras frente \u00e0 alian\u00e7a do pac\u00edfico: contrapeso ou converg\u00eancia?"},"content":{"rendered":"\n<p>Em 2012, inaugurou-se uma iniciativa de integra\u00e7\u00e3o a qual retoma no pre\u00e2mbulo de seu acordo marco os princ\u00edpios do regionalismo aberto.<\/p>\n\n\n\n<!--more-->\n\n\n\n<div style=\"text-align:center\" class=\"wp-block-atomic-blocks-ab-button ab-block-button\"><a href=\"https:\/\/alacip.org\/cong15\/int-luciano8c.pdf\" class=\"ab-button ab-button-shape-circular ab-button-size-medium\" style=\"color:#ffffff;background-color:#3373dc\">Descargar Archivo<\/a><\/div>\n\n\n\n<p><\/p>\n","protected":false},"featured_media":0,"template":"","meta":{"_genesis_hide_title":false,"_genesis_hide_breadcrumbs":false,"_genesis_hide_singular_image":false,"_genesis_hide_footer_widgets":false,"_genesis_custom_body_class":"","_genesis_custom_post_class":"","_genesis_layout":""},"filtro":[102],"anocongresso":[778],"conginstituicion":[253,514],"areatema":[160],"class_list":{"0":"post-38037","1":"todasponencias","2":"type-todasponencias","3":"status-publish","5":"filtro-brasil","6":"anocongresso-778","7":"conginstituicion-cpdoc-fgv","8":"conginstituicion-unifesp-universidade-federal-de-sao-paulo","9":"areatema-relaciones-internacionales","10":"entry"},"_links":{"self":[{"href":"https:\/\/alacip.org\/index.php?rest_route=\/wp\/v2\/todasponencias\/38037","targetHints":{"allow":["GET"]}}],"collection":[{"href":"https:\/\/alacip.org\/index.php?rest_route=\/wp\/v2\/todasponencias"}],"about":[{"href":"https:\/\/alacip.org\/index.php?rest_route=\/wp\/v2\/types\/todasponencias"}],"wp:attachment":[{"href":"https:\/\/alacip.org\/index.php?rest_route=%2Fwp%2Fv2%2Fmedia&parent=38037"}],"wp:term":[{"taxonomy":"filtro","embeddable":true,"href":"https:\/\/alacip.org\/index.php?rest_route=%2Fwp%2Fv2%2Ffiltro&post=38037"},{"taxonomy":"anocongresso","embeddable":true,"href":"https:\/\/alacip.org\/index.php?rest_route=%2Fwp%2Fv2%2Fanocongresso&post=38037"},{"taxonomy":"conginstituicion","embeddable":true,"href":"https:\/\/alacip.org\/index.php?rest_route=%2Fwp%2Fv2%2Fconginstituicion&post=38037"},{"taxonomy":"areatema","embeddable":true,"href":"https:\/\/alacip.org\/index.php?rest_route=%2Fwp%2Fv2%2Fareatema&post=38037"}],"curies":[{"name":"wp","href":"https:\/\/api.w.org\/{rel}","templated":true}]}}

Percepções e reações brasileiras frente à aliança do pacífico: contrapeso ou convergência?

<p>Em 2012, inaugurou-se uma iniciativa de integração a qual retoma no preâmbulo de seu acordo marco os princípios do regionalismo aberto.</p>



<!--more-->



<div style="text-align:center" class="wp-block-atomic-blocks-ab-button ab-block-button"><a href="https://alacip.org/cong15/int-luciano8c.pdf" class="ab-button ab-button-shape-circular ab-button-size-medium" style="color:#ffffff;background-color:#3373dc">Descargar Archivo</a></div>



<p></p>
