{"id":38038,"date":"2020-09-29T16:49:02","date_gmt":"2020-09-29T19:49:02","guid":{"rendered":"https:\/\/alacip.org\/?post_type=todasponencias&#038;p=38038"},"modified":"2020-09-29T16:49:03","modified_gmt":"2020-09-29T19:49:03","slug":"regionalismo-brasileiro-em-perspectiva-arranjos-para-paz-e-seguranca-no-atlantico-sul","status":"publish","type":"todasponencias","link":"https:\/\/alacip.org\/?todasponencias=regionalismo-brasileiro-em-perspectiva-arranjos-para-paz-e-seguranca-no-atlantico-sul","title":{"rendered":"Regionalismo brasileiro em perspectiva: arranjos para paz e seguran\u00e7a no Atl\u00e2ntico Sul"},"content":{"rendered":"\n<p>O regionalismo no Atl\u00e2ntico Sul na pauta da pol\u00edtica externa brasileira est\u00e1 relacionado \u00e0s circunst\u00e2ncias geogr\u00e1ficas e estrat\u00e9gicas, considerando o objetivo de garantir a estabilidade e a seguran\u00e7a necess\u00e1rias para impedir o surgimento de poss\u00edveis situa\u00e7\u00f5es nas quais interven\u00e7\u00f5es externas ou tens\u00f5es regionais resultem na diminui\u00e7\u00e3o da autonomia decis\u00f3ria brasileira ou na probabilidade do emprego da for\u00e7a.<\/p>\n\n\n\n<!--more-->\n\n\n\n<div style=\"text-align:center\" class=\"wp-block-atomic-blocks-ab-button ab-block-button\"><a href=\"https:\/\/alacip.org\/cong15\/int-luis8c.pdf\" class=\"ab-button ab-button-shape-circular ab-button-size-medium\" style=\"color:#ffffff;background-color:#3373dc\">Descargar Archivo<\/a><\/div>\n\n\n\n<p><\/p>\n","protected":false},"featured_media":0,"template":"","meta":{"_genesis_hide_title":false,"_genesis_hide_breadcrumbs":false,"_genesis_hide_singular_image":false,"_genesis_hide_footer_widgets":false,"_genesis_custom_body_class":"","_genesis_custom_post_class":"","_genesis_layout":""},"filtro":[102],"anocongresso":[778],"conginstituicion":[226,228],"areatema":[160],"class_list":{"0":"post-38038","1":"todasponencias","2":"type-todasponencias","3":"status-publish","5":"filtro-brasil","6":"anocongresso-778","7":"conginstituicion-unicampinas","8":"conginstituicion-unesp","9":"areatema-relaciones-internacionales","10":"entry"},"_links":{"self":[{"href":"https:\/\/alacip.org\/index.php?rest_route=\/wp\/v2\/todasponencias\/38038","targetHints":{"allow":["GET"]}}],"collection":[{"href":"https:\/\/alacip.org\/index.php?rest_route=\/wp\/v2\/todasponencias"}],"about":[{"href":"https:\/\/alacip.org\/index.php?rest_route=\/wp\/v2\/types\/todasponencias"}],"wp:attachment":[{"href":"https:\/\/alacip.org\/index.php?rest_route=%2Fwp%2Fv2%2Fmedia&parent=38038"}],"wp:term":[{"taxonomy":"filtro","embeddable":true,"href":"https:\/\/alacip.org\/index.php?rest_route=%2Fwp%2Fv2%2Ffiltro&post=38038"},{"taxonomy":"anocongresso","embeddable":true,"href":"https:\/\/alacip.org\/index.php?rest_route=%2Fwp%2Fv2%2Fanocongresso&post=38038"},{"taxonomy":"conginstituicion","embeddable":true,"href":"https:\/\/alacip.org\/index.php?rest_route=%2Fwp%2Fv2%2Fconginstituicion&post=38038"},{"taxonomy":"areatema","embeddable":true,"href":"https:\/\/alacip.org\/index.php?rest_route=%2Fwp%2Fv2%2Fareatema&post=38038"}],"curies":[{"name":"wp","href":"https:\/\/api.w.org\/{rel}","templated":true}]}}

Regionalismo brasileiro em perspectiva: arranjos para paz e segurança no Atlântico Sul

<p>O regionalismo no Atlântico Sul na pauta da política externa brasileira está relacionado às circunstâncias geográficas e estratégicas, considerando o objetivo de garantir a estabilidade e a segurança necessárias para impedir o surgimento de possíveis situações nas quais intervenções externas ou tensões regionais resultem na diminuição da autonomia decisória brasileira ou na probabilidade do emprego da força.</p>



<!--more-->



<div style="text-align:center" class="wp-block-atomic-blocks-ab-button ab-block-button"><a href="https://alacip.org/cong15/int-luis8c.pdf" class="ab-button ab-button-shape-circular ab-button-size-medium" style="color:#ffffff;background-color:#3373dc">Descargar Archivo</a></div>



<p></p>
