{"id":38044,"date":"2020-09-29T17:19:33","date_gmt":"2020-09-29T20:19:33","guid":{"rendered":"https:\/\/alacip.org\/?post_type=todasponencias&#038;p=38044"},"modified":"2020-09-29T17:19:35","modified_gmt":"2020-09-29T20:19:35","slug":"a-internacionalizacao-do-capitalismo-brasileiro-alguns-apontamentos","status":"publish","type":"todasponencias","link":"https:\/\/alacip.org\/?todasponencias=a-internacionalizacao-do-capitalismo-brasileiro-alguns-apontamentos","title":{"rendered":"A internacionaliza\u00e7\u00e3o do capitalismo brasileiro: alguns apontamentos"},"content":{"rendered":"\n<p>O artigo tem como objetivo estabelecer par\u00e2metros centrais para a constru\u00e7\u00e3o de um modelo de an\u00e1lise sobre a internacionaliza\u00e7\u00e3o do capitalismo brasileiro.<\/p>\n\n\n\n<!--more-->\n\n\n\n<div style=\"text-align:center\" class=\"wp-block-atomic-blocks-ab-button ab-block-button\"><a href=\"https:\/\/alacip.org\/cong15\/int-marquesdasilva8c.pdf\" class=\"ab-button ab-button-shape-circular ab-button-size-medium\" style=\"color:#ffffff;background-color:#3373dc\">Descargar Archivo<\/a><\/div>\n\n\n\n<p><\/p>\n","protected":false},"featured_media":0,"template":"","meta":{"_genesis_hide_title":false,"_genesis_hide_breadcrumbs":false,"_genesis_hide_singular_image":false,"_genesis_hide_footer_widgets":false,"_genesis_custom_body_class":"","_genesis_custom_post_class":"","_genesis_layout":""},"filtro":[102],"anocongresso":[778],"conginstituicion":[145],"areatema":[160],"class_list":{"0":"post-38044","1":"todasponencias","2":"type-todasponencias","3":"status-publish","5":"filtro-brasil","6":"anocongresso-778","7":"conginstituicion-iespuerj","8":"areatema-relaciones-internacionales","9":"entry"},"_links":{"self":[{"href":"https:\/\/alacip.org\/index.php?rest_route=\/wp\/v2\/todasponencias\/38044","targetHints":{"allow":["GET"]}}],"collection":[{"href":"https:\/\/alacip.org\/index.php?rest_route=\/wp\/v2\/todasponencias"}],"about":[{"href":"https:\/\/alacip.org\/index.php?rest_route=\/wp\/v2\/types\/todasponencias"}],"wp:attachment":[{"href":"https:\/\/alacip.org\/index.php?rest_route=%2Fwp%2Fv2%2Fmedia&parent=38044"}],"wp:term":[{"taxonomy":"filtro","embeddable":true,"href":"https:\/\/alacip.org\/index.php?rest_route=%2Fwp%2Fv2%2Ffiltro&post=38044"},{"taxonomy":"anocongresso","embeddable":true,"href":"https:\/\/alacip.org\/index.php?rest_route=%2Fwp%2Fv2%2Fanocongresso&post=38044"},{"taxonomy":"conginstituicion","embeddable":true,"href":"https:\/\/alacip.org\/index.php?rest_route=%2Fwp%2Fv2%2Fconginstituicion&post=38044"},{"taxonomy":"areatema","embeddable":true,"href":"https:\/\/alacip.org\/index.php?rest_route=%2Fwp%2Fv2%2Fareatema&post=38044"}],"curies":[{"name":"wp","href":"https:\/\/api.w.org\/{rel}","templated":true}]}}

A internacionalização do capitalismo brasileiro: alguns apontamentos

<p>O artigo tem como objetivo estabelecer parâmetros centrais para a construção de um modelo de análise sobre a internacionalização do capitalismo brasileiro.</p>



<!--more-->



<div style="text-align:center" class="wp-block-atomic-blocks-ab-button ab-block-button"><a href="https://alacip.org/cong15/int-marquesdasilva8c.pdf" class="ab-button ab-button-shape-circular ab-button-size-medium" style="color:#ffffff;background-color:#3373dc">Descargar Archivo</a></div>



<p></p>
