{"id":38058,"date":"2020-09-29T17:54:55","date_gmt":"2020-09-29T20:54:55","guid":{"rendered":"https:\/\/alacip.org\/?post_type=todasponencias&#038;p=38058"},"modified":"2020-10-05T08:23:51","modified_gmt":"2020-10-05T11:23:51","slug":"justicia-transicional-en-colombia-analisis-descriptivo-de-la-ley","status":"publish","type":"todasponencias","link":"https:\/\/alacip.org\/?todasponencias=justicia-transicional-en-colombia-analisis-descriptivo-de-la-ley","title":{"rendered":"\u00bfJusticia transicional en Colombia? An\u00e1lisis descriptivo de la ley de Justicia y Paz."},"content":{"rendered":"\n<p>La ley de justicia y paz, se da en Colombia a partir de las desmovilizaciones concertadas por el grupo armado de las AUC y el gobierno nacional, quienes en b\u00fasqueda de una paz estable y duradera deciden desmontar su organizaci\u00f3n bajo unos par\u00e1metros nacionales acordados bajo una normativa legal que les permita reinsertarse a la vida civilbajo el acompa\u00f1amiento del Estado,<\/p>\n\n\n\n<!--more-->\n\n\n\n<div style=\"text-align:center\" class=\"wp-block-atomic-blocks-ab-button ab-block-button\"><a href=\"https:\/\/alacip.org\/cong15\/pra-chitiva8c.pdf\" class=\"ab-button ab-button-shape-circular ab-button-size-medium\" style=\"color:#ffffff;background-color:#3373dc\">Descargar Archivo<\/a><\/div>\n\n\n\n<p><\/p>\n","protected":false},"featured_media":0,"template":"","meta":{"_genesis_hide_title":false,"_genesis_hide_breadcrumbs":false,"_genesis_hide_singular_image":false,"_genesis_hide_footer_widgets":false,"_genesis_custom_body_class":"","_genesis_custom_post_class":"","_genesis_layout":""},"filtro":[109],"anocongresso":[778],"conginstituicion":[458],"areatema":[161],"class_list":{"0":"post-38058","1":"todasponencias","2":"type-todasponencias","3":"status-publish","5":"filtro-colombia","6":"anocongresso-778","7":"conginstituicion-universidad-del-valle","8":"areatema-participacion-representacion","9":"entry"},"_links":{"self":[{"href":"https:\/\/alacip.org\/index.php?rest_route=\/wp\/v2\/todasponencias\/38058","targetHints":{"allow":["GET"]}}],"collection":[{"href":"https:\/\/alacip.org\/index.php?rest_route=\/wp\/v2\/todasponencias"}],"about":[{"href":"https:\/\/alacip.org\/index.php?rest_route=\/wp\/v2\/types\/todasponencias"}],"wp:attachment":[{"href":"https:\/\/alacip.org\/index.php?rest_route=%2Fwp%2Fv2%2Fmedia&parent=38058"}],"wp:term":[{"taxonomy":"filtro","embeddable":true,"href":"https:\/\/alacip.org\/index.php?rest_route=%2Fwp%2Fv2%2Ffiltro&post=38058"},{"taxonomy":"anocongresso","embeddable":true,"href":"https:\/\/alacip.org\/index.php?rest_route=%2Fwp%2Fv2%2Fanocongresso&post=38058"},{"taxonomy":"conginstituicion","embeddable":true,"href":"https:\/\/alacip.org\/index.php?rest_route=%2Fwp%2Fv2%2Fconginstituicion&post=38058"},{"taxonomy":"areatema","embeddable":true,"href":"https:\/\/alacip.org\/index.php?rest_route=%2Fwp%2Fv2%2Fareatema&post=38058"}],"curies":[{"name":"wp","href":"https:\/\/api.w.org\/{rel}","templated":true}]}}

¿Justicia transicional en Colombia? Análisis descriptivo de la ley de Justicia y Paz.

<p>La ley de justicia y paz, se da en Colombia a partir de las desmovilizaciones concertadas por el grupo armado de las AUC y el gobierno nacional, quienes en búsqueda de una paz estable y duradera deciden desmontar su organización bajo unos parámetros nacionales acordados bajo una normativa legal que les permita reinsertarse a la vida civilbajo el acompañamiento del Estado,</p>



<!--more-->



<div style="text-align:center" class="wp-block-atomic-blocks-ab-button ab-block-button"><a href="https://alacip.org/cong15/pra-chitiva8c.pdf" class="ab-button ab-button-shape-circular ab-button-size-medium" style="color:#ffffff;background-color:#3373dc">Descargar Archivo</a></div>



<p></p>
