{"id":38062,"date":"2020-09-29T18:05:15","date_gmt":"2020-09-29T21:05:15","guid":{"rendered":"https:\/\/alacip.org\/?post_type=todasponencias&#038;p=38062"},"modified":"2020-09-29T18:05:16","modified_gmt":"2020-09-29T21:05:16","slug":"ha-lugar-para-movimentos-sociais-na-teoria-decolonial","status":"publish","type":"todasponencias","link":"https:\/\/alacip.org\/?todasponencias=ha-lugar-para-movimentos-sociais-na-teoria-decolonial","title":{"rendered":"H\u00e1 lugar para movimentos sociais na teoria decolonial?"},"content":{"rendered":"\n<p>O artigo discute que lugar ocupa \u2013 e que lugar poderia ocupar \u2013 a categoria de movimentos sociais na teoria decolonial. Os movimentos s\u00e3o citados, nesta teoria, como exemplos de resist\u00eancia \u00e0 colonialidade, seja como grupos que colocam em pr\u00e1tica o pensamento decolonial ou que promovem modernidades alternativas.<\/p>\n\n\n\n<!--more-->\n\n\n\n<div style=\"text-align:center\" class=\"wp-block-atomic-blocks-ab-button ab-block-button\"><a href=\"https:\/\/alacip.org\/cong15\/pra-carvalho8c.pdf\" class=\"ab-button ab-button-shape-circular ab-button-size-medium\" style=\"color:#ffffff;background-color:#3373dc\">Descargar Archivo<\/a><\/div>\n\n\n\n<p><\/p>\n","protected":false},"featured_media":0,"template":"","meta":{"_genesis_hide_title":false,"_genesis_hide_breadcrumbs":false,"_genesis_hide_singular_image":false,"_genesis_hide_footer_widgets":false,"_genesis_custom_body_class":"","_genesis_custom_post_class":"","_genesis_layout":""},"filtro":[102],"anocongresso":[778],"conginstituicion":[381],"areatema":[161],"class_list":{"0":"post-38062","1":"todasponencias","2":"type-todasponencias","3":"status-publish","5":"filtro-brasil","6":"anocongresso-778","7":"conginstituicion-uminas-geais","8":"areatema-participacion-representacion","9":"entry"},"_links":{"self":[{"href":"https:\/\/alacip.org\/index.php?rest_route=\/wp\/v2\/todasponencias\/38062","targetHints":{"allow":["GET"]}}],"collection":[{"href":"https:\/\/alacip.org\/index.php?rest_route=\/wp\/v2\/todasponencias"}],"about":[{"href":"https:\/\/alacip.org\/index.php?rest_route=\/wp\/v2\/types\/todasponencias"}],"wp:attachment":[{"href":"https:\/\/alacip.org\/index.php?rest_route=%2Fwp%2Fv2%2Fmedia&parent=38062"}],"wp:term":[{"taxonomy":"filtro","embeddable":true,"href":"https:\/\/alacip.org\/index.php?rest_route=%2Fwp%2Fv2%2Ffiltro&post=38062"},{"taxonomy":"anocongresso","embeddable":true,"href":"https:\/\/alacip.org\/index.php?rest_route=%2Fwp%2Fv2%2Fanocongresso&post=38062"},{"taxonomy":"conginstituicion","embeddable":true,"href":"https:\/\/alacip.org\/index.php?rest_route=%2Fwp%2Fv2%2Fconginstituicion&post=38062"},{"taxonomy":"areatema","embeddable":true,"href":"https:\/\/alacip.org\/index.php?rest_route=%2Fwp%2Fv2%2Fareatema&post=38062"}],"curies":[{"name":"wp","href":"https:\/\/api.w.org\/{rel}","templated":true}]}}

Há lugar para movimentos sociais na teoria decolonial?

<p>O artigo discute que lugar ocupa – e que lugar poderia ocupar – a categoria de movimentos sociais na teoria decolonial. Os movimentos são citados, nesta teoria, como exemplos de resistência à colonialidade, seja como grupos que colocam em prática o pensamento decolonial ou que promovem modernidades alternativas.</p>



<!--more-->



<div style="text-align:center" class="wp-block-atomic-blocks-ab-button ab-block-button"><a href="https://alacip.org/cong15/pra-carvalho8c.pdf" class="ab-button ab-button-shape-circular ab-button-size-medium" style="color:#ffffff;background-color:#3373dc">Descargar Archivo</a></div>



<p></p>
