{"id":38064,"date":"2020-09-29T18:18:17","date_gmt":"2020-09-29T21:18:17","guid":{"rendered":"https:\/\/alacip.org\/?post_type=todasponencias&#038;p=38064"},"modified":"2020-10-05T08:23:09","modified_gmt":"2020-10-05T11:23:09","slug":"bacrim-en-la-zona-sur-oriental-de-cali-colombia-conflicto","status":"publish","type":"todasponencias","link":"https:\/\/alacip.org\/?todasponencias=bacrim-en-la-zona-sur-oriental-de-cali-colombia-conflicto","title":{"rendered":"BACRIM en la Zona Sur-Oriental de Cali Colombia. Conflicto entre las bandas \u201cUrabe\u00f1os\u201d y \u201cRastrojos\u201d"},"content":{"rendered":"\n<p>El fen\u00f3meno de las bandas criminales BACRIM, que surgi\u00f3luego de la desmovilizaci\u00f3n de los grupos paramilitares,proceso que se implementoa partir dela Ley975 de 2005 (LeyJusticia y Paz),se constituyeen la actualidad como una de las mayores problem\u00e1ticas en las zonas socialmente vulnerables de las ciudades colombianas<\/p>\n\n\n\n<!--more-->\n\n\n\n<div style=\"text-align:center\" class=\"wp-block-atomic-blocks-ab-button ab-block-button\"><a href=\"https:\/\/alacip.org\/cong15\/pra-cabrera8c.pdf\" class=\"ab-button ab-button-shape-circular ab-button-size-medium\" style=\"color:#ffffff;background-color:#3373dc\">Descargar Archivo<\/a><\/div>\n\n\n\n<p><\/p>\n","protected":false},"featured_media":0,"template":"","meta":{"_genesis_hide_title":false,"_genesis_hide_breadcrumbs":false,"_genesis_hide_singular_image":false,"_genesis_hide_footer_widgets":false,"_genesis_custom_body_class":"","_genesis_custom_post_class":"","_genesis_layout":""},"filtro":[109],"anocongresso":[778],"conginstituicion":[458],"areatema":[161],"class_list":{"0":"post-38064","1":"todasponencias","2":"type-todasponencias","3":"status-publish","5":"filtro-colombia","6":"anocongresso-778","7":"conginstituicion-universidad-del-valle","8":"areatema-participacion-representacion","9":"entry"},"_links":{"self":[{"href":"https:\/\/alacip.org\/index.php?rest_route=\/wp\/v2\/todasponencias\/38064","targetHints":{"allow":["GET"]}}],"collection":[{"href":"https:\/\/alacip.org\/index.php?rest_route=\/wp\/v2\/todasponencias"}],"about":[{"href":"https:\/\/alacip.org\/index.php?rest_route=\/wp\/v2\/types\/todasponencias"}],"wp:attachment":[{"href":"https:\/\/alacip.org\/index.php?rest_route=%2Fwp%2Fv2%2Fmedia&parent=38064"}],"wp:term":[{"taxonomy":"filtro","embeddable":true,"href":"https:\/\/alacip.org\/index.php?rest_route=%2Fwp%2Fv2%2Ffiltro&post=38064"},{"taxonomy":"anocongresso","embeddable":true,"href":"https:\/\/alacip.org\/index.php?rest_route=%2Fwp%2Fv2%2Fanocongresso&post=38064"},{"taxonomy":"conginstituicion","embeddable":true,"href":"https:\/\/alacip.org\/index.php?rest_route=%2Fwp%2Fv2%2Fconginstituicion&post=38064"},{"taxonomy":"areatema","embeddable":true,"href":"https:\/\/alacip.org\/index.php?rest_route=%2Fwp%2Fv2%2Fareatema&post=38064"}],"curies":[{"name":"wp","href":"https:\/\/api.w.org\/{rel}","templated":true}]}}

BACRIM en la Zona Sur-Oriental de Cali Colombia. Conflicto entre las bandas “Urabeños” y “Rastrojos”

<p>El fenómeno de las bandas criminales BACRIM, que surgióluego de la desmovilización de los grupos paramilitares,proceso que se implementoa partir dela Ley975 de 2005 (LeyJusticia y Paz),se constituyeen la actualidad como una de las mayores problemáticas en las zonas socialmente vulnerables de las ciudades colombianas</p>



<!--more-->



<div style="text-align:center" class="wp-block-atomic-blocks-ab-button ab-block-button"><a href="https://alacip.org/cong15/pra-cabrera8c.pdf" class="ab-button ab-button-shape-circular ab-button-size-medium" style="color:#ffffff;background-color:#3373dc">Descargar Archivo</a></div>



<p></p>
