{"id":38073,"date":"2020-09-29T19:53:13","date_gmt":"2020-09-29T22:53:13","guid":{"rendered":"https:\/\/alacip.org\/?post_type=todasponencias&#038;p=38073"},"modified":"2020-10-05T08:21:35","modified_gmt":"2020-10-05T11:21:35","slug":"acumulacion-y-conflicto-armado-en-el-magdalena-medio","status":"publish","type":"todasponencias","link":"https:\/\/alacip.org\/?todasponencias=acumulacion-y-conflicto-armado-en-el-magdalena-medio","title":{"rendered":"Acumulaci\u00f3n  y  conflicto  armado  en  el  Magdalena  Medio  colombiano  (1990-2010).  Una (re)lectura del desarrollo regional en claves de acumulaci\u00f3n por desposesi\u00f3n"},"content":{"rendered":"\n<p>Este art\u00edculo propone una (re)lectura del desarrollo regional del Magdalena Medio colombiano (1990-2010) desde el referente de acumulaci\u00f3n por desposesi\u00f3n. Sostenemos que este marco anal\u00edtico permite vincular el desarrollo capitalista con las diferentes expresiones del conflicto social y armado.<\/p>\n\n\n\n<!--more-->\n\n\n\n<div style=\"text-align:center\" class=\"wp-block-atomic-blocks-ab-button ab-block-button\"><a href=\"https:\/\/alacip.org\/cong15\/pra-aviles8c.pdf\" class=\"ab-button ab-button-shape-circular ab-button-size-medium\" style=\"color:#ffffff;background-color:#3373dc\">Descargar Archivo<\/a><\/div>\n\n\n\n<p><\/p>\n","protected":false},"featured_media":0,"template":"","meta":{"_genesis_hide_title":false,"_genesis_hide_breadcrumbs":false,"_genesis_hide_singular_image":false,"_genesis_hide_footer_widgets":false,"_genesis_custom_body_class":"","_genesis_custom_post_class":"","_genesis_layout":""},"filtro":[107],"anocongresso":[778],"conginstituicion":[276,595],"areatema":[161],"class_list":{"0":"post-38073","1":"todasponencias","2":"type-todasponencias","3":"status-publish","5":"filtro-equador","6":"anocongresso-778","7":"conginstituicion-flsc-flacso","8":"conginstituicion-universidad-de-las-americas","9":"areatema-participacion-representacion","10":"entry"},"_links":{"self":[{"href":"https:\/\/alacip.org\/index.php?rest_route=\/wp\/v2\/todasponencias\/38073","targetHints":{"allow":["GET"]}}],"collection":[{"href":"https:\/\/alacip.org\/index.php?rest_route=\/wp\/v2\/todasponencias"}],"about":[{"href":"https:\/\/alacip.org\/index.php?rest_route=\/wp\/v2\/types\/todasponencias"}],"wp:attachment":[{"href":"https:\/\/alacip.org\/index.php?rest_route=%2Fwp%2Fv2%2Fmedia&parent=38073"}],"wp:term":[{"taxonomy":"filtro","embeddable":true,"href":"https:\/\/alacip.org\/index.php?rest_route=%2Fwp%2Fv2%2Ffiltro&post=38073"},{"taxonomy":"anocongresso","embeddable":true,"href":"https:\/\/alacip.org\/index.php?rest_route=%2Fwp%2Fv2%2Fanocongresso&post=38073"},{"taxonomy":"conginstituicion","embeddable":true,"href":"https:\/\/alacip.org\/index.php?rest_route=%2Fwp%2Fv2%2Fconginstituicion&post=38073"},{"taxonomy":"areatema","embeddable":true,"href":"https:\/\/alacip.org\/index.php?rest_route=%2Fwp%2Fv2%2Fareatema&post=38073"}],"curies":[{"name":"wp","href":"https:\/\/api.w.org\/{rel}","templated":true}]}}

Acumulación  y  conflicto  armado  en  el  Magdalena  Medio  colombiano  (1990-2010).  Una (re)lectura del desarrollo regional en claves de acumulación por desposesión

<p>Este artículo propone una (re)lectura del desarrollo regional del Magdalena Medio colombiano (1990-2010) desde el referente de acumulación por desposesión. Sostenemos que este marco analítico permite vincular el desarrollo capitalista con las diferentes expresiones del conflicto social y armado.</p>



<!--more-->



<div style="text-align:center" class="wp-block-atomic-blocks-ab-button ab-block-button"><a href="https://alacip.org/cong15/pra-aviles8c.pdf" class="ab-button ab-button-shape-circular ab-button-size-medium" style="color:#ffffff;background-color:#3373dc">Descargar Archivo</a></div>



<p></p>
