{"id":38079,"date":"2020-09-29T20:14:45","date_gmt":"2020-09-29T23:14:45","guid":{"rendered":"https:\/\/alacip.org\/?post_type=todasponencias&#038;p=38079"},"modified":"2020-10-05T08:18:34","modified_gmt":"2020-10-05T11:18:34","slug":"o-brasil-e-a-integracao-regional-o-descompasso-entre-o-incentivo","status":"publish","type":"todasponencias","link":"https:\/\/alacip.org\/?todasponencias=o-brasil-e-a-integracao-regional-o-descompasso-entre-o-incentivo","title":{"rendered":"O Brasil e a Integra\u00e7\u00e3o Regional: o descompasso entre o incentivo estatal e a ades\u00e3o social."},"content":{"rendered":"\n<p>O presente artigo \u00e9 parte integrante de um projeto de pesquisa mais amplo, em n\u00edvel de doutorado, que busca analisar a integra\u00e7\u00e3o regional latino-americana a partir da percep\u00e7\u00e3o de diferentes atores sociais brasileiros.<\/p>\n\n\n\n<!--more-->\n\n\n\n<div style=\"text-align:center\" class=\"wp-block-atomic-blocks-ab-button ab-block-button\"><a href=\"https:\/\/alacip.org\/cong15\/int-pinto8c.pdf\" class=\"ab-button ab-button-shape-circular ab-button-size-medium\" style=\"color:#ffffff;background-color:#3373dc\">Descargar Archivo<\/a><\/div>\n\n\n\n<p><\/p>\n","protected":false},"featured_media":0,"template":"","meta":{"_genesis_hide_title":false,"_genesis_hide_breadcrumbs":false,"_genesis_hide_singular_image":false,"_genesis_hide_footer_widgets":false,"_genesis_custom_body_class":"","_genesis_custom_post_class":"","_genesis_layout":""},"filtro":[102],"anocongresso":[778],"conginstituicion":[205],"areatema":[160],"class_list":{"0":"post-38079","1":"todasponencias","2":"type-todasponencias","3":"status-publish","5":"filtro-brasil","6":"anocongresso-778","7":"conginstituicion-unufrgs","8":"areatema-relaciones-internacionales","9":"entry"},"_links":{"self":[{"href":"https:\/\/alacip.org\/index.php?rest_route=\/wp\/v2\/todasponencias\/38079","targetHints":{"allow":["GET"]}}],"collection":[{"href":"https:\/\/alacip.org\/index.php?rest_route=\/wp\/v2\/todasponencias"}],"about":[{"href":"https:\/\/alacip.org\/index.php?rest_route=\/wp\/v2\/types\/todasponencias"}],"wp:attachment":[{"href":"https:\/\/alacip.org\/index.php?rest_route=%2Fwp%2Fv2%2Fmedia&parent=38079"}],"wp:term":[{"taxonomy":"filtro","embeddable":true,"href":"https:\/\/alacip.org\/index.php?rest_route=%2Fwp%2Fv2%2Ffiltro&post=38079"},{"taxonomy":"anocongresso","embeddable":true,"href":"https:\/\/alacip.org\/index.php?rest_route=%2Fwp%2Fv2%2Fanocongresso&post=38079"},{"taxonomy":"conginstituicion","embeddable":true,"href":"https:\/\/alacip.org\/index.php?rest_route=%2Fwp%2Fv2%2Fconginstituicion&post=38079"},{"taxonomy":"areatema","embeddable":true,"href":"https:\/\/alacip.org\/index.php?rest_route=%2Fwp%2Fv2%2Fareatema&post=38079"}],"curies":[{"name":"wp","href":"https:\/\/api.w.org\/{rel}","templated":true}]}}

O Brasil e a Integração Regional: o descompasso entre o incentivo estatal e a adesão social.

<p>O presente artigo é parte integrante de um projeto de pesquisa mais amplo, em nível de doutorado, que busca analisar a integração regional latino-americana a partir da percepção de diferentes atores sociais brasileiros.</p>



<!--more-->



<div style="text-align:center" class="wp-block-atomic-blocks-ab-button ab-block-button"><a href="https://alacip.org/cong15/int-pinto8c.pdf" class="ab-button ab-button-shape-circular ab-button-size-medium" style="color:#ffffff;background-color:#3373dc">Descargar Archivo</a></div>



<p></p>
