{"id":38083,"date":"2020-09-29T20:37:54","date_gmt":"2020-09-29T23:37:54","guid":{"rendered":"https:\/\/alacip.org\/?post_type=todasponencias&#038;p=38083"},"modified":"2020-09-29T20:37:56","modified_gmt":"2020-09-29T23:37:56","slug":"reordenamiento-geopolitico-brasileno-en-el-caribe","status":"publish","type":"todasponencias","link":"https:\/\/alacip.org\/?todasponencias=reordenamiento-geopolitico-brasileno-en-el-caribe","title":{"rendered":"Reordenamiento geopol\u00edtico Brasile\u00f1o en el Caribe"},"content":{"rendered":"\n<p>Este art\u00edculo pretende esbozar como el desarrollo y la integraci\u00f3n promovida por Brasil en el Caribe es parte de un contexto geopol\u00edtico, en el marco de un regionalismo aut\u00f3nomo, orientado por una integraci\u00f3n pol\u00edtica y estrat\u00e9gica de Am\u00e9rica Latina y el Caribe, entendida como esfuerzos para actuar de una manera diferente de los modelos antiguos de integraci\u00f3n.<\/p>\n\n\n\n<!--more-->\n\n\n\n<div style=\"text-align:center\" class=\"wp-block-atomic-blocks-ab-button ab-block-button\"><a href=\"https:\/\/alacip.org\/cong15\/int-rodrigues3-8c.pdf\" class=\"ab-button ab-button-shape-circular ab-button-size-medium\" style=\"color:#ffffff;background-color:#3373dc\">Descargar Archivo<\/a><\/div>\n\n\n\n<p><\/p>\n","protected":false},"featured_media":0,"template":"","meta":{"_genesis_hide_title":false,"_genesis_hide_breadcrumbs":false,"_genesis_hide_singular_image":false,"_genesis_hide_footer_widgets":false,"_genesis_custom_body_class":"","_genesis_custom_post_class":"","_genesis_layout":""},"filtro":[102],"anocongresso":[778],"conginstituicion":[291],"areatema":[160],"class_list":{"0":"post-38083","1":"todasponencias","2":"type-todasponencias","3":"status-publish","5":"filtro-brasil","6":"anocongresso-778","7":"conginstituicion-ufderioj","8":"areatema-relaciones-internacionales","9":"entry"},"_links":{"self":[{"href":"https:\/\/alacip.org\/index.php?rest_route=\/wp\/v2\/todasponencias\/38083","targetHints":{"allow":["GET"]}}],"collection":[{"href":"https:\/\/alacip.org\/index.php?rest_route=\/wp\/v2\/todasponencias"}],"about":[{"href":"https:\/\/alacip.org\/index.php?rest_route=\/wp\/v2\/types\/todasponencias"}],"wp:attachment":[{"href":"https:\/\/alacip.org\/index.php?rest_route=%2Fwp%2Fv2%2Fmedia&parent=38083"}],"wp:term":[{"taxonomy":"filtro","embeddable":true,"href":"https:\/\/alacip.org\/index.php?rest_route=%2Fwp%2Fv2%2Ffiltro&post=38083"},{"taxonomy":"anocongresso","embeddable":true,"href":"https:\/\/alacip.org\/index.php?rest_route=%2Fwp%2Fv2%2Fanocongresso&post=38083"},{"taxonomy":"conginstituicion","embeddable":true,"href":"https:\/\/alacip.org\/index.php?rest_route=%2Fwp%2Fv2%2Fconginstituicion&post=38083"},{"taxonomy":"areatema","embeddable":true,"href":"https:\/\/alacip.org\/index.php?rest_route=%2Fwp%2Fv2%2Fareatema&post=38083"}],"curies":[{"name":"wp","href":"https:\/\/api.w.org\/{rel}","templated":true}]}}

Reordenamiento geopolítico Brasileño en el Caribe

<p>Este artículo pretende esbozar como el desarrollo y la integración promovida por Brasil en el Caribe es parte de un contexto geopolítico, en el marco de un regionalismo autónomo, orientado por una integración política y estratégica de América Latina y el Caribe, entendida como esfuerzos para actuar de una manera diferente de los modelos antiguos de integración.</p>



<!--more-->



<div style="text-align:center" class="wp-block-atomic-blocks-ab-button ab-block-button"><a href="https://alacip.org/cong15/int-rodrigues3-8c.pdf" class="ab-button ab-button-shape-circular ab-button-size-medium" style="color:#ffffff;background-color:#3373dc">Descargar Archivo</a></div>



<p></p>
