{"id":38090,"date":"2020-09-30T07:30:08","date_gmt":"2020-09-30T10:30:08","guid":{"rendered":"https:\/\/alacip.org\/?post_type=todasponencias&#038;p=38090"},"modified":"2020-10-05T08:16:43","modified_gmt":"2020-10-05T11:16:43","slug":"expresiones-del-paramilitarismo-en-la-america-latina-un-estudio","status":"publish","type":"todasponencias","link":"https:\/\/alacip.org\/?todasponencias=expresiones-del-paramilitarismo-en-la-america-latina-un-estudio","title":{"rendered":"Expresiones del paramilitarismo en la America Latina: un estudio comparativo sobre las dinamicas de poder y or\u00edgenes del control social y territorial de paramilitares en Colombia y milicias en Brasil"},"content":{"rendered":"\n<p>El presente estudio tiene como prop\u00f3sito identificar las posibles semejanzas y distinciones entre el fen\u00f3meno del paramilitarismo en el \u00e1mbito del conflicto armado colombiano, con enfoque en el departamento de Antioquia y la expansi\u00f3n de grupos armados ilegales, conocidos como milicias, en el estado de Rio de Janeiro, en el contexto de violencia urbana en Brasil.<\/p>\n\n\n\n<!--more-->\n\n\n\n<div style=\"text-align:center\" class=\"wp-block-atomic-blocks-ab-button ab-block-button\"><a href=\"https:\/\/alacip.org\/cong15\/int-pitta8c.pdf\" class=\"ab-button ab-button-shape-circular ab-button-size-medium\" style=\"color:#ffffff;background-color:#3373dc\">Descargar Archivo<\/a><\/div>\n\n\n\n<p><\/p>\n","protected":false},"featured_media":0,"template":"","meta":{"_genesis_hide_title":false,"_genesis_hide_breadcrumbs":false,"_genesis_hide_singular_image":false,"_genesis_hide_footer_widgets":false,"_genesis_custom_body_class":"","_genesis_custom_post_class":"","_genesis_layout":""},"filtro":[109],"anocongresso":[778],"conginstituicion":[271],"areatema":[160],"class_list":{"0":"post-38090","1":"todasponencias","2":"type-todasponencias","3":"status-publish","5":"filtro-colombia","6":"anocongresso-778","7":"conginstituicion-universidad-de-los-andes","8":"areatema-relaciones-internacionales","9":"entry"},"_links":{"self":[{"href":"https:\/\/alacip.org\/index.php?rest_route=\/wp\/v2\/todasponencias\/38090","targetHints":{"allow":["GET"]}}],"collection":[{"href":"https:\/\/alacip.org\/index.php?rest_route=\/wp\/v2\/todasponencias"}],"about":[{"href":"https:\/\/alacip.org\/index.php?rest_route=\/wp\/v2\/types\/todasponencias"}],"wp:attachment":[{"href":"https:\/\/alacip.org\/index.php?rest_route=%2Fwp%2Fv2%2Fmedia&parent=38090"}],"wp:term":[{"taxonomy":"filtro","embeddable":true,"href":"https:\/\/alacip.org\/index.php?rest_route=%2Fwp%2Fv2%2Ffiltro&post=38090"},{"taxonomy":"anocongresso","embeddable":true,"href":"https:\/\/alacip.org\/index.php?rest_route=%2Fwp%2Fv2%2Fanocongresso&post=38090"},{"taxonomy":"conginstituicion","embeddable":true,"href":"https:\/\/alacip.org\/index.php?rest_route=%2Fwp%2Fv2%2Fconginstituicion&post=38090"},{"taxonomy":"areatema","embeddable":true,"href":"https:\/\/alacip.org\/index.php?rest_route=%2Fwp%2Fv2%2Fareatema&post=38090"}],"curies":[{"name":"wp","href":"https:\/\/api.w.org\/{rel}","templated":true}]}}

Expresiones del paramilitarismo en la America Latina: un estudio comparativo sobre las dinamicas de poder y orígenes del control social y territorial de paramilitares en Colombia y milicias en Brasil

<p>El presente estudio tiene como propósito identificar las posibles semejanzas y distinciones entre el fenómeno del paramilitarismo en el ámbito del conflicto armado colombiano, con enfoque en el departamento de Antioquia y la expansión de grupos armados ilegales, conocidos como milicias, en el estado de Rio de Janeiro, en el contexto de violencia urbana en Brasil.</p>



<!--more-->



<div style="text-align:center" class="wp-block-atomic-blocks-ab-button ab-block-button"><a href="https://alacip.org/cong15/int-pitta8c.pdf" class="ab-button ab-button-shape-circular ab-button-size-medium" style="color:#ffffff;background-color:#3373dc">Descargar Archivo</a></div>



<p></p>
