{"id":38093,"date":"2020-09-30T07:45:30","date_gmt":"2020-09-30T10:45:30","guid":{"rendered":"https:\/\/alacip.org\/?post_type=todasponencias&#038;p=38093"},"modified":"2020-09-30T07:45:31","modified_gmt":"2020-09-30T10:45:31","slug":"as-regioes-de-fronteira-na-integracao-o-caso-brasil-uruguai","status":"publish","type":"todasponencias","link":"https:\/\/alacip.org\/?todasponencias=as-regioes-de-fronteira-na-integracao-o-caso-brasil-uruguai","title":{"rendered":"As regi\u00f5es de fronteira na integra\u00e7\u00e3o: o caso Brasil-Uruguai"},"content":{"rendered":"\n<p>As regi\u00f5es de fronteira podem ser consideradas como o primeiro n\u00edvel de integra\u00e7\u00e3o com os pa\u00edses vizinhos. Nessas regi\u00f5es a integra\u00e7\u00e3o \u00e9 fen\u00f4meno inexor\u00e1vel, pois ali ocorre em seu cotidiano operacional: no conv\u00edvio do dia a dia, entre pessoas, empresas, fluxos financeiros, culturais e simb\u00f3licos.<\/p>\n\n\n\n<!--more-->\n\n\n\n<div style=\"text-align:center\" class=\"wp-block-atomic-blocks-ab-button ab-block-button\"><a href=\"https:\/\/alacip.org\/cong15\/int-scherma8c.pdf\" class=\"ab-button ab-button-shape-circular ab-button-size-medium\" style=\"color:#ffffff;background-color:#3373dc\">Descargar Archivo<\/a><\/div>\n\n\n\n<p><\/p>\n","protected":false},"featured_media":0,"template":"","meta":{"_genesis_hide_title":false,"_genesis_hide_breadcrumbs":false,"_genesis_hide_singular_image":false,"_genesis_hide_footer_widgets":false,"_genesis_custom_body_class":"","_genesis_custom_post_class":"","_genesis_layout":""},"filtro":[102],"anocongresso":[778],"conginstituicion":[808],"areatema":[160],"class_list":{"0":"post-38093","1":"todasponencias","2":"type-todasponencias","3":"status-publish","5":"filtro-brasil","6":"anocongresso-778","7":"conginstituicion-universidade-federal-da-grande-dourados-ufgd","8":"areatema-relaciones-internacionales","9":"entry"},"_links":{"self":[{"href":"https:\/\/alacip.org\/index.php?rest_route=\/wp\/v2\/todasponencias\/38093","targetHints":{"allow":["GET"]}}],"collection":[{"href":"https:\/\/alacip.org\/index.php?rest_route=\/wp\/v2\/todasponencias"}],"about":[{"href":"https:\/\/alacip.org\/index.php?rest_route=\/wp\/v2\/types\/todasponencias"}],"wp:attachment":[{"href":"https:\/\/alacip.org\/index.php?rest_route=%2Fwp%2Fv2%2Fmedia&parent=38093"}],"wp:term":[{"taxonomy":"filtro","embeddable":true,"href":"https:\/\/alacip.org\/index.php?rest_route=%2Fwp%2Fv2%2Ffiltro&post=38093"},{"taxonomy":"anocongresso","embeddable":true,"href":"https:\/\/alacip.org\/index.php?rest_route=%2Fwp%2Fv2%2Fanocongresso&post=38093"},{"taxonomy":"conginstituicion","embeddable":true,"href":"https:\/\/alacip.org\/index.php?rest_route=%2Fwp%2Fv2%2Fconginstituicion&post=38093"},{"taxonomy":"areatema","embeddable":true,"href":"https:\/\/alacip.org\/index.php?rest_route=%2Fwp%2Fv2%2Fareatema&post=38093"}],"curies":[{"name":"wp","href":"https:\/\/api.w.org\/{rel}","templated":true}]}}

As regiões de fronteira na integração: o caso Brasil-Uruguai

<p>As regiões de fronteira podem ser consideradas como o primeiro nível de integração com os países vizinhos. Nessas regiões a integração é fenômeno inexorável, pois ali ocorre em seu cotidiano operacional: no convívio do dia a dia, entre pessoas, empresas, fluxos financeiros, culturais e simbólicos.</p>



<!--more-->



<div style="text-align:center" class="wp-block-atomic-blocks-ab-button ab-block-button"><a href="https://alacip.org/cong15/int-scherma8c.pdf" class="ab-button ab-button-shape-circular ab-button-size-medium" style="color:#ffffff;background-color:#3373dc">Descargar Archivo</a></div>



<p></p>
