{"id":38095,"date":"2020-09-30T07:50:04","date_gmt":"2020-09-30T10:50:04","guid":{"rendered":"https:\/\/alacip.org\/?post_type=todasponencias&#038;p=38095"},"modified":"2020-09-30T07:50:05","modified_gmt":"2020-09-30T10:50:05","slug":"las-relaciones-brasil-venezuela-entre-la-rivalidad-y-la-cooperacion-2002-2010","status":"publish","type":"todasponencias","link":"https:\/\/alacip.org\/?todasponencias=las-relaciones-brasil-venezuela-entre-la-rivalidad-y-la-cooperacion-2002-2010","title":{"rendered":"Las relaciones Brasil-Venezuela: entre la rivalidad y la cooperaci\u00f3n (2002-2010)"},"content":{"rendered":"\n<p>El comienzo del siglo XXI marc\u00f3 la llegada al poder de gobiernos progresistas, identificados con la izquierda y con una ret\u00f3rica neoliberal. El primer fue Hugo Ch\u00e1vez Fr\u00edas en Venezuela, elegido en1998. En 2002 Brasil eligi\u00f3 para presidente un ex obrero, Luiz In\u00e1cio Lula da Silva.<\/p>\n\n\n\n<!--more-->\n\n\n\n<div style=\"text-align:center\" class=\"wp-block-atomic-blocks-ab-button ab-block-button\"><a href=\"https:\/\/alacip.org\/cong15\/int-pedroso-8cdiv.pdf\" class=\"ab-button ab-button-shape-circular ab-button-size-medium\" style=\"color:#ffffff;background-color:#3373dc\">Descargar Archivo<\/a><\/div>\n\n\n\n<p><\/p>\n","protected":false},"featured_media":0,"template":"","meta":{"_genesis_hide_title":false,"_genesis_hide_breadcrumbs":false,"_genesis_hide_singular_image":false,"_genesis_hide_footer_widgets":false,"_genesis_custom_body_class":"","_genesis_custom_post_class":"","_genesis_layout":""},"filtro":[102],"anocongresso":[778],"conginstituicion":[283,228],"areatema":[160],"class_list":{"0":"post-38095","1":"todasponencias","2":"type-todasponencias","3":"status-publish","5":"filtro-brasil","6":"anocongresso-778","7":"conginstituicion-ppgristd","8":"conginstituicion-unesp","9":"areatema-relaciones-internacionales","10":"entry"},"_links":{"self":[{"href":"https:\/\/alacip.org\/index.php?rest_route=\/wp\/v2\/todasponencias\/38095","targetHints":{"allow":["GET"]}}],"collection":[{"href":"https:\/\/alacip.org\/index.php?rest_route=\/wp\/v2\/todasponencias"}],"about":[{"href":"https:\/\/alacip.org\/index.php?rest_route=\/wp\/v2\/types\/todasponencias"}],"wp:attachment":[{"href":"https:\/\/alacip.org\/index.php?rest_route=%2Fwp%2Fv2%2Fmedia&parent=38095"}],"wp:term":[{"taxonomy":"filtro","embeddable":true,"href":"https:\/\/alacip.org\/index.php?rest_route=%2Fwp%2Fv2%2Ffiltro&post=38095"},{"taxonomy":"anocongresso","embeddable":true,"href":"https:\/\/alacip.org\/index.php?rest_route=%2Fwp%2Fv2%2Fanocongresso&post=38095"},{"taxonomy":"conginstituicion","embeddable":true,"href":"https:\/\/alacip.org\/index.php?rest_route=%2Fwp%2Fv2%2Fconginstituicion&post=38095"},{"taxonomy":"areatema","embeddable":true,"href":"https:\/\/alacip.org\/index.php?rest_route=%2Fwp%2Fv2%2Fareatema&post=38095"}],"curies":[{"name":"wp","href":"https:\/\/api.w.org\/{rel}","templated":true}]}}

Las relaciones Brasil-Venezuela: entre la rivalidad y la cooperación (2002-2010)

<p>El comienzo del siglo XXI marcó la llegada al poder de gobiernos progresistas, identificados con la izquierda y con una retórica neoliberal. El primer fue Hugo Chávez Frías en Venezuela, elegido en1998. En 2002 Brasil eligió para presidente un ex obrero, Luiz Inácio Lula da Silva.</p>



<!--more-->



<div style="text-align:center" class="wp-block-atomic-blocks-ab-button ab-block-button"><a href="https://alacip.org/cong15/int-pedroso-8cdiv.pdf" class="ab-button ab-button-shape-circular ab-button-size-medium" style="color:#ffffff;background-color:#3373dc">Descargar Archivo</a></div>



<p></p>
