{"id":38098,"date":"2020-09-30T07:59:05","date_gmt":"2020-09-30T10:59:05","guid":{"rendered":"https:\/\/alacip.org\/?post_type=todasponencias&#038;p=38098"},"modified":"2020-09-30T07:59:06","modified_gmt":"2020-09-30T10:59:06","slug":"la-politica-exterior-uruguaya-desde-el-parlamento-legislatura-2010-2015","status":"publish","type":"todasponencias","link":"https:\/\/alacip.org\/?todasponencias=la-politica-exterior-uruguaya-desde-el-parlamento-legislatura-2010-2015","title":{"rendered":"La    pol\u00edtica    exterior    Uruguaya    desde    el parlamento. Legislatura 2010-2015"},"content":{"rendered":"\n<p>Este trabajo comienza analizando la intervenci\u00f3n de un parlamento nacional en el proceso de toma de decisiones en pol\u00edtica exterior, desde las facultades que el derecho positivo interno le reserva, tanto en una dimensi\u00f3n codecisoria como en una dimensi\u00f3n de fiscalizaci\u00f3n de los \u00f3rganos de representaci\u00f3n de las relaciones diplom\u00e1ticas:<\/p>\n\n\n\n<!--more-->\n\n\n\n<div style=\"text-align:center\" class=\"wp-block-atomic-blocks-ab-button ab-block-button\"><a href=\"https:\/\/alacip.org\/cong15\/int-fazio-8cdiv.pdf\" class=\"ab-button ab-button-shape-circular ab-button-size-medium\" style=\"color:#ffffff;background-color:#3373dc\">Descargar Archivo<\/a><\/div>\n\n\n\n<p><\/p>\n","protected":false},"featured_media":0,"template":"","meta":{"_genesis_hide_title":false,"_genesis_hide_breadcrumbs":false,"_genesis_hide_singular_image":false,"_genesis_hide_footer_widgets":false,"_genesis_custom_body_class":"","_genesis_custom_post_class":"","_genesis_layout":""},"filtro":[103],"anocongresso":[778],"conginstituicion":[185],"areatema":[160],"class_list":{"0":"post-38098","1":"todasponencias","2":"type-todasponencias","3":"status-publish","5":"filtro-uruguai","6":"anocongresso-778","7":"conginstituicion-ur-uruguay","8":"areatema-relaciones-internacionales","9":"entry"},"_links":{"self":[{"href":"https:\/\/alacip.org\/index.php?rest_route=\/wp\/v2\/todasponencias\/38098","targetHints":{"allow":["GET"]}}],"collection":[{"href":"https:\/\/alacip.org\/index.php?rest_route=\/wp\/v2\/todasponencias"}],"about":[{"href":"https:\/\/alacip.org\/index.php?rest_route=\/wp\/v2\/types\/todasponencias"}],"wp:attachment":[{"href":"https:\/\/alacip.org\/index.php?rest_route=%2Fwp%2Fv2%2Fmedia&parent=38098"}],"wp:term":[{"taxonomy":"filtro","embeddable":true,"href":"https:\/\/alacip.org\/index.php?rest_route=%2Fwp%2Fv2%2Ffiltro&post=38098"},{"taxonomy":"anocongresso","embeddable":true,"href":"https:\/\/alacip.org\/index.php?rest_route=%2Fwp%2Fv2%2Fanocongresso&post=38098"},{"taxonomy":"conginstituicion","embeddable":true,"href":"https:\/\/alacip.org\/index.php?rest_route=%2Fwp%2Fv2%2Fconginstituicion&post=38098"},{"taxonomy":"areatema","embeddable":true,"href":"https:\/\/alacip.org\/index.php?rest_route=%2Fwp%2Fv2%2Fareatema&post=38098"}],"curies":[{"name":"wp","href":"https:\/\/api.w.org\/{rel}","templated":true}]}}

La    política    exterior    Uruguaya    desde    el parlamento. Legislatura 2010-2015

<p>Este trabajo comienza analizando la intervención de un parlamento nacional en el proceso de toma de decisiones en política exterior, desde las facultades que el derecho positivo interno le reserva, tanto en una dimensión codecisoria como en una dimensión de fiscalización de los órganos de representación de las relaciones diplomáticas:</p>



<!--more-->



<div style="text-align:center" class="wp-block-atomic-blocks-ab-button ab-block-button"><a href="https://alacip.org/cong15/int-fazio-8cdiv.pdf" class="ab-button ab-button-shape-circular ab-button-size-medium" style="color:#ffffff;background-color:#3373dc">Descargar Archivo</a></div>



<p></p>
