{"id":38099,"date":"2020-09-30T09:12:34","date_gmt":"2020-09-30T12:12:34","guid":{"rendered":"https:\/\/alacip.org\/?post_type=todasponencias&#038;p=38099"},"modified":"2020-10-05T08:16:03","modified_gmt":"2020-10-05T11:16:03","slug":"estrategias-de-desarrollo-e-insercion-internacional-en-la-bolivia","status":"publish","type":"todasponencias","link":"https:\/\/alacip.org\/?todasponencias=estrategias-de-desarrollo-e-insercion-internacional-en-la-bolivia","title":{"rendered":"Estrategias de desarrollo e  inserci\u00f3n internacional en   la Bolivia de Evo Morales"},"content":{"rendered":"\n<p>El presente ensayo busca analizar las estrategias de desarrollo adoptadas en la Bolivia de Evo Morales (2006 \u2013 actual) y c\u00f3mo las mismas impactan en las estrategias de inserci\u00f3n internacional del pa\u00eds. Tras un largo ciclo neoliberal centrado en la privatizaci\u00f3n de empresas p\u00fablicas y atracci\u00f3n de capitales internacionales,<\/p>\n\n\n\n<!--more-->\n\n\n\n<div style=\"text-align:center\" class=\"wp-block-atomic-blocks-ab-button ab-block-button\"><a href=\"https:\/\/alacip.org\/cong15\/int-cunhafilho8c.pdf\" class=\"ab-button ab-button-shape-circular ab-button-size-medium\" style=\"color:#ffffff;background-color:#3373dc\">Descargar Archivo<\/a><\/div>\n\n\n\n<p><\/p>\n","protected":false},"featured_media":0,"template":"","meta":{"_genesis_hide_title":false,"_genesis_hide_breadcrumbs":false,"_genesis_hide_singular_image":false,"_genesis_hide_footer_widgets":false,"_genesis_custom_body_class":"","_genesis_custom_post_class":"","_genesis_layout":""},"filtro":[102],"anocongresso":[778],"conginstituicion":[330,145],"areatema":[160],"class_list":{"0":"post-38099","1":"todasponencias","2":"type-todasponencias","3":"status-publish","5":"filtro-brasil","6":"anocongresso-778","7":"conginstituicion-uni-brasilia","8":"conginstituicion-iespuerj","9":"areatema-relaciones-internacionales","10":"entry"},"_links":{"self":[{"href":"https:\/\/alacip.org\/index.php?rest_route=\/wp\/v2\/todasponencias\/38099","targetHints":{"allow":["GET"]}}],"collection":[{"href":"https:\/\/alacip.org\/index.php?rest_route=\/wp\/v2\/todasponencias"}],"about":[{"href":"https:\/\/alacip.org\/index.php?rest_route=\/wp\/v2\/types\/todasponencias"}],"wp:attachment":[{"href":"https:\/\/alacip.org\/index.php?rest_route=%2Fwp%2Fv2%2Fmedia&parent=38099"}],"wp:term":[{"taxonomy":"filtro","embeddable":true,"href":"https:\/\/alacip.org\/index.php?rest_route=%2Fwp%2Fv2%2Ffiltro&post=38099"},{"taxonomy":"anocongresso","embeddable":true,"href":"https:\/\/alacip.org\/index.php?rest_route=%2Fwp%2Fv2%2Fanocongresso&post=38099"},{"taxonomy":"conginstituicion","embeddable":true,"href":"https:\/\/alacip.org\/index.php?rest_route=%2Fwp%2Fv2%2Fconginstituicion&post=38099"},{"taxonomy":"areatema","embeddable":true,"href":"https:\/\/alacip.org\/index.php?rest_route=%2Fwp%2Fv2%2Fareatema&post=38099"}],"curies":[{"name":"wp","href":"https:\/\/api.w.org\/{rel}","templated":true}]}}

Estrategias de desarrollo e  inserción internacional en   la Bolivia de Evo Morales

<p>El presente ensayo busca analizar las estrategias de desarrollo adoptadas en la Bolivia de Evo Morales (2006 – actual) y cómo las mismas impactan en las estrategias de inserción internacional del país. Tras un largo ciclo neoliberal centrado en la privatización de empresas públicas y atracción de capitales internacionales,</p>



<!--more-->



<div style="text-align:center" class="wp-block-atomic-blocks-ab-button ab-block-button"><a href="https://alacip.org/cong15/int-cunhafilho8c.pdf" class="ab-button ab-button-shape-circular ab-button-size-medium" style="color:#ffffff;background-color:#3373dc">Descargar Archivo</a></div>



<p></p>
