{"id":38101,"date":"2020-09-30T09:17:13","date_gmt":"2020-09-30T12:17:13","guid":{"rendered":"https:\/\/alacip.org\/?post_type=todasponencias&#038;p=38101"},"modified":"2020-09-30T09:17:14","modified_gmt":"2020-09-30T12:17:14","slug":"a-america-latina-e-a-internacionalizacao-do-capital-chines","status":"publish","type":"todasponencias","link":"https:\/\/alacip.org\/?todasponencias=a-america-latina-e-a-internacionalizacao-do-capital-chines","title":{"rendered":"A Am\u00e9rica Latina e a internacionaliza\u00e7\u00e3o do capital chin\u00eas"},"content":{"rendered":"\n<p>A Am\u00e9rica Latina tem, em sua \u00faltima d\u00e9cada, vivenciado um processo distinto em sua hist\u00f3rica busca pelo desenvolvimento. O primeiro ponto a se avaliar acerca do novo per\u00edodo diz respeito \u00e0s fontes e formas para se alcan\u00e7ar um status econ\u00f4mico distinto, o qual visa integrar de forma homog\u00eanea os setores produtivos, bem como elevar o n\u00edvel geral de consumo interno em cada Estado.<\/p>\n\n\n\n<!--more-->\n\n\n\n<div style=\"text-align:center\" class=\"wp-block-atomic-blocks-ab-button ab-block-button\"><a href=\"https:\/\/alacip.org\/cong15\/int-neves8c.pdf\" class=\"ab-button ab-button-shape-circular ab-button-size-medium\" style=\"color:#ffffff;background-color:#3373dc\">Descargar Archivo<\/a><\/div>\n\n\n\n<p><\/p>\n","protected":false},"featured_media":0,"template":"","meta":{"_genesis_hide_title":false,"_genesis_hide_breadcrumbs":false,"_genesis_hide_singular_image":false,"_genesis_hide_footer_widgets":false,"_genesis_custom_body_class":"","_genesis_custom_post_class":"","_genesis_layout":""},"filtro":[102],"anocongresso":[778],"conginstituicion":[153],"areatema":[160],"class_list":{"0":"post-38101","1":"todasponencias","2":"type-todasponencias","3":"status-publish","5":"filtro-brasil","6":"anocongresso-778","7":"conginstituicion-s","8":"areatema-relaciones-internacionales","9":"entry"},"_links":{"self":[{"href":"https:\/\/alacip.org\/index.php?rest_route=\/wp\/v2\/todasponencias\/38101","targetHints":{"allow":["GET"]}}],"collection":[{"href":"https:\/\/alacip.org\/index.php?rest_route=\/wp\/v2\/todasponencias"}],"about":[{"href":"https:\/\/alacip.org\/index.php?rest_route=\/wp\/v2\/types\/todasponencias"}],"wp:attachment":[{"href":"https:\/\/alacip.org\/index.php?rest_route=%2Fwp%2Fv2%2Fmedia&parent=38101"}],"wp:term":[{"taxonomy":"filtro","embeddable":true,"href":"https:\/\/alacip.org\/index.php?rest_route=%2Fwp%2Fv2%2Ffiltro&post=38101"},{"taxonomy":"anocongresso","embeddable":true,"href":"https:\/\/alacip.org\/index.php?rest_route=%2Fwp%2Fv2%2Fanocongresso&post=38101"},{"taxonomy":"conginstituicion","embeddable":true,"href":"https:\/\/alacip.org\/index.php?rest_route=%2Fwp%2Fv2%2Fconginstituicion&post=38101"},{"taxonomy":"areatema","embeddable":true,"href":"https:\/\/alacip.org\/index.php?rest_route=%2Fwp%2Fv2%2Fareatema&post=38101"}],"curies":[{"name":"wp","href":"https:\/\/api.w.org\/{rel}","templated":true}]}}

A América Latina e a internacionalização do capital chinês

<p>A América Latina tem, em sua última década, vivenciado um processo distinto em sua histórica busca pelo desenvolvimento. O primeiro ponto a se avaliar acerca do novo período diz respeito às fontes e formas para se alcançar um status econômico distinto, o qual visa integrar de forma homogênea os setores produtivos, bem como elevar o nível geral de consumo interno em cada Estado.</p>



<!--more-->



<div style="text-align:center" class="wp-block-atomic-blocks-ab-button ab-block-button"><a href="https://alacip.org/cong15/int-neves8c.pdf" class="ab-button ab-button-shape-circular ab-button-size-medium" style="color:#ffffff;background-color:#3373dc">Descargar Archivo</a></div>



<p></p>
