{"id":38102,"date":"2020-09-30T09:20:18","date_gmt":"2020-09-30T12:20:18","guid":{"rendered":"https:\/\/alacip.org\/?post_type=todasponencias&#038;p=38102"},"modified":"2020-10-05T08:15:49","modified_gmt":"2020-10-05T11:15:49","slug":"politica-externa-brasileira-e-insercao-internacional-do-estado","status":"publish","type":"todasponencias","link":"https:\/\/alacip.org\/?todasponencias=politica-externa-brasileira-e-insercao-internacional-do-estado","title":{"rendered":"Pol\u00edtica Externa Brasileira e Inser\u00e7\u00e3o Internacional do Estado Autorit\u00e1rio (1974-1985)"},"content":{"rendered":"\n<p>O objetivo pivotal deste cap\u00edtulo \u00e9 analisar a Pol\u00edtica Externa Brasileira (PEB) do Nacional-Desenvolvimentismo Autorit\u00e1rio (1964-1985) &#8211; focalizando os governos de Ernesto Geisel (1974-1979), em maior amplitude, e Jo\u00e3o Baptista Figueiredo (1979-1985) &#8211; e a metamorfose porque ela passou quando do processo de redemocratiza\u00e7\u00e3o do sistema pol\u00edtico.<\/p>\n\n\n\n<!--more-->\n\n\n\n<div style=\"text-align:center\" class=\"wp-block-atomic-blocks-ab-button ab-block-button\"><a href=\"https:\/\/alacip.org\/cong15\/int-pinho8c.pdf\" class=\"ab-button ab-button-shape-circular ab-button-size-medium\" style=\"color:#ffffff;background-color:#3373dc\">Descargar Archivo<\/a><\/div>\n\n\n\n<p><\/p>\n","protected":false},"featured_media":0,"template":"","meta":{"_genesis_hide_title":false,"_genesis_hide_breadcrumbs":false,"_genesis_hide_singular_image":false,"_genesis_hide_footer_widgets":false,"_genesis_custom_body_class":"","_genesis_custom_post_class":"","_genesis_layout":""},"filtro":[102],"anocongresso":[778],"conginstituicion":[494,145],"areatema":[160],"class_list":{"0":"post-38102","1":"todasponencias","2":"type-todasponencias","3":"status-publish","5":"filtro-brasil","6":"anocongresso-778","7":"conginstituicion-fundacao-getulio-vargas-rio-de-janeiro-fgv-rj","8":"conginstituicion-iespuerj","9":"areatema-relaciones-internacionales","10":"entry"},"_links":{"self":[{"href":"https:\/\/alacip.org\/index.php?rest_route=\/wp\/v2\/todasponencias\/38102","targetHints":{"allow":["GET"]}}],"collection":[{"href":"https:\/\/alacip.org\/index.php?rest_route=\/wp\/v2\/todasponencias"}],"about":[{"href":"https:\/\/alacip.org\/index.php?rest_route=\/wp\/v2\/types\/todasponencias"}],"wp:attachment":[{"href":"https:\/\/alacip.org\/index.php?rest_route=%2Fwp%2Fv2%2Fmedia&parent=38102"}],"wp:term":[{"taxonomy":"filtro","embeddable":true,"href":"https:\/\/alacip.org\/index.php?rest_route=%2Fwp%2Fv2%2Ffiltro&post=38102"},{"taxonomy":"anocongresso","embeddable":true,"href":"https:\/\/alacip.org\/index.php?rest_route=%2Fwp%2Fv2%2Fanocongresso&post=38102"},{"taxonomy":"conginstituicion","embeddable":true,"href":"https:\/\/alacip.org\/index.php?rest_route=%2Fwp%2Fv2%2Fconginstituicion&post=38102"},{"taxonomy":"areatema","embeddable":true,"href":"https:\/\/alacip.org\/index.php?rest_route=%2Fwp%2Fv2%2Fareatema&post=38102"}],"curies":[{"name":"wp","href":"https:\/\/api.w.org\/{rel}","templated":true}]}}

Política Externa Brasileira e Inserção Internacional do Estado Autoritário (1974-1985)

<p>O objetivo pivotal deste capítulo é analisar a Política Externa Brasileira (PEB) do Nacional-Desenvolvimentismo Autoritário (1964-1985) &#8211; focalizando os governos de Ernesto Geisel (1974-1979), em maior amplitude, e João Baptista Figueiredo (1979-1985) &#8211; e a metamorfose porque ela passou quando do processo de redemocratização do sistema político.</p>



<!--more-->



<div style="text-align:center" class="wp-block-atomic-blocks-ab-button ab-block-button"><a href="https://alacip.org/cong15/int-pinho8c.pdf" class="ab-button ab-button-shape-circular ab-button-size-medium" style="color:#ffffff;background-color:#3373dc">Descargar Archivo</a></div>



<p></p>
