{"id":38103,"date":"2020-09-30T10:54:50","date_gmt":"2020-09-30T13:54:50","guid":{"rendered":"https:\/\/alacip.org\/?post_type=todasponencias&#038;p=38103"},"modified":"2020-10-05T08:14:00","modified_gmt":"2020-10-05T11:14:00","slug":"una-aproximacion-a-la-mala-gestion-en-politicas-publicas-los","status":"publish","type":"todasponencias","link":"https:\/\/alacip.org\/?todasponencias=una-aproximacion-a-la-mala-gestion-en-politicas-publicas-los","title":{"rendered":"Una aproximaci\u00f3n a la \u00abmala gesti\u00f3n\u00bb en pol\u00edticas p\u00fablicas. Los d\u00e9ficits en la gesti\u00f3n de la informaci\u00f3n; el intuicionismo y la sobrepolitizaci\u00f3n en el Estado argentino"},"content":{"rendered":"\n<p>Este trabajo presenta los avances de un proyecto de investigaci\u00f3n que trata de contribuir a entender por qu\u00e9 en Argentina, en agencias estatales de todos los niveles de gobierno, ciertos problemas de gesti\u00f3n se vuelven muy frecuentemente dominantes y se re flejan en la ausencia o insuficiencia de los impactos esperados; o en formas y procesos de trabajo objetable<\/p>\n\n\n\n<!--more-->\n\n\n\n<div style=\"text-align:center\" class=\"wp-block-atomic-blocks-ab-button ab-block-button\"><a href=\"https:\/\/alacip.org\/cong15\/app-andrenacci8c.pdf\" class=\"ab-button ab-button-shape-circular ab-button-size-medium\" style=\"color:#ffffff;background-color:#3373dc\">Descargar Archivo<\/a><\/div>\n\n\n\n<p><\/p>\n","protected":false},"featured_media":0,"template":"","meta":{"_genesis_hide_title":false,"_genesis_hide_breadcrumbs":false,"_genesis_hide_singular_image":false,"_genesis_hide_footer_widgets":false,"_genesis_custom_body_class":"","_genesis_custom_post_class":"","_genesis_layout":""},"filtro":[105],"anocongresso":[778],"conginstituicion":[276,316],"areatema":[160],"class_list":{"0":"post-38103","1":"todasponencias","2":"type-todasponencias","3":"status-publish","5":"filtro-argentina","6":"anocongresso-778","7":"conginstituicion-flsc-flacso","8":"conginstituicion-unsan-martin-unsam","9":"areatema-relaciones-internacionales","10":"entry"},"_links":{"self":[{"href":"https:\/\/alacip.org\/index.php?rest_route=\/wp\/v2\/todasponencias\/38103","targetHints":{"allow":["GET"]}}],"collection":[{"href":"https:\/\/alacip.org\/index.php?rest_route=\/wp\/v2\/todasponencias"}],"about":[{"href":"https:\/\/alacip.org\/index.php?rest_route=\/wp\/v2\/types\/todasponencias"}],"wp:attachment":[{"href":"https:\/\/alacip.org\/index.php?rest_route=%2Fwp%2Fv2%2Fmedia&parent=38103"}],"wp:term":[{"taxonomy":"filtro","embeddable":true,"href":"https:\/\/alacip.org\/index.php?rest_route=%2Fwp%2Fv2%2Ffiltro&post=38103"},{"taxonomy":"anocongresso","embeddable":true,"href":"https:\/\/alacip.org\/index.php?rest_route=%2Fwp%2Fv2%2Fanocongresso&post=38103"},{"taxonomy":"conginstituicion","embeddable":true,"href":"https:\/\/alacip.org\/index.php?rest_route=%2Fwp%2Fv2%2Fconginstituicion&post=38103"},{"taxonomy":"areatema","embeddable":true,"href":"https:\/\/alacip.org\/index.php?rest_route=%2Fwp%2Fv2%2Fareatema&post=38103"}],"curies":[{"name":"wp","href":"https:\/\/api.w.org\/{rel}","templated":true}]}}

Una aproximación a la «mala gestión» en políticas públicas. Los déficits en la gestión de la información; el intuicionismo y la sobrepolitización en el Estado argentino

<p>Este trabajo presenta los avances de un proyecto de investigación que trata de contribuir a entender por qué en Argentina, en agencias estatales de todos los niveles de gobierno, ciertos problemas de gestión se vuelven muy frecuentemente dominantes y se re flejan en la ausencia o insuficiencia de los impactos esperados; o en formas y procesos de trabajo objetable</p>



<!--more-->



<div style="text-align:center" class="wp-block-atomic-blocks-ab-button ab-block-button"><a href="https://alacip.org/cong15/app-andrenacci8c.pdf" class="ab-button ab-button-shape-circular ab-button-size-medium" style="color:#ffffff;background-color:#3373dc">Descargar Archivo</a></div>



<p></p>
