{"id":38107,"date":"2020-09-30T10:02:28","date_gmt":"2020-09-30T13:02:28","guid":{"rendered":"https:\/\/alacip.org\/?post_type=todasponencias&#038;p=38107"},"modified":"2020-09-30T10:02:29","modified_gmt":"2020-09-30T13:02:29","slug":"siria-entre-la-represion-y-la-revolucion","status":"publish","type":"todasponencias","link":"https:\/\/alacip.org\/?todasponencias=siria-entre-la-represion-y-la-revolucion","title":{"rendered":"Siria : entre la represi\u00f3n y la revoluci\u00f3n"},"content":{"rendered":"\n<p>El conflicto interno sirio tiene su base tanto en la estructura social de Siria, determinada por un marco religioso de choque entre sun\u00edes y chiitas que configuran el escenario pol\u00edtico, como en la coyuntura regional denominada \u201cPrimavera \u00e1rabe\u201d. As\u00ed pues, \u00bfPor qu\u00e9 el r\u00e9gimen de Al-Assad<br>ha conseguido permanecer en el tiempo y no ha triunfado la revoluci\u00f3n como en casos alternos?<\/p>\n\n\n\n<p>.<\/p>\n\n\n\n<!--more-->\n\n\n\n<div style=\"text-align:center\" class=\"wp-block-atomic-blocks-ab-button ab-block-button\"><a href=\"https:\/\/alacip.org\/cong15\/int-socha28c.pdf\" class=\"ab-button ab-button-shape-circular ab-button-size-medium\" style=\"color:#ffffff;background-color:#3373dc\">Descargar Archivo<\/a><\/div>\n\n\n\n<p><\/p>\n","protected":false},"featured_media":0,"template":"","meta":{"_genesis_hide_title":false,"_genesis_hide_breadcrumbs":false,"_genesis_hide_singular_image":false,"_genesis_hide_footer_widgets":false,"_genesis_custom_body_class":"","_genesis_custom_post_class":"","_genesis_layout":""},"filtro":[109],"anocongresso":[778],"conginstituicion":[539],"areatema":[160],"class_list":{"0":"post-38107","1":"todasponencias","2":"type-todasponencias","3":"status-publish","5":"filtro-colombia","6":"anocongresso-778","7":"conginstituicion-universidad-de-la-salle","8":"areatema-relaciones-internacionales","9":"entry"},"_links":{"self":[{"href":"https:\/\/alacip.org\/index.php?rest_route=\/wp\/v2\/todasponencias\/38107","targetHints":{"allow":["GET"]}}],"collection":[{"href":"https:\/\/alacip.org\/index.php?rest_route=\/wp\/v2\/todasponencias"}],"about":[{"href":"https:\/\/alacip.org\/index.php?rest_route=\/wp\/v2\/types\/todasponencias"}],"wp:attachment":[{"href":"https:\/\/alacip.org\/index.php?rest_route=%2Fwp%2Fv2%2Fmedia&parent=38107"}],"wp:term":[{"taxonomy":"filtro","embeddable":true,"href":"https:\/\/alacip.org\/index.php?rest_route=%2Fwp%2Fv2%2Ffiltro&post=38107"},{"taxonomy":"anocongresso","embeddable":true,"href":"https:\/\/alacip.org\/index.php?rest_route=%2Fwp%2Fv2%2Fanocongresso&post=38107"},{"taxonomy":"conginstituicion","embeddable":true,"href":"https:\/\/alacip.org\/index.php?rest_route=%2Fwp%2Fv2%2Fconginstituicion&post=38107"},{"taxonomy":"areatema","embeddable":true,"href":"https:\/\/alacip.org\/index.php?rest_route=%2Fwp%2Fv2%2Fareatema&post=38107"}],"curies":[{"name":"wp","href":"https:\/\/api.w.org\/{rel}","templated":true}]}}

Siria : entre la represión y la revolución

<p>El conflicto interno sirio tiene su base tanto en la estructura social de Siria, determinada por un marco religioso de choque entre suníes y chiitas que configuran el escenario político, como en la coyuntura regional denominada “Primavera árabe”. Así pues, ¿Por qué el régimen de Al-Assad<br>ha conseguido permanecer en el tiempo y no ha triunfado la revolución como en casos alternos?</p>



<p>.</p>



<!--more-->



<div style="text-align:center" class="wp-block-atomic-blocks-ab-button ab-block-button"><a href="https://alacip.org/cong15/int-socha28c.pdf" class="ab-button ab-button-shape-circular ab-button-size-medium" style="color:#ffffff;background-color:#3373dc">Descargar Archivo</a></div>



<p></p>
