{"id":38131,"date":"2020-09-30T17:52:56","date_gmt":"2020-09-30T20:52:56","guid":{"rendered":"https:\/\/alacip.org\/?post_type=todasponencias&#038;p=38131"},"modified":"2020-10-05T08:11:25","modified_gmt":"2020-10-05T11:11:25","slug":"caso-practico-de-proyecto-de-cooperacion-la-participacion","status":"publish","type":"todasponencias","link":"https:\/\/alacip.org\/?todasponencias=caso-practico-de-proyecto-de-cooperacion-la-participacion","title":{"rendered":"Caso pr\u00e1ctico de proyecto de cooperaci\u00f3n: la participaci\u00f3n, la gesti\u00f3n p\u00fablica y las pol\u00edticas de g\u00e9nero como motor de cambio hacia una mayor democracia en Lima (Per\u00fa)"},"content":{"rendered":"\n<p>En 2012, la Universidad de Alicante (Espa\u00f1a) aprob\u00f3 financiar Proyectos de Cooperaci\u00f3n Universitaria para el Desarrollo, para el curso acad\u00e9mico 2012\/2013. El Observatorio Lucentino de Administraci\u00f3n y Pol\u00edticas P\u00fablicas Comparadas, Grupo Permanente de Investigaci\u00f3n reconocido, y adscrito al Departamento de Estudios Jur\u00eddicos, de la antedicha universidad, <\/p>\n\n\n\n<!--more-->\n\n\n\n<div style=\"text-align:center\" class=\"wp-block-atomic-blocks-ab-button ab-block-button\"><a href=\"https:\/\/alacip.org\/cong15\/app-molina8c.pdf\" class=\"ab-button ab-button-shape-circular ab-button-size-medium\" style=\"color:#ffffff;background-color:#3373dc\">Descargar Archivo<\/a><\/div>\n\n\n\n<p><\/p>\n","protected":false},"featured_media":0,"template":"","meta":{"_genesis_hide_title":false,"_genesis_hide_breadcrumbs":false,"_genesis_hide_singular_image":false,"_genesis_hide_footer_widgets":false,"_genesis_custom_body_class":"","_genesis_custom_post_class":"","_genesis_layout":""},"filtro":[116],"anocongresso":[778],"conginstituicion":[784],"areatema":[158],"class_list":{"0":"post-38131","1":"todasponencias","2":"type-todasponencias","3":"status-publish","5":"filtro-espana","6":"anocongresso-778","7":"conginstituicion-universidad-de-alicante","8":"areatema-admpulpo","9":"entry"},"_links":{"self":[{"href":"https:\/\/alacip.org\/index.php?rest_route=\/wp\/v2\/todasponencias\/38131","targetHints":{"allow":["GET"]}}],"collection":[{"href":"https:\/\/alacip.org\/index.php?rest_route=\/wp\/v2\/todasponencias"}],"about":[{"href":"https:\/\/alacip.org\/index.php?rest_route=\/wp\/v2\/types\/todasponencias"}],"wp:attachment":[{"href":"https:\/\/alacip.org\/index.php?rest_route=%2Fwp%2Fv2%2Fmedia&parent=38131"}],"wp:term":[{"taxonomy":"filtro","embeddable":true,"href":"https:\/\/alacip.org\/index.php?rest_route=%2Fwp%2Fv2%2Ffiltro&post=38131"},{"taxonomy":"anocongresso","embeddable":true,"href":"https:\/\/alacip.org\/index.php?rest_route=%2Fwp%2Fv2%2Fanocongresso&post=38131"},{"taxonomy":"conginstituicion","embeddable":true,"href":"https:\/\/alacip.org\/index.php?rest_route=%2Fwp%2Fv2%2Fconginstituicion&post=38131"},{"taxonomy":"areatema","embeddable":true,"href":"https:\/\/alacip.org\/index.php?rest_route=%2Fwp%2Fv2%2Fareatema&post=38131"}],"curies":[{"name":"wp","href":"https:\/\/api.w.org\/{rel}","templated":true}]}}

Caso práctico de proyecto de cooperación: la participación, la gestión pública y las políticas de género como motor de cambio hacia una mayor democracia en Lima (Perú)

<p>En 2012, la Universidad de Alicante (España) aprobó financiar Proyectos de Cooperación Universitaria para el Desarrollo, para el curso académico 2012/2013. El Observatorio Lucentino de Administración y Políticas Públicas Comparadas, Grupo Permanente de Investigación reconocido, y adscrito al Departamento de Estudios Jurídicos, de la antedicha universidad, </p>



<!--more-->



<div style="text-align:center" class="wp-block-atomic-blocks-ab-button ab-block-button"><a href="https://alacip.org/cong15/app-molina8c.pdf" class="ab-button ab-button-shape-circular ab-button-size-medium" style="color:#ffffff;background-color:#3373dc">Descargar Archivo</a></div>



<p></p>
