{"id":38132,"date":"2020-09-30T17:45:06","date_gmt":"2020-09-30T20:45:06","guid":{"rendered":"https:\/\/alacip.org\/?post_type=todasponencias&#038;p=38132"},"modified":"2020-09-30T17:45:07","modified_gmt":"2020-09-30T20:45:07","slug":"determinantes-politicos-en-la-estabilidad-en-los-cargos-subnacionales","status":"publish","type":"todasponencias","link":"https:\/\/alacip.org\/?todasponencias=determinantes-politicos-en-la-estabilidad-en-los-cargos-subnacionales","title":{"rendered":"Determinantes pol\u00edticos en la estabilidad en los cargos subnacionales."},"content":{"rendered":"\n<p>La elecci\u00f3n de autoridades de gobierno es un principio b\u00e1sico en las democracias representativas. Hacia mediados del siglo pasado, las interrupciones de estos, por v\u00edas no democr\u00e1ticas, eran una constante e inclusive, seg\u00fan una parte de la literatura, consideradas un rasgo caracter\u00edstico de Am\u00e9rica Latina.<\/p>\n\n\n\n<!--more-->\n\n\n\n<div style=\"text-align:center\" class=\"wp-block-atomic-blocks-ab-button ab-block-button\"><a href=\"https:\/\/alacip.org\/cong15\/ipc-casaretto8c.pdf\" class=\"ab-button ab-button-shape-circular ab-button-size-medium\" style=\"color:#ffffff;background-color:#3373dc\">Descargar Archivo<\/a><\/div>\n\n\n\n<p><\/p>\n","protected":false},"featured_media":0,"template":"","meta":{"_genesis_hide_title":false,"_genesis_hide_breadcrumbs":false,"_genesis_hide_singular_image":false,"_genesis_hide_footer_widgets":false,"_genesis_custom_body_class":"","_genesis_custom_post_class":"","_genesis_layout":""},"filtro":[108],"anocongresso":[778],"conginstituicion":[743,662],"areatema":[155],"class_list":{"0":"post-38132","1":"todasponencias","2":"type-todasponencias","3":"status-publish","5":"filtro-peru","6":"anocongresso-778","7":"conginstituicion-pontificia-universidad-catolica-del-peru","8":"conginstituicion-universidad-antonio-ruiz-de-montoya-uarm","9":"areatema-instpol","10":"entry"},"_links":{"self":[{"href":"https:\/\/alacip.org\/index.php?rest_route=\/wp\/v2\/todasponencias\/38132","targetHints":{"allow":["GET"]}}],"collection":[{"href":"https:\/\/alacip.org\/index.php?rest_route=\/wp\/v2\/todasponencias"}],"about":[{"href":"https:\/\/alacip.org\/index.php?rest_route=\/wp\/v2\/types\/todasponencias"}],"wp:attachment":[{"href":"https:\/\/alacip.org\/index.php?rest_route=%2Fwp%2Fv2%2Fmedia&parent=38132"}],"wp:term":[{"taxonomy":"filtro","embeddable":true,"href":"https:\/\/alacip.org\/index.php?rest_route=%2Fwp%2Fv2%2Ffiltro&post=38132"},{"taxonomy":"anocongresso","embeddable":true,"href":"https:\/\/alacip.org\/index.php?rest_route=%2Fwp%2Fv2%2Fanocongresso&post=38132"},{"taxonomy":"conginstituicion","embeddable":true,"href":"https:\/\/alacip.org\/index.php?rest_route=%2Fwp%2Fv2%2Fconginstituicion&post=38132"},{"taxonomy":"areatema","embeddable":true,"href":"https:\/\/alacip.org\/index.php?rest_route=%2Fwp%2Fv2%2Fareatema&post=38132"}],"curies":[{"name":"wp","href":"https:\/\/api.w.org\/{rel}","templated":true}]}}

Determinantes políticos en la estabilidad en los cargos subnacionales.

<p>La elección de autoridades de gobierno es un principio básico en las democracias representativas. Hacia mediados del siglo pasado, las interrupciones de estos, por vías no democráticas, eran una constante e inclusive, según una parte de la literatura, consideradas un rasgo característico de América Latina.</p>



<!--more-->



<div style="text-align:center" class="wp-block-atomic-blocks-ab-button ab-block-button"><a href="https://alacip.org/cong15/ipc-casaretto8c.pdf" class="ab-button ab-button-shape-circular ab-button-size-medium" style="color:#ffffff;background-color:#3373dc">Descargar Archivo</a></div>



<p></p>
