{"id":38140,"date":"2020-09-30T19:43:02","date_gmt":"2020-09-30T22:43:02","guid":{"rendered":"https:\/\/alacip.org\/?post_type=todasponencias&#038;p=38140"},"modified":"2020-09-30T19:43:04","modified_gmt":"2020-09-30T22:43:04","slug":"descentralizacion-fiscal-en-america-latina-una-aproximacion-comparativa","status":"publish","type":"todasponencias","link":"https:\/\/alacip.org\/?todasponencias=descentralizacion-fiscal-en-america-latina-una-aproximacion-comparativa","title":{"rendered":"Descentralizacion fiscal en America Latina: una aproximacion comparativa"},"content":{"rendered":"\n<p>El proceso re-centralizador del manejo de los recursos que est\u00e1 ocurriendo recientemente en M\u00e9xico, es una oportunidad para hacer una revisi\u00f3n anal\u00edtica sobre las pol\u00edticas p\u00fablicas implementadas en la regi\u00f3n en relaci\u00f3n al proceso de descentralizaci\u00f3n fiscal y establecer una agenda que permita abordar los temas centrales que han quedado pendientes o inconclusos.<\/p>\n\n\n\n<!--more-->\n\n\n\n<div style=\"text-align:center\" class=\"wp-block-atomic-blocks-ab-button ab-block-button\"><a href=\"https:\/\/alacip.org\/cong15\/ipc-flores8c.pdf\" class=\"ab-button ab-button-shape-circular ab-button-size-medium\" style=\"color:#ffffff;background-color:#3373dc\">Descargar Archivo<\/a><\/div>\n\n\n\n<p><\/p>\n","protected":false},"featured_media":0,"template":"","meta":{"_genesis_hide_title":false,"_genesis_hide_breadcrumbs":false,"_genesis_hide_singular_image":false,"_genesis_hide_footer_widgets":false,"_genesis_custom_body_class":"","_genesis_custom_post_class":"","_genesis_layout":""},"filtro":[115],"anocongresso":[778],"conginstituicion":[328],"areatema":[155],"class_list":{"0":"post-38140","1":"todasponencias","2":"type-todasponencias","3":"status-publish","5":"filtro-mexico","6":"anocongresso-778","7":"conginstituicion-uniaa","8":"areatema-instpol","9":"entry"},"_links":{"self":[{"href":"https:\/\/alacip.org\/index.php?rest_route=\/wp\/v2\/todasponencias\/38140","targetHints":{"allow":["GET"]}}],"collection":[{"href":"https:\/\/alacip.org\/index.php?rest_route=\/wp\/v2\/todasponencias"}],"about":[{"href":"https:\/\/alacip.org\/index.php?rest_route=\/wp\/v2\/types\/todasponencias"}],"wp:attachment":[{"href":"https:\/\/alacip.org\/index.php?rest_route=%2Fwp%2Fv2%2Fmedia&parent=38140"}],"wp:term":[{"taxonomy":"filtro","embeddable":true,"href":"https:\/\/alacip.org\/index.php?rest_route=%2Fwp%2Fv2%2Ffiltro&post=38140"},{"taxonomy":"anocongresso","embeddable":true,"href":"https:\/\/alacip.org\/index.php?rest_route=%2Fwp%2Fv2%2Fanocongresso&post=38140"},{"taxonomy":"conginstituicion","embeddable":true,"href":"https:\/\/alacip.org\/index.php?rest_route=%2Fwp%2Fv2%2Fconginstituicion&post=38140"},{"taxonomy":"areatema","embeddable":true,"href":"https:\/\/alacip.org\/index.php?rest_route=%2Fwp%2Fv2%2Fareatema&post=38140"}],"curies":[{"name":"wp","href":"https:\/\/api.w.org\/{rel}","templated":true}]}}

<p>El proceso re-centralizador del manejo de los recursos que está ocurriendo recientemente en México, es una oportunidad para hacer una revisión analítica sobre las políticas públicas implementadas en la región en relación al proceso de descentralización fiscal y establecer una agenda que permita abordar los temas centrales que han quedado pendientes o inconclusos.</p>



<!--more-->



<div style="text-align:center" class="wp-block-atomic-blocks-ab-button ab-block-button"><a href="https://alacip.org/cong15/ipc-flores8c.pdf" class="ab-button ab-button-shape-circular ab-button-size-medium" style="color:#ffffff;background-color:#3373dc">Descargar Archivo</a></div>



<p></p>
