{"id":38148,"date":"2020-09-30T19:57:15","date_gmt":"2020-09-30T22:57:15","guid":{"rendered":"https:\/\/alacip.org\/?post_type=todasponencias&#038;p=38148"},"modified":"2020-09-30T19:58:27","modified_gmt":"2020-09-30T22:58:27","slug":"el-partido-accion-nacional-y-la-democracia-cristiana-en-america-latina","status":"publish","type":"todasponencias","link":"https:\/\/alacip.org\/?todasponencias=el-partido-accion-nacional-y-la-democracia-cristiana-en-america-latina","title":{"rendered":"El Partido Acci\u00f3n Nacional y la Democracia Cristiana en Am\u00e9rica Latina"},"content":{"rendered":"\n<p>El 2 de julio de 2012, el Partido Acci\u00f3n Nacional perdi\u00f3 la elecci\u00f3n presidencial, despu\u00e9s de dos sexenios de ejercer el gobierno federal. Disminuido considerablemente en su militancia, relegado al tercer lugar de las preferencias electorales y con fuertes divisiones internas, Acci\u00f3n Nacional parece no ser un referente, por lo menos inmediato, para el relanzamiento de la red dem\u00f3crata cristiana en Am\u00e9rica Latina.<\/p>\n\n\n\n<!--more-->\n\n\n\n<div style=\"text-align:center\" class=\"wp-block-atomic-blocks-ab-button ab-block-button\"><a href=\"https:\/\/alacip.org\/cong15\/pco-vicencio8c.pdf\" class=\"ab-button ab-button-shape-circular ab-button-size-medium\" style=\"color:#ffffff;background-color:#3373dc\">Descargar Archivo<\/a><\/div>\n\n\n\n<p><\/p>\n","protected":false},"featured_media":0,"template":"","meta":{"_genesis_hide_title":false,"_genesis_hide_breadcrumbs":false,"_genesis_hide_singular_image":false,"_genesis_hide_footer_widgets":false,"_genesis_custom_body_class":"","_genesis_custom_post_class":"","_genesis_layout":""},"filtro":[115],"anocongresso":[778],"conginstituicion":[242],"areatema":[391],"class_list":{"0":"post-38148","1":"todasponencias","2":"type-todasponencias","3":"status-publish","5":"filtro-mexico","6":"anocongresso-778","7":"conginstituicion-inah","8":"areatema-politica-comparada","9":"entry"},"_links":{"self":[{"href":"https:\/\/alacip.org\/index.php?rest_route=\/wp\/v2\/todasponencias\/38148","targetHints":{"allow":["GET"]}}],"collection":[{"href":"https:\/\/alacip.org\/index.php?rest_route=\/wp\/v2\/todasponencias"}],"about":[{"href":"https:\/\/alacip.org\/index.php?rest_route=\/wp\/v2\/types\/todasponencias"}],"wp:attachment":[{"href":"https:\/\/alacip.org\/index.php?rest_route=%2Fwp%2Fv2%2Fmedia&parent=38148"}],"wp:term":[{"taxonomy":"filtro","embeddable":true,"href":"https:\/\/alacip.org\/index.php?rest_route=%2Fwp%2Fv2%2Ffiltro&post=38148"},{"taxonomy":"anocongresso","embeddable":true,"href":"https:\/\/alacip.org\/index.php?rest_route=%2Fwp%2Fv2%2Fanocongresso&post=38148"},{"taxonomy":"conginstituicion","embeddable":true,"href":"https:\/\/alacip.org\/index.php?rest_route=%2Fwp%2Fv2%2Fconginstituicion&post=38148"},{"taxonomy":"areatema","embeddable":true,"href":"https:\/\/alacip.org\/index.php?rest_route=%2Fwp%2Fv2%2Fareatema&post=38148"}],"curies":[{"name":"wp","href":"https:\/\/api.w.org\/{rel}","templated":true}]}}

El Partido Acción Nacional y la Democracia Cristiana en América Latina

<p>El 2 de julio de 2012, el Partido Acción Nacional perdió la elección presidencial, después de dos sexenios de ejercer el gobierno federal. Disminuido considerablemente en su militancia, relegado al tercer lugar de las preferencias electorales y con fuertes divisiones internas, Acción Nacional parece no ser un referente, por lo menos inmediato, para el relanzamiento de la red demócrata cristiana en América Latina.</p>



<!--more-->



<div style="text-align:center" class="wp-block-atomic-blocks-ab-button ab-block-button"><a href="https://alacip.org/cong15/pco-vicencio8c.pdf" class="ab-button ab-button-shape-circular ab-button-size-medium" style="color:#ffffff;background-color:#3373dc">Descargar Archivo</a></div>



<p></p>
