{"id":38150,"date":"2020-09-30T20:00:35","date_gmt":"2020-09-30T23:00:35","guid":{"rendered":"https:\/\/alacip.org\/?post_type=todasponencias&#038;p=38150"},"modified":"2020-10-05T08:07:23","modified_gmt":"2020-10-05T11:07:23","slug":"candidatos-de-izquierda-por-la-via-derecha-revision-de-la","status":"publish","type":"todasponencias","link":"https:\/\/alacip.org\/?todasponencias=candidatos-de-izquierda-por-la-via-derecha-revision-de-la","title":{"rendered":"Candidatos  de  izquierda  por  la  v\u00eda  derecha.  Revisi\u00f3n  de  la selecci\u00f3n de candidatos a gobernadores del PRD, 2000-2012"},"content":{"rendered":"\n<p>En el documento se revisaronlos procesos de selecci\u00f3n de candidatos del PRD a gobernadores con el fin de identificar su comportamiento, as\u00ed como el perfil de sus candidatos nominados,y mejorar la comprensi\u00f3n sobre las metas y objetivos pol\u00edticos del partido a nivel subnacional.<\/p>\n\n\n\n<!--more-->\n\n\n\n<div style=\"text-align:center\" class=\"wp-block-atomic-blocks-ab-button ab-block-button\"><a href=\"https:\/\/alacip.org\/cong15\/pco-valdes8c.pdf\" class=\"ab-button ab-button-shape-circular ab-button-size-medium\" style=\"color:#ffffff;background-color:#3373dc\">Descargar Archivo<\/a><\/div>\n\n\n\n<p><\/p>\n","protected":false},"featured_media":0,"template":"","meta":{"_genesis_hide_title":false,"_genesis_hide_breadcrumbs":false,"_genesis_hide_singular_image":false,"_genesis_hide_footer_widgets":false,"_genesis_custom_body_class":"","_genesis_custom_post_class":"","_genesis_layout":""},"filtro":[115],"anocongresso":[778],"conginstituicion":[276,273],"areatema":[391],"class_list":{"0":"post-38150","1":"todasponencias","2":"type-todasponencias","3":"status-publish","5":"filtro-mexico","6":"anocongresso-778","7":"conginstituicion-flsc-flacso","8":"conginstituicion-unam","9":"areatema-politica-comparada","10":"entry"},"_links":{"self":[{"href":"https:\/\/alacip.org\/index.php?rest_route=\/wp\/v2\/todasponencias\/38150","targetHints":{"allow":["GET"]}}],"collection":[{"href":"https:\/\/alacip.org\/index.php?rest_route=\/wp\/v2\/todasponencias"}],"about":[{"href":"https:\/\/alacip.org\/index.php?rest_route=\/wp\/v2\/types\/todasponencias"}],"wp:attachment":[{"href":"https:\/\/alacip.org\/index.php?rest_route=%2Fwp%2Fv2%2Fmedia&parent=38150"}],"wp:term":[{"taxonomy":"filtro","embeddable":true,"href":"https:\/\/alacip.org\/index.php?rest_route=%2Fwp%2Fv2%2Ffiltro&post=38150"},{"taxonomy":"anocongresso","embeddable":true,"href":"https:\/\/alacip.org\/index.php?rest_route=%2Fwp%2Fv2%2Fanocongresso&post=38150"},{"taxonomy":"conginstituicion","embeddable":true,"href":"https:\/\/alacip.org\/index.php?rest_route=%2Fwp%2Fv2%2Fconginstituicion&post=38150"},{"taxonomy":"areatema","embeddable":true,"href":"https:\/\/alacip.org\/index.php?rest_route=%2Fwp%2Fv2%2Fareatema&post=38150"}],"curies":[{"name":"wp","href":"https:\/\/api.w.org\/{rel}","templated":true}]}}

Candidatos  de  izquierda  por  la  vía  derecha.  Revisión  de  la selección de candidatos a gobernadores del PRD, 2000-2012

<p>En el documento se revisaronlos procesos de selección de candidatos del PRD a gobernadores con el fin de identificar su comportamiento, así como el perfil de sus candidatos nominados,y mejorar la comprensión sobre las metas y objetivos políticos del partido a nivel subnacional.</p>



<!--more-->



<div style="text-align:center" class="wp-block-atomic-blocks-ab-button ab-block-button"><a href="https://alacip.org/cong15/pco-valdes8c.pdf" class="ab-button ab-button-shape-circular ab-button-size-medium" style="color:#ffffff;background-color:#3373dc">Descargar Archivo</a></div>



<p></p>
