{"id":38156,"date":"2020-09-30T20:19:06","date_gmt":"2020-09-30T23:19:06","guid":{"rendered":"https:\/\/alacip.org\/?post_type=todasponencias&#038;p=38156"},"modified":"2020-10-05T08:06:49","modified_gmt":"2020-10-05T11:06:49","slug":"la-accion-de-proteccion-como-mecanismo-de-garantia-de-los","status":"publish","type":"todasponencias","link":"https:\/\/alacip.org\/?todasponencias=la-accion-de-proteccion-como-mecanismo-de-garantia-de-los","title":{"rendered":"La Acci\u00f3n de Protecci\u00f3n como mecanismo de garant\u00eda de los derechos: configuraci\u00f3n institucional, pr\u00e1ctica y resultados en la ciudad de Quito."},"content":{"rendered":"\n<p>A partir de 2008, la Constituci\u00f3n ecuatoriana introdujo cambios institucionales en el marco normativo, estableciendo mecanismos de protecci\u00f3n para los derechos fundamentales, entre ellos, las garant\u00edas jurisdiccionales.<\/p>\n\n\n\n<!--more-->\n\n\n\n<div style=\"text-align:center\" class=\"wp-block-atomic-blocks-ab-button ab-block-button\"><a href=\"https:\/\/alacip.org\/cong15\/ipc-montero8c.pdf\" class=\"ab-button ab-button-shape-circular ab-button-size-medium\" style=\"color:#ffffff;background-color:#3373dc\">Descargar Archivo<\/a><\/div>\n\n\n\n<p><\/p>\n","protected":false},"featured_media":0,"template":"","meta":{"_genesis_hide_title":false,"_genesis_hide_breadcrumbs":false,"_genesis_hide_singular_image":false,"_genesis_hide_footer_widgets":false,"_genesis_custom_body_class":"","_genesis_custom_post_class":"","_genesis_layout":""},"filtro":[107],"anocongresso":[778],"conginstituicion":[799],"areatema":[155],"class_list":{"0":"post-38156","1":"todasponencias","2":"type-todasponencias","3":"status-publish","5":"filtro-equador","6":"anocongresso-778","7":"conginstituicion-pontificia-universidad-catolica-del-ecuador-puce","8":"areatema-instpol","9":"entry"},"_links":{"self":[{"href":"https:\/\/alacip.org\/index.php?rest_route=\/wp\/v2\/todasponencias\/38156","targetHints":{"allow":["GET"]}}],"collection":[{"href":"https:\/\/alacip.org\/index.php?rest_route=\/wp\/v2\/todasponencias"}],"about":[{"href":"https:\/\/alacip.org\/index.php?rest_route=\/wp\/v2\/types\/todasponencias"}],"wp:attachment":[{"href":"https:\/\/alacip.org\/index.php?rest_route=%2Fwp%2Fv2%2Fmedia&parent=38156"}],"wp:term":[{"taxonomy":"filtro","embeddable":true,"href":"https:\/\/alacip.org\/index.php?rest_route=%2Fwp%2Fv2%2Ffiltro&post=38156"},{"taxonomy":"anocongresso","embeddable":true,"href":"https:\/\/alacip.org\/index.php?rest_route=%2Fwp%2Fv2%2Fanocongresso&post=38156"},{"taxonomy":"conginstituicion","embeddable":true,"href":"https:\/\/alacip.org\/index.php?rest_route=%2Fwp%2Fv2%2Fconginstituicion&post=38156"},{"taxonomy":"areatema","embeddable":true,"href":"https:\/\/alacip.org\/index.php?rest_route=%2Fwp%2Fv2%2Fareatema&post=38156"}],"curies":[{"name":"wp","href":"https:\/\/api.w.org\/{rel}","templated":true}]}}

La Acción de Protección como mecanismo de garantía de los derechos: configuración institucional, práctica y resultados en la ciudad de Quito.

<p>A partir de 2008, la Constitución ecuatoriana introdujo cambios institucionales en el marco normativo, estableciendo mecanismos de protección para los derechos fundamentales, entre ellos, las garantías jurisdiccionales.</p>



<!--more-->



<div style="text-align:center" class="wp-block-atomic-blocks-ab-button ab-block-button"><a href="https://alacip.org/cong15/ipc-montero8c.pdf" class="ab-button ab-button-shape-circular ab-button-size-medium" style="color:#ffffff;background-color:#3373dc">Descargar Archivo</a></div>



<p></p>
