{"id":38165,"date":"2020-09-30T20:35:52","date_gmt":"2020-09-30T23:35:52","guid":{"rendered":"https:\/\/alacip.org\/?post_type=todasponencias&#038;p=38165"},"modified":"2020-09-30T20:35:53","modified_gmt":"2020-09-30T23:35:53","slug":"la-participacion-de-grupos-minoritarios-en-colombia","status":"publish","type":"todasponencias","link":"https:\/\/alacip.org\/?todasponencias=la-participacion-de-grupos-minoritarios-en-colombia","title":{"rendered":"La participaci\u00f3n de grupos minoritarios en Colombia"},"content":{"rendered":"\n<p>El objetivo de la ponencia es analizar las implicaciones de la reforma pol\u00edtico electoral del 2009, en la participaci\u00f3n de minor\u00edas pol\u00edticas en el Congreso de la Rep\u00fablica de Colombia. Nuestra hip\u00f3tesis al respecto es que dicha reforma propone un incremento en la competitividaddel sistema de partidosy fortalece la din\u00e1mica institucionalporque los partidos se obligan a incrementar su caudal electoral.<\/p>\n\n\n\n<!--more-->\n\n\n\n<div style=\"text-align:center\" class=\"wp-block-atomic-blocks-ab-button ab-block-button\"><a href=\"https:\/\/alacip.org\/cong15\/pco-sanchez8c.pdf\" class=\"ab-button ab-button-shape-circular ab-button-size-medium\" style=\"color:#ffffff;background-color:#3373dc\">Descargar Archivo<\/a><\/div>\n\n\n\n<p><\/p>\n","protected":false},"featured_media":0,"template":"","meta":{"_genesis_hide_title":false,"_genesis_hide_breadcrumbs":false,"_genesis_hide_singular_image":false,"_genesis_hide_footer_widgets":false,"_genesis_custom_body_class":"","_genesis_custom_post_class":"","_genesis_layout":""},"filtro":[109],"anocongresso":[778],"conginstituicion":[699],"areatema":[391],"class_list":{"0":"post-38165","1":"todasponencias","2":"type-todasponencias","3":"status-publish","5":"filtro-colombia","6":"anocongresso-778","7":"conginstituicion-universidad-del-tolima","8":"areatema-politica-comparada","9":"entry"},"_links":{"self":[{"href":"https:\/\/alacip.org\/index.php?rest_route=\/wp\/v2\/todasponencias\/38165","targetHints":{"allow":["GET"]}}],"collection":[{"href":"https:\/\/alacip.org\/index.php?rest_route=\/wp\/v2\/todasponencias"}],"about":[{"href":"https:\/\/alacip.org\/index.php?rest_route=\/wp\/v2\/types\/todasponencias"}],"wp:attachment":[{"href":"https:\/\/alacip.org\/index.php?rest_route=%2Fwp%2Fv2%2Fmedia&parent=38165"}],"wp:term":[{"taxonomy":"filtro","embeddable":true,"href":"https:\/\/alacip.org\/index.php?rest_route=%2Fwp%2Fv2%2Ffiltro&post=38165"},{"taxonomy":"anocongresso","embeddable":true,"href":"https:\/\/alacip.org\/index.php?rest_route=%2Fwp%2Fv2%2Fanocongresso&post=38165"},{"taxonomy":"conginstituicion","embeddable":true,"href":"https:\/\/alacip.org\/index.php?rest_route=%2Fwp%2Fv2%2Fconginstituicion&post=38165"},{"taxonomy":"areatema","embeddable":true,"href":"https:\/\/alacip.org\/index.php?rest_route=%2Fwp%2Fv2%2Fareatema&post=38165"}],"curies":[{"name":"wp","href":"https:\/\/api.w.org\/{rel}","templated":true}]}}

La participación de grupos minoritarios en Colombia

<p>El objetivo de la ponencia es analizar las implicaciones de la reforma político electoral del 2009, en la participación de minorías políticas en el Congreso de la República de Colombia. Nuestra hipótesis al respecto es que dicha reforma propone un incremento en la competitividaddel sistema de partidosy fortalece la dinámica institucionalporque los partidos se obligan a incrementar su caudal electoral.</p>



<!--more-->



<div style="text-align:center" class="wp-block-atomic-blocks-ab-button ab-block-button"><a href="https://alacip.org/cong15/pco-sanchez8c.pdf" class="ab-button ab-button-shape-circular ab-button-size-medium" style="color:#ffffff;background-color:#3373dc">Descargar Archivo</a></div>



<p></p>
