{"id":38167,"date":"2020-09-30T20:38:34","date_gmt":"2020-09-30T23:38:34","guid":{"rendered":"https:\/\/alacip.org\/?post_type=todasponencias&#038;p=38167"},"modified":"2020-10-05T08:05:31","modified_gmt":"2020-10-05T11:05:31","slug":"outsiders-politicos-a-nivel-subnacional-capitales-departamentales","status":"publish","type":"todasponencias","link":"https:\/\/alacip.org\/?todasponencias=outsiders-politicos-a-nivel-subnacional-capitales-departamentales","title":{"rendered":"Outsiders pol\u00edticos a nivel subnacional: capitales departamentales de Colombia. 2000-2011"},"content":{"rendered":"\n<p>La presencia de Outsiders pol\u00edticos en la rama ejecutiva ha sido un tema ampliamente abordado en los estudios politol\u00f3gicos sobre Latinoam\u00e9rica y se han enfocado principalmente sobre el nivel nacional (presidencias).<\/p>\n\n\n\n<!--more-->\n\n\n\n<div style=\"text-align:center\" class=\"wp-block-atomic-blocks-ab-button ab-block-button\"><a href=\"https:\/\/alacip.org\/cong15\/pco-rojas8c.pdf\" class=\"ab-button ab-button-shape-circular ab-button-size-medium\" style=\"color:#ffffff;background-color:#3373dc\">Descargar Archivo<\/a><\/div>\n\n\n\n<p><\/p>\n","protected":false},"featured_media":0,"template":"","meta":{"_genesis_hide_title":false,"_genesis_hide_breadcrumbs":false,"_genesis_hide_singular_image":false,"_genesis_hide_footer_widgets":false,"_genesis_custom_body_class":"","_genesis_custom_post_class":"","_genesis_layout":""},"filtro":[109],"anocongresso":[778],"conginstituicion":[458],"areatema":[391],"class_list":{"0":"post-38167","1":"todasponencias","2":"type-todasponencias","3":"status-publish","5":"filtro-colombia","6":"anocongresso-778","7":"conginstituicion-universidad-del-valle","8":"areatema-politica-comparada","9":"entry"},"_links":{"self":[{"href":"https:\/\/alacip.org\/index.php?rest_route=\/wp\/v2\/todasponencias\/38167","targetHints":{"allow":["GET"]}}],"collection":[{"href":"https:\/\/alacip.org\/index.php?rest_route=\/wp\/v2\/todasponencias"}],"about":[{"href":"https:\/\/alacip.org\/index.php?rest_route=\/wp\/v2\/types\/todasponencias"}],"wp:attachment":[{"href":"https:\/\/alacip.org\/index.php?rest_route=%2Fwp%2Fv2%2Fmedia&parent=38167"}],"wp:term":[{"taxonomy":"filtro","embeddable":true,"href":"https:\/\/alacip.org\/index.php?rest_route=%2Fwp%2Fv2%2Ffiltro&post=38167"},{"taxonomy":"anocongresso","embeddable":true,"href":"https:\/\/alacip.org\/index.php?rest_route=%2Fwp%2Fv2%2Fanocongresso&post=38167"},{"taxonomy":"conginstituicion","embeddable":true,"href":"https:\/\/alacip.org\/index.php?rest_route=%2Fwp%2Fv2%2Fconginstituicion&post=38167"},{"taxonomy":"areatema","embeddable":true,"href":"https:\/\/alacip.org\/index.php?rest_route=%2Fwp%2Fv2%2Fareatema&post=38167"}],"curies":[{"name":"wp","href":"https:\/\/api.w.org\/{rel}","templated":true}]}}

Outsiders políticos a nivel subnacional: capitales departamentales de Colombia. 2000-2011

<p>La presencia de Outsiders políticos en la rama ejecutiva ha sido un tema ampliamente abordado en los estudios politológicos sobre Latinoamérica y se han enfocado principalmente sobre el nivel nacional (presidencias).</p>



<!--more-->



<div style="text-align:center" class="wp-block-atomic-blocks-ab-button ab-block-button"><a href="https://alacip.org/cong15/pco-rojas8c.pdf" class="ab-button ab-button-shape-circular ab-button-size-medium" style="color:#ffffff;background-color:#3373dc">Descargar Archivo</a></div>



<p></p>
