{"id":38169,"date":"2020-09-30T20:41:14","date_gmt":"2020-09-30T23:41:14","guid":{"rendered":"https:\/\/alacip.org\/?post_type=todasponencias&#038;p=38169"},"modified":"2020-10-05T08:05:09","modified_gmt":"2020-10-05T11:05:09","slug":"genero-e-poder-legislativo-na-america-latina-comissoes","status":"publish","type":"todasponencias","link":"https:\/\/alacip.org\/?todasponencias=genero-e-poder-legislativo-na-america-latina-comissoes","title":{"rendered":"G\u00eanero e poder Legislativo na Am\u00e9rica Latina: comiss\u00f5es legislativas na Argentina, no Brasil, no Peru e no Uruguai"},"content":{"rendered":"\n<p>O objetivo central do paper \u00e9 avaliar se a despropor\u00e7\u00e3o entre legisladoras e legisladores nas comiss\u00f5es legislativas configura um vi\u00e9s de g\u00eanero. Para tanto, desenvolvi uma an\u00e1lise comparada das comiss\u00f5es legislativas de Or\u00e7amento, Constitui\u00e7\u00e3o, Educa\u00e7\u00e3o e Assist\u00eancia social nas C\u00e2maras baixas de Argentina, Brasil, Peru e Uruguai.<\/p>\n\n\n\n<!--more-->\n\n\n\n<div style=\"text-align:center\" class=\"wp-block-atomic-blocks-ab-button ab-block-button\"><a href=\"https:\/\/alacip.org\/cong15\/pco-rezende8c.pdf\" class=\"ab-button ab-button-shape-circular ab-button-size-medium\" style=\"color:#ffffff;background-color:#3373dc\">Descargar Archivo<\/a><\/div>\n\n\n\n<p><\/p>\n","protected":false},"featured_media":0,"template":"","meta":{"_genesis_hide_title":false,"_genesis_hide_breadcrumbs":false,"_genesis_hide_singular_image":false,"_genesis_hide_footer_widgets":false,"_genesis_custom_body_class":"","_genesis_custom_post_class":"","_genesis_layout":""},"filtro":[102],"anocongresso":[778],"conginstituicion":[637],"areatema":[391],"class_list":{"0":"post-38169","1":"todasponencias","2":"type-todasponencias","3":"status-publish","5":"filtro-brasil","6":"anocongresso-778","7":"conginstituicion-universidade-federal-de-vicosa-ufv","8":"areatema-politica-comparada","9":"entry"},"_links":{"self":[{"href":"https:\/\/alacip.org\/index.php?rest_route=\/wp\/v2\/todasponencias\/38169","targetHints":{"allow":["GET"]}}],"collection":[{"href":"https:\/\/alacip.org\/index.php?rest_route=\/wp\/v2\/todasponencias"}],"about":[{"href":"https:\/\/alacip.org\/index.php?rest_route=\/wp\/v2\/types\/todasponencias"}],"wp:attachment":[{"href":"https:\/\/alacip.org\/index.php?rest_route=%2Fwp%2Fv2%2Fmedia&parent=38169"}],"wp:term":[{"taxonomy":"filtro","embeddable":true,"href":"https:\/\/alacip.org\/index.php?rest_route=%2Fwp%2Fv2%2Ffiltro&post=38169"},{"taxonomy":"anocongresso","embeddable":true,"href":"https:\/\/alacip.org\/index.php?rest_route=%2Fwp%2Fv2%2Fanocongresso&post=38169"},{"taxonomy":"conginstituicion","embeddable":true,"href":"https:\/\/alacip.org\/index.php?rest_route=%2Fwp%2Fv2%2Fconginstituicion&post=38169"},{"taxonomy":"areatema","embeddable":true,"href":"https:\/\/alacip.org\/index.php?rest_route=%2Fwp%2Fv2%2Fareatema&post=38169"}],"curies":[{"name":"wp","href":"https:\/\/api.w.org\/{rel}","templated":true}]}}

Gênero e poder Legislativo na América Latina: comissões legislativas na Argentina, no Brasil, no Peru e no Uruguai

<p>O objetivo central do paper é avaliar se a desproporção entre legisladoras e legisladores nas comissões legislativas configura um viés de gênero. Para tanto, desenvolvi uma análise comparada das comissões legislativas de Orçamento, Constituição, Educação e Assistência social nas Câmaras baixas de Argentina, Brasil, Peru e Uruguai.</p>



<!--more-->



<div style="text-align:center" class="wp-block-atomic-blocks-ab-button ab-block-button"><a href="https://alacip.org/cong15/pco-rezende8c.pdf" class="ab-button ab-button-shape-circular ab-button-size-medium" style="color:#ffffff;background-color:#3373dc">Descargar Archivo</a></div>



<p></p>
