{"id":38175,"date":"2020-09-30T21:02:52","date_gmt":"2020-10-01T00:02:52","guid":{"rendered":"https:\/\/alacip.org\/?post_type=todasponencias&#038;p=38175"},"modified":"2020-10-05T08:04:40","modified_gmt":"2020-10-05T11:04:40","slug":"uma-analise-de-correlacao-espacial-nas-votacoes-para-prefeito","status":"publish","type":"todasponencias","link":"https:\/\/alacip.org\/?todasponencias=uma-analise-de-correlacao-espacial-nas-votacoes-para-prefeito","title":{"rendered":"Uma an\u00e1lise de correla\u00e7\u00e3o espacial nas vota\u00e7\u00f5es para prefeito e governador no munic\u00edpio de Tr\u00eas Rios"},"content":{"rendered":"\n<p>\u00c9 comum ouvir atrav\u00e9s do senso comum caracter\u00edstico de tr\u00eas rios, que o governo de S\u00e9rgio Cabral e do PMBD, partido comum do seu atual e aprovad\u00edssimo prefeito, Vinicius Farah, foram respons\u00e1veis por uma grande evolu\u00e7\u00e3o econ\u00f4mico-social em tr\u00eas rios.<\/p>\n\n\n\n<!--more-->\n\n\n\n<div style=\"text-align:center\" class=\"wp-block-atomic-blocks-ab-button ab-block-button\"><a href=\"https:\/\/alacip.org\/cong15\/pco-nogueira8c.pdf\" class=\"ab-button ab-button-shape-circular ab-button-size-medium\" style=\"color:#ffffff;background-color:#3373dc\">Descargar Archivo<\/a><\/div>\n\n\n\n<p><\/p>\n","protected":false},"featured_media":0,"template":"","meta":{"_genesis_hide_title":false,"_genesis_hide_breadcrumbs":false,"_genesis_hide_singular_image":false,"_genesis_hide_footer_widgets":false,"_genesis_custom_body_class":"","_genesis_custom_post_class":"","_genesis_layout":""},"filtro":[102],"anocongresso":[778],"conginstituicion":[153],"areatema":[391],"class_list":{"0":"post-38175","1":"todasponencias","2":"type-todasponencias","3":"status-publish","5":"filtro-brasil","6":"anocongresso-778","7":"conginstituicion-s","8":"areatema-politica-comparada","9":"entry"},"_links":{"self":[{"href":"https:\/\/alacip.org\/index.php?rest_route=\/wp\/v2\/todasponencias\/38175","targetHints":{"allow":["GET"]}}],"collection":[{"href":"https:\/\/alacip.org\/index.php?rest_route=\/wp\/v2\/todasponencias"}],"about":[{"href":"https:\/\/alacip.org\/index.php?rest_route=\/wp\/v2\/types\/todasponencias"}],"wp:attachment":[{"href":"https:\/\/alacip.org\/index.php?rest_route=%2Fwp%2Fv2%2Fmedia&parent=38175"}],"wp:term":[{"taxonomy":"filtro","embeddable":true,"href":"https:\/\/alacip.org\/index.php?rest_route=%2Fwp%2Fv2%2Ffiltro&post=38175"},{"taxonomy":"anocongresso","embeddable":true,"href":"https:\/\/alacip.org\/index.php?rest_route=%2Fwp%2Fv2%2Fanocongresso&post=38175"},{"taxonomy":"conginstituicion","embeddable":true,"href":"https:\/\/alacip.org\/index.php?rest_route=%2Fwp%2Fv2%2Fconginstituicion&post=38175"},{"taxonomy":"areatema","embeddable":true,"href":"https:\/\/alacip.org\/index.php?rest_route=%2Fwp%2Fv2%2Fareatema&post=38175"}],"curies":[{"name":"wp","href":"https:\/\/api.w.org\/{rel}","templated":true}]}}

Uma análise de correlação espacial nas votações para prefeito e governador no município de Três Rios

<p>É comum ouvir através do senso comum característico de três rios, que o governo de Sérgio Cabral e do PMBD, partido comum do seu atual e aprovadíssimo prefeito, Vinicius Farah, foram responsáveis por uma grande evolução econômico-social em três rios.</p>



<!--more-->



<div style="text-align:center" class="wp-block-atomic-blocks-ab-button ab-block-button"><a href="https://alacip.org/cong15/pco-nogueira8c.pdf" class="ab-button ab-button-shape-circular ab-button-size-medium" style="color:#ffffff;background-color:#3373dc">Descargar Archivo</a></div>



<p></p>
