{"id":38180,"date":"2020-10-01T09:50:54","date_gmt":"2020-10-01T12:50:54","guid":{"rendered":"https:\/\/alacip.org\/?post_type=todasponencias&#038;p=38180"},"modified":"2020-10-05T08:04:23","modified_gmt":"2020-10-05T11:04:23","slug":"las-etapas-del-ciclo-kirchnerista-en-la-argentina-representacion","status":"publish","type":"todasponencias","link":"https:\/\/alacip.org\/?todasponencias=las-etapas-del-ciclo-kirchnerista-en-la-argentina-representacion","title":{"rendered":"Las etapas del ciclo Kirchnerista en la Argentina &#8211; Representaci\u00f3n de la construcci\u00f3n del poder a trav\u00e9s de los Medios Gr\u00e1ficos on line"},"content":{"rendered":"\n<p>El kirchnerismo naci\u00f3 en una \u00e9poca de cambios: en el plano local, entre 2001 y 2002 la Argentina viv\u00eda el estallido del modelo de convertibilidad, a lo cual sigui\u00f3 una ola de intensas movilizaciones sociales; en el plano regional, al comp\u00e1s del cuestionamiento del Consenso de Washington,<\/p>\n\n\n\n<!--more-->\n\n\n\n<div style=\"text-align:center\" class=\"wp-block-atomic-blocks-ab-button ab-block-button\"><a href=\"https:\/\/alacip.org\/cong15\/pco-mengo8c.pdf\" class=\"ab-button ab-button-shape-circular ab-button-size-medium\" style=\"color:#ffffff;background-color:#3373dc\">Descargar Archivo<\/a><\/div>\n\n\n\n<p><\/p>\n","protected":false},"featured_media":0,"template":"","meta":{"_genesis_hide_title":false,"_genesis_hide_breadcrumbs":false,"_genesis_hide_singular_image":false,"_genesis_hide_footer_widgets":false,"_genesis_custom_body_class":"","_genesis_custom_post_class":"","_genesis_layout":""},"filtro":[105],"anocongresso":[778],"conginstituicion":[438,521],"areatema":[391],"class_list":{"0":"post-38180","1":"todasponencias","2":"type-todasponencias","3":"status-publish","5":"filtro-argentina","6":"anocongresso-778","7":"conginstituicion-conicet","8":"conginstituicion-universidad-nacional-de-cordoba-unc","9":"areatema-politica-comparada","10":"entry"},"_links":{"self":[{"href":"https:\/\/alacip.org\/index.php?rest_route=\/wp\/v2\/todasponencias\/38180","targetHints":{"allow":["GET"]}}],"collection":[{"href":"https:\/\/alacip.org\/index.php?rest_route=\/wp\/v2\/todasponencias"}],"about":[{"href":"https:\/\/alacip.org\/index.php?rest_route=\/wp\/v2\/types\/todasponencias"}],"wp:attachment":[{"href":"https:\/\/alacip.org\/index.php?rest_route=%2Fwp%2Fv2%2Fmedia&parent=38180"}],"wp:term":[{"taxonomy":"filtro","embeddable":true,"href":"https:\/\/alacip.org\/index.php?rest_route=%2Fwp%2Fv2%2Ffiltro&post=38180"},{"taxonomy":"anocongresso","embeddable":true,"href":"https:\/\/alacip.org\/index.php?rest_route=%2Fwp%2Fv2%2Fanocongresso&post=38180"},{"taxonomy":"conginstituicion","embeddable":true,"href":"https:\/\/alacip.org\/index.php?rest_route=%2Fwp%2Fv2%2Fconginstituicion&post=38180"},{"taxonomy":"areatema","embeddable":true,"href":"https:\/\/alacip.org\/index.php?rest_route=%2Fwp%2Fv2%2Fareatema&post=38180"}],"curies":[{"name":"wp","href":"https:\/\/api.w.org\/{rel}","templated":true}]}}

Las etapas del ciclo Kirchnerista en la Argentina &#8211; Representación de la construcción del poder a través de los Medios Gráficos on line

<p>El kirchnerismo nació en una época de cambios: en el plano local, entre 2001 y 2002 la Argentina vivía el estallido del modelo de convertibilidad, a lo cual siguió una ola de intensas movilizaciones sociales; en el plano regional, al compás del cuestionamiento del Consenso de Washington,</p>



<!--more-->



<div style="text-align:center" class="wp-block-atomic-blocks-ab-button ab-block-button"><a href="https://alacip.org/cong15/pco-mengo8c.pdf" class="ab-button ab-button-shape-circular ab-button-size-medium" style="color:#ffffff;background-color:#3373dc">Descargar Archivo</a></div>



<p></p>
