{"id":38181,"date":"2020-10-01T09:53:54","date_gmt":"2020-10-01T12:53:54","guid":{"rendered":"https:\/\/alacip.org\/?post_type=todasponencias&#038;p=38181"},"modified":"2020-10-05T08:04:15","modified_gmt":"2020-10-05T11:04:15","slug":"disenada-para-fracasar-la-revocatoria-de-mandato-en-colombia-2","status":"publish","type":"todasponencias","link":"https:\/\/alacip.org\/?todasponencias=disenada-para-fracasar-la-revocatoria-de-mandato-en-colombia-2","title":{"rendered":"\u00bfDise\u00f1ada para fracasar? la revocatoria de mandato en Colombia. Un an\u00e1lisis de su activaci\u00f3n en el nivel municipal."},"content":{"rendered":"\n<p>Durante los \u00faltimos a\u00f1os, el fen\u00f3meno de la revocatoria de mandato ha suscitado numerosos an\u00e1lisis relacionados con su aplicaci\u00f3n y consecuencias sobre el sistema pol\u00edtico. Algunos autores sostienen que a diferencia de otros mecanismos de participaci\u00f3n ciudadanala revocatoria se encuentra subutilizada en Am\u00e9rica Latina;<\/p>\n\n\n\n<!--more-->\n\n\n\n<div style=\"text-align:center\" class=\"wp-block-atomic-blocks-ab-button ab-block-button\"><a href=\"https:\/\/alacip.org\/cong15\/pco-mendoza8c.pdf\" class=\"ab-button ab-button-shape-circular ab-button-size-medium\" style=\"color:#ffffff;background-color:#3373dc\">Descargar Archivo<\/a><\/div>\n\n\n\n<p><\/p>\n","protected":false},"featured_media":0,"template":"","meta":{"_genesis_hide_title":false,"_genesis_hide_breadcrumbs":false,"_genesis_hide_singular_image":false,"_genesis_hide_footer_widgets":false,"_genesis_custom_body_class":"","_genesis_custom_post_class":"","_genesis_layout":""},"filtro":[109],"anocongresso":[778],"conginstituicion":[312],"areatema":[391],"class_list":{"0":"post-38181","1":"todasponencias","2":"type-todasponencias","3":"status-publish","5":"filtro-colombia","6":"anocongresso-778","7":"conginstituicion-unistomas","8":"areatema-politica-comparada","9":"entry"},"_links":{"self":[{"href":"https:\/\/alacip.org\/index.php?rest_route=\/wp\/v2\/todasponencias\/38181","targetHints":{"allow":["GET"]}}],"collection":[{"href":"https:\/\/alacip.org\/index.php?rest_route=\/wp\/v2\/todasponencias"}],"about":[{"href":"https:\/\/alacip.org\/index.php?rest_route=\/wp\/v2\/types\/todasponencias"}],"wp:attachment":[{"href":"https:\/\/alacip.org\/index.php?rest_route=%2Fwp%2Fv2%2Fmedia&parent=38181"}],"wp:term":[{"taxonomy":"filtro","embeddable":true,"href":"https:\/\/alacip.org\/index.php?rest_route=%2Fwp%2Fv2%2Ffiltro&post=38181"},{"taxonomy":"anocongresso","embeddable":true,"href":"https:\/\/alacip.org\/index.php?rest_route=%2Fwp%2Fv2%2Fanocongresso&post=38181"},{"taxonomy":"conginstituicion","embeddable":true,"href":"https:\/\/alacip.org\/index.php?rest_route=%2Fwp%2Fv2%2Fconginstituicion&post=38181"},{"taxonomy":"areatema","embeddable":true,"href":"https:\/\/alacip.org\/index.php?rest_route=%2Fwp%2Fv2%2Fareatema&post=38181"}],"curies":[{"name":"wp","href":"https:\/\/api.w.org\/{rel}","templated":true}]}}

¿Diseñada para fracasar? la revocatoria de mandato en Colombia. Un análisis de su activación en el nivel municipal.

<p>Durante los últimos años, el fenómeno de la revocatoria de mandato ha suscitado numerosos análisis relacionados con su aplicación y consecuencias sobre el sistema político. Algunos autores sostienen que a diferencia de otros mecanismos de participación ciudadanala revocatoria se encuentra subutilizada en América Latina;</p>



<!--more-->



<div style="text-align:center" class="wp-block-atomic-blocks-ab-button ab-block-button"><a href="https://alacip.org/cong15/pco-mendoza8c.pdf" class="ab-button ab-button-shape-circular ab-button-size-medium" style="color:#ffffff;background-color:#3373dc">Descargar Archivo</a></div>



<p></p>
