{"id":38186,"date":"2020-10-01T12:09:16","date_gmt":"2020-10-01T15:09:16","guid":{"rendered":"https:\/\/alacip.org\/?post_type=todasponencias&#038;p=38186"},"modified":"2020-10-05T08:03:52","modified_gmt":"2020-10-05T11:03:52","slug":"o-partido-dos-trabalhadores-na-camara-dos-deputados","status":"publish","type":"todasponencias","link":"https:\/\/alacip.org\/?todasponencias=o-partido-dos-trabalhadores-na-camara-dos-deputados","title":{"rendered":"O Partido dos Trabalhadores na C\u00e2mara dos Deputados: a evolu\u00e7\u00e3o das bases socioecon\u00f4micas e territoriais (1994-2014)"},"content":{"rendered":"\n<p>Em outubro de 2014, Dilma Rousseff reelegeu-se Presidente da Rep\u00fablica do Brasil. O ineditismo nesta elei\u00e7\u00e3o foi a constante altern\u00e2ncia da lideran\u00e7a dos candidatos nas pesquisas eleitorais. Em momentos diferentes a elei\u00e7\u00e3o pareceu decidida para tr\u00eas candidatos diferentes.<\/p>\n\n\n\n<!--more-->\n\n\n\n<div style=\"text-align:center\" class=\"wp-block-atomic-blocks-ab-button ab-block-button\"><a href=\"https:\/\/alacip.org\/cong15\/pco-maciel8c.pdf\" class=\"ab-button ab-button-shape-circular ab-button-size-medium\" style=\"color:#ffffff;background-color:#3373dc\">Descargar Archivo<\/a><\/div>\n\n\n\n<p><\/p>\n","protected":false},"featured_media":0,"template":"","meta":{"_genesis_hide_title":false,"_genesis_hide_breadcrumbs":false,"_genesis_hide_singular_image":false,"_genesis_hide_footer_widgets":false,"_genesis_custom_body_class":"","_genesis_custom_post_class":"","_genesis_layout":""},"filtro":[102],"anocongresso":[778],"conginstituicion":[145],"areatema":[391],"class_list":{"0":"post-38186","1":"todasponencias","2":"type-todasponencias","3":"status-publish","5":"filtro-brasil","6":"anocongresso-778","7":"conginstituicion-iespuerj","8":"areatema-politica-comparada","9":"entry"},"_links":{"self":[{"href":"https:\/\/alacip.org\/index.php?rest_route=\/wp\/v2\/todasponencias\/38186","targetHints":{"allow":["GET"]}}],"collection":[{"href":"https:\/\/alacip.org\/index.php?rest_route=\/wp\/v2\/todasponencias"}],"about":[{"href":"https:\/\/alacip.org\/index.php?rest_route=\/wp\/v2\/types\/todasponencias"}],"wp:attachment":[{"href":"https:\/\/alacip.org\/index.php?rest_route=%2Fwp%2Fv2%2Fmedia&parent=38186"}],"wp:term":[{"taxonomy":"filtro","embeddable":true,"href":"https:\/\/alacip.org\/index.php?rest_route=%2Fwp%2Fv2%2Ffiltro&post=38186"},{"taxonomy":"anocongresso","embeddable":true,"href":"https:\/\/alacip.org\/index.php?rest_route=%2Fwp%2Fv2%2Fanocongresso&post=38186"},{"taxonomy":"conginstituicion","embeddable":true,"href":"https:\/\/alacip.org\/index.php?rest_route=%2Fwp%2Fv2%2Fconginstituicion&post=38186"},{"taxonomy":"areatema","embeddable":true,"href":"https:\/\/alacip.org\/index.php?rest_route=%2Fwp%2Fv2%2Fareatema&post=38186"}],"curies":[{"name":"wp","href":"https:\/\/api.w.org\/{rel}","templated":true}]}}

O Partido dos Trabalhadores na Câmara dos Deputados: a evolução das bases socioeconômicas e territoriais (1994-2014)

<p>Em outubro de 2014, Dilma Rousseff reelegeu-se Presidente da República do Brasil. O ineditismo nesta eleição foi a constante alternância da liderança dos candidatos nas pesquisas eleitorais. Em momentos diferentes a eleição pareceu decidida para três candidatos diferentes.</p>



<!--more-->



<div style="text-align:center" class="wp-block-atomic-blocks-ab-button ab-block-button"><a href="https://alacip.org/cong15/pco-maciel8c.pdf" class="ab-button ab-button-shape-circular ab-button-size-medium" style="color:#ffffff;background-color:#3373dc">Descargar Archivo</a></div>



<p></p>
