{"id":38188,"date":"2020-10-01T12:30:57","date_gmt":"2020-10-01T15:30:57","guid":{"rendered":"https:\/\/alacip.org\/?post_type=todasponencias&#038;p=38188"},"modified":"2020-10-05T08:03:36","modified_gmt":"2020-10-05T11:03:36","slug":"los-enmarcamientos-como-restrictores-del-espacio-politico","status":"publish","type":"todasponencias","link":"https:\/\/alacip.org\/?todasponencias=los-enmarcamientos-como-restrictores-del-espacio-politico","title":{"rendered":"Los enmarcamientos como restrictores del espacio pol\u00edtico: An\u00e1lisis de las noticias sobre la elecci\u00f3n de la alcald\u00eda metropolitana de Lima 2014"},"content":{"rendered":"\n<p>Este estudio discute c\u00f3mo el periodismo genera un conjunto de  mediaciones formales, de agenda o tratamiento y de enmarcamiento que se constituyen en restrictores de la comunicaci\u00f3n pol\u00edtica que viene de los actores que participan en las campa\u00f1as.<\/p>\n\n\n\n<!--more-->\n\n\n\n<div style=\"text-align:center\" class=\"wp-block-atomic-blocks-ab-button ab-block-button\"><a href=\"https:\/\/alacip.org\/cong15\/pco-lavander8c.pdf\" class=\"ab-button ab-button-shape-circular ab-button-size-medium\" style=\"color:#ffffff;background-color:#3373dc\">Descargar Archivo<\/a><\/div>\n\n\n\n<p><\/p>\n","protected":false},"featured_media":0,"template":"","meta":{"_genesis_hide_title":false,"_genesis_hide_breadcrumbs":false,"_genesis_hide_singular_image":false,"_genesis_hide_footer_widgets":false,"_genesis_custom_body_class":"","_genesis_custom_post_class":"","_genesis_layout":""},"filtro":[108],"anocongresso":[778],"conginstituicion":[352],"areatema":[391],"class_list":{"0":"post-38188","1":"todasponencias","2":"type-todasponencias","3":"status-publish","5":"filtro-peru","6":"anocongresso-778","7":"conginstituicion-puc-peru","8":"areatema-politica-comparada","9":"entry"},"_links":{"self":[{"href":"https:\/\/alacip.org\/index.php?rest_route=\/wp\/v2\/todasponencias\/38188","targetHints":{"allow":["GET"]}}],"collection":[{"href":"https:\/\/alacip.org\/index.php?rest_route=\/wp\/v2\/todasponencias"}],"about":[{"href":"https:\/\/alacip.org\/index.php?rest_route=\/wp\/v2\/types\/todasponencias"}],"wp:attachment":[{"href":"https:\/\/alacip.org\/index.php?rest_route=%2Fwp%2Fv2%2Fmedia&parent=38188"}],"wp:term":[{"taxonomy":"filtro","embeddable":true,"href":"https:\/\/alacip.org\/index.php?rest_route=%2Fwp%2Fv2%2Ffiltro&post=38188"},{"taxonomy":"anocongresso","embeddable":true,"href":"https:\/\/alacip.org\/index.php?rest_route=%2Fwp%2Fv2%2Fanocongresso&post=38188"},{"taxonomy":"conginstituicion","embeddable":true,"href":"https:\/\/alacip.org\/index.php?rest_route=%2Fwp%2Fv2%2Fconginstituicion&post=38188"},{"taxonomy":"areatema","embeddable":true,"href":"https:\/\/alacip.org\/index.php?rest_route=%2Fwp%2Fv2%2Fareatema&post=38188"}],"curies":[{"name":"wp","href":"https:\/\/api.w.org\/{rel}","templated":true}]}}

Los enmarcamientos como restrictores del espacio político: Análisis de las noticias sobre la elección de la alcaldía metropolitana de Lima 2014

<p>Este estudio discute cómo el periodismo genera un conjunto de  mediaciones formales, de agenda o tratamiento y de enmarcamiento que se constituyen en restrictores de la comunicación política que viene de los actores que participan en las campañas.</p>



<!--more-->



<div style="text-align:center" class="wp-block-atomic-blocks-ab-button ab-block-button"><a href="https://alacip.org/cong15/pco-lavander8c.pdf" class="ab-button ab-button-shape-circular ab-button-size-medium" style="color:#ffffff;background-color:#3373dc">Descargar Archivo</a></div>



<p></p>
