{"id":38189,"date":"2020-10-01T12:33:25","date_gmt":"2020-10-01T15:33:25","guid":{"rendered":"https:\/\/alacip.org\/?post_type=todasponencias&#038;p=38189"},"modified":"2020-10-05T08:03:29","modified_gmt":"2020-10-05T11:03:29","slug":"el-7-d-en-la-prensa-economica-argentina-analisis-de-los","status":"publish","type":"todasponencias","link":"https:\/\/alacip.org\/?todasponencias=el-7-d-en-la-prensa-economica-argentina-analisis-de-los","title":{"rendered":"El 7-D en la prensa econ\u00f3mica argentina. An\u00e1lisis de los encuadres noticiosos del conflicto judicial entre el Gobierno nacional y el grupo Clar\u00edn por el plazo de adecuaci\u00f3n a la Ley N\u00b0 26.522 en los diarios \u00c1mbito Financieroy El Cronista Comercia"},"content":{"rendered":"\n<p>El objetivo de la investigaci\u00f3n consiste en analizar los encuadres noticiosos que prevalecieron en la cobertura que la prensa gr\u00e1fica especializada en econom\u00eda y finanzas, precisamente los peri\u00f3dicos El Cronista Comercialy \u00c1mbito Financiero, hicieron del caso denominado \u201c7D\u201d.<\/p>\n\n\n\n<!--more-->\n\n\n\n<div style=\"text-align:center\" class=\"wp-block-atomic-blocks-ab-button ab-block-button\"><a href=\"https:\/\/alacip.org\/cong15\/pco-koziner8c.pdf\" class=\"ab-button ab-button-shape-circular ab-button-size-medium\" style=\"color:#ffffff;background-color:#3373dc\">Descargar Archivo<\/a><\/div>\n\n\n\n<p><\/p>\n","protected":false},"featured_media":0,"template":"","meta":{"_genesis_hide_title":false,"_genesis_hide_breadcrumbs":false,"_genesis_hide_singular_image":false,"_genesis_hide_footer_widgets":false,"_genesis_custom_body_class":"","_genesis_custom_post_class":"","_genesis_layout":""},"filtro":[105],"anocongresso":[778],"conginstituicion":[438,401],"areatema":[391],"class_list":{"0":"post-38189","1":"todasponencias","2":"type-todasponencias","3":"status-publish","5":"filtro-argentina","6":"anocongresso-778","7":"conginstituicion-conicet","8":"conginstituicion-universidad-nacional-de-quilmes","9":"areatema-politica-comparada","10":"entry"},"_links":{"self":[{"href":"https:\/\/alacip.org\/index.php?rest_route=\/wp\/v2\/todasponencias\/38189","targetHints":{"allow":["GET"]}}],"collection":[{"href":"https:\/\/alacip.org\/index.php?rest_route=\/wp\/v2\/todasponencias"}],"about":[{"href":"https:\/\/alacip.org\/index.php?rest_route=\/wp\/v2\/types\/todasponencias"}],"wp:attachment":[{"href":"https:\/\/alacip.org\/index.php?rest_route=%2Fwp%2Fv2%2Fmedia&parent=38189"}],"wp:term":[{"taxonomy":"filtro","embeddable":true,"href":"https:\/\/alacip.org\/index.php?rest_route=%2Fwp%2Fv2%2Ffiltro&post=38189"},{"taxonomy":"anocongresso","embeddable":true,"href":"https:\/\/alacip.org\/index.php?rest_route=%2Fwp%2Fv2%2Fanocongresso&post=38189"},{"taxonomy":"conginstituicion","embeddable":true,"href":"https:\/\/alacip.org\/index.php?rest_route=%2Fwp%2Fv2%2Fconginstituicion&post=38189"},{"taxonomy":"areatema","embeddable":true,"href":"https:\/\/alacip.org\/index.php?rest_route=%2Fwp%2Fv2%2Fareatema&post=38189"}],"curies":[{"name":"wp","href":"https:\/\/api.w.org\/{rel}","templated":true}]}}

El 7-D en la prensa económica argentina. Análisis de los encuadres noticiosos del conflicto judicial entre el Gobierno nacional y el grupo Clarín por el plazo de adecuación a la Ley N° 26.522 en los diarios Ámbito Financieroy El Cronista Comercia

<p>El objetivo de la investigación consiste en analizar los encuadres noticiosos que prevalecieron en la cobertura que la prensa gráfica especializada en economía y finanzas, precisamente los periódicos El Cronista Comercialy Ámbito Financiero, hicieron del caso denominado “7D”.</p>



<!--more-->



<div style="text-align:center" class="wp-block-atomic-blocks-ab-button ab-block-button"><a href="https://alacip.org/cong15/pco-koziner8c.pdf" class="ab-button ab-button-shape-circular ab-button-size-medium" style="color:#ffffff;background-color:#3373dc">Descargar Archivo</a></div>



<p></p>
