{"id":38206,"date":"2020-10-01T15:50:28","date_gmt":"2020-10-01T18:50:28","guid":{"rendered":"https:\/\/alacip.org\/?post_type=todasponencias&#038;p=38206"},"modified":"2020-10-05T08:01:18","modified_gmt":"2020-10-05T11:01:18","slug":"a-apropriacao-da-agenda-legislativa-como-terceira-via-para","status":"publish","type":"todasponencias","link":"https:\/\/alacip.org\/?todasponencias=a-apropriacao-da-agenda-legislativa-como-terceira-via-para","title":{"rendered":"A Apropria\u00e7\u00e3o da Agenda Legislativa como Terceira Via para o Poder de Veto Presidencial"},"content":{"rendered":"\n<p>A pesar de las disputas recientes entre los poderes Ejecutivo y Legislativo sobre el instituto del veto presidencial, este instrumento ha recibido poca atenci\u00f3n en Brasil, a pesar de las importantes contribuciones de la literatura sobre la experiencia norteamericana y de los pa\u00edses de Latinoam\u00e9rica.<\/p>\n\n\n\n<!--more-->\n\n\n\n<div style=\"text-align:center\" class=\"wp-block-atomic-blocks-ab-button ab-block-button\"><a href=\"https:\/\/alacip.org\/cong15\/ipc-silveiraesilva8c.pdf\" class=\"ab-button ab-button-shape-circular ab-button-size-medium\" style=\"color:#ffffff;background-color:#3373dc\">Descargar Archivo<\/a><\/div>\n\n\n\n<p><\/p>\n","protected":false},"featured_media":0,"template":"","meta":{"_genesis_hide_title":false,"_genesis_hide_breadcrumbs":false,"_genesis_hide_singular_image":false,"_genesis_hide_footer_widgets":false,"_genesis_custom_body_class":"","_genesis_custom_post_class":"","_genesis_layout":""},"filtro":[102],"anocongresso":[778],"conginstituicion":[330],"areatema":[155],"class_list":{"0":"post-38206","1":"todasponencias","2":"type-todasponencias","3":"status-publish","5":"filtro-brasil","6":"anocongresso-778","7":"conginstituicion-uni-brasilia","8":"areatema-instpol","9":"entry"},"_links":{"self":[{"href":"https:\/\/alacip.org\/index.php?rest_route=\/wp\/v2\/todasponencias\/38206","targetHints":{"allow":["GET"]}}],"collection":[{"href":"https:\/\/alacip.org\/index.php?rest_route=\/wp\/v2\/todasponencias"}],"about":[{"href":"https:\/\/alacip.org\/index.php?rest_route=\/wp\/v2\/types\/todasponencias"}],"wp:attachment":[{"href":"https:\/\/alacip.org\/index.php?rest_route=%2Fwp%2Fv2%2Fmedia&parent=38206"}],"wp:term":[{"taxonomy":"filtro","embeddable":true,"href":"https:\/\/alacip.org\/index.php?rest_route=%2Fwp%2Fv2%2Ffiltro&post=38206"},{"taxonomy":"anocongresso","embeddable":true,"href":"https:\/\/alacip.org\/index.php?rest_route=%2Fwp%2Fv2%2Fanocongresso&post=38206"},{"taxonomy":"conginstituicion","embeddable":true,"href":"https:\/\/alacip.org\/index.php?rest_route=%2Fwp%2Fv2%2Fconginstituicion&post=38206"},{"taxonomy":"areatema","embeddable":true,"href":"https:\/\/alacip.org\/index.php?rest_route=%2Fwp%2Fv2%2Fareatema&post=38206"}],"curies":[{"name":"wp","href":"https:\/\/api.w.org\/{rel}","templated":true}]}}

A Apropriação da Agenda Legislativa como Terceira Via para o Poder de Veto Presidencial

<p>A pesar de las disputas recientes entre los poderes Ejecutivo y Legislativo sobre el instituto del veto presidencial, este instrumento ha recibido poca atención en Brasil, a pesar de las importantes contribuciones de la literatura sobre la experiencia norteamericana y de los países de Latinoamérica.</p>



<!--more-->



<div style="text-align:center" class="wp-block-atomic-blocks-ab-button ab-block-button"><a href="https://alacip.org/cong15/ipc-silveiraesilva8c.pdf" class="ab-button ab-button-shape-circular ab-button-size-medium" style="color:#ffffff;background-color:#3373dc">Descargar Archivo</a></div>



<p></p>
